{"id":99,"date":"2025-10-30T13:27:46","date_gmt":"2025-10-30T16:27:46","guid":{"rendered":"https:\/\/wp.ufpel.edu.br\/sccl\/?page_id=99"},"modified":"2025-11-11T09:41:17","modified_gmt":"2025-11-11T12:41:17","slug":"contato","status":"publish","type":"page","link":"https:\/\/wp.ufpel.edu.br\/sccl\/sccl\/contato\/","title":{"rendered":"CONTATO"},"content":{"rendered":"<h3 style=\"text-align: center;\"><strong>CONTATOS<\/strong><\/h3>\n<p><strong>Telefone\/Whatsapp:<\/strong><br \/>\n(53) 9 9116-4307<\/p>\n<p><strong>Email:<\/strong><br \/>\nsccl@ufpel.edu.br<\/p>\n<p><strong>Presencialmente:<\/strong><br \/>\nDe segunda a sexta<br \/>\nManh\u00e3: das 8h \u00e0s 12h<br \/>\nTarde: das 13h \u00e0s 17h<\/p>\n<p><strong>Localiza\u00e7\u00e3o:<\/strong><\/p>\n\n<!-- iframe plugin v.6.0 wordpress.org\/plugins\/iframe\/ -->\n<iframe src=\"https:\/\/www.google.com\/maps\/embed?pb=!1m14!1m8!1m3!1d13562.022418419812!2d-52.4156928!3d-31.8112214!3m2!1i1024!2i768!4f13.1!3m3!1m2!1s0x9511cb8acc5ec5fd%3A0x1abfc34dbf0bb3ff!2sSuperintend%C3%AAncia%20do%20Campus%20Cap%C3%A3o%20do%20Le%C3%A3o%20(SCCL)!5e0!3m2!1spt-BR!2sbr!4v1762864784127!5m2!1spt-BR!2sbr\" width=\"386\" height=\"330\" style=\"border:0;\" allowfullscreen loading=\"lazy\" 0=\"referrerpolicy=&quot;no-referrer-when-downgrade&quot;&gt;&lt;\/iframe\" scrolling=\"yes\" class=\"iframe-class\" frameborder=\"0\"><\/iframe>\n\n","protected":false},"excerpt":{"rendered":"<p>CONTATOS Telefone\/Whatsapp: (53) 9 9116-4307 Email: sccl@ufpel.edu.br Presencialmente: De segunda a sexta Manh\u00e3: das 8h \u00e0s 12h Tarde: das 13h \u00e0s 17h Localiza\u00e7\u00e3o:<\/p>\n","protected":false},"author":1527,"featured_media":0,"parent":79,"menu_order":1,"comment_status":"closed","ping_status":"closed","template":"","meta":{"footnotes":""},"class_list":["post-99","page","type-page","status-publish","hentry"],"yoast_head":"<!-- This site is optimized with the Yoast SEO plugin v26.7 - https:\/\/yoast.com\/wordpress\/plugins\/seo\/ -->\n<title>CONTATO - Superintend\u00eancia do Campus Cap\u00e3o do Le\u00e3o (SCCL)<\/title>\n<meta name=\"robots\" content=\"index, follow, max-snippet:-1, max-image-preview:large, max-video-preview:-1\" \/>\n<link rel=\"canonical\" href=\"https:\/\/wp.ufpel.edu.br\/sccl\/sccl\/contato\/\" \/>\n<meta property=\"og:locale\" content=\"pt_BR\" \/>\n<meta property=\"og:type\" content=\"article\" \/>\n<meta property=\"og:title\" content=\"CONTATO - Superintend\u00eancia do Campus Cap\u00e3o do Le\u00e3o (SCCL)\" \/>\n<meta property=\"og:description\" content=\"CONTATOS Telefone\/Whatsapp: (53) 9 9116-4307 Email: sccl@ufpel.edu.br Presencialmente: De segunda a sexta Manh\u00e3: das 8h \u00e0s 12h Tarde: das 13h \u00e0s 17h Localiza\u00e7\u00e3o:\" \/>\n<meta property=\"og:url\" content=\"https:\/\/wp.ufpel.edu.br\/sccl\/sccl\/contato\/\" \/>\n<meta property=\"og:site_name\" content=\"Superintend\u00eancia do Campus Cap\u00e3o do Le\u00e3o (SCCL)\" \/>\n<meta property=\"article:modified_time\" content=\"2025-11-11T12:41:17+00:00\" \/>\n<meta name=\"twitter:card\" content=\"summary_large_image\" \/>\n<meta name=\"twitter:label1\" content=\"Est. tempo de leitura\" \/>\n\t<meta name=\"twitter:data1\" content=\"1 minuto\" \/>\n<script type=\"application\/ld+json\" class=\"yoast-schema-graph\">{\"@context\":\"https:\/\/schema.org\",\"@graph\":[{\"@type\":\"WebPage\",\"@id\":\"https:\/\/wp.ufpel.edu.br\/sccl\/sccl\/contato\/\",\"url\":\"https:\/\/wp.ufpel.edu.br\/sccl\/sccl\/contato\/\",\"name\":\"CONTATO - Superintend\u00eancia do Campus Cap\u00e3o do Le\u00e3o (SCCL)\",\"isPartOf\":{\"@id\":\"https:\/\/wp.ufpel.edu.br\/sccl\/#website\"},\"datePublished\":\"2025-10-30T16:27:46+00:00\",\"dateModified\":\"2025-11-11T12:41:17+00:00\",\"breadcrumb\":{\"@id\":\"https:\/\/wp.ufpel.edu.br\/sccl\/sccl\/contato\/#breadcrumb\"},\"inLanguage\":\"pt-BR\",\"potentialAction\":[{\"@type\":\"ReadAction\",\"target\":[\"https:\/\/wp.ufpel.edu.br\/sccl\/sccl\/contato\/\"]}]},{\"@type\":\"BreadcrumbList\",\"@id\":\"https:\/\/wp.ufpel.edu.br\/sccl\/sccl\/contato\/#breadcrumb\",\"itemListElement\":[{\"@type\":\"ListItem\",\"position\":1,\"name\":\"In\u00edcio\",\"item\":\"https:\/\/wp.ufpel.edu.br\/sccl\/\"},{\"@type\":\"ListItem\",\"position\":2,\"name\":\"SCCL\",\"item\":\"https:\/\/wp.ufpel.edu.br\/sccl\/sccl\/\"},{\"@type\":\"ListItem\",\"position\":3,\"name\":\"CONTATO\"}]},{\"@type\":\"WebSite\",\"@id\":\"https:\/\/wp.ufpel.edu.br\/sccl\/#website\",\"url\":\"https:\/\/wp.ufpel.edu.br\/sccl\/\",\"name\":\"Superintend\u00eancia do Campus Cap\u00e3o do Le\u00e3o (SCCL)\",\"description\":\"Centro Agropecu\u00e1rio da Palma | Biot\u00e9rio Central\",\"potentialAction\":[{\"@type\":\"SearchAction\",\"target\":{\"@type\":\"EntryPoint\",\"urlTemplate\":\"https:\/\/wp.ufpel.edu.br\/sccl\/?s={search_term_string}\"},\"query-input\":{\"@type\":\"PropertyValueSpecification\",\"valueRequired\":true,\"valueName\":\"search_term_string\"}}],\"inLanguage\":\"pt-BR\"}]}<\/script>\n<!-- \/ Yoast SEO plugin. -->","yoast_head_json":{"title":"CONTATO - Superintend\u00eancia do Campus Cap\u00e3o do Le\u00e3o (SCCL)","robots":{"index":"index","follow":"follow","max-snippet":"max-snippet:-1","max-image-preview":"max-image-preview:large","max-video-preview":"max-video-preview:-1"},"canonical":"https:\/\/wp.ufpel.edu.br\/sccl\/sccl\/contato\/","og_locale":"pt_BR","og_type":"article","og_title":"CONTATO - Superintend\u00eancia do Campus Cap\u00e3o do Le\u00e3o (SCCL)","og_description":"CONTATOS Telefone\/Whatsapp: (53) 9 9116-4307 Email: sccl@ufpel.edu.br Presencialmente: De segunda a sexta Manh\u00e3: das 8h \u00e0s 12h Tarde: das 13h \u00e0s 17h Localiza\u00e7\u00e3o:","og_url":"https:\/\/wp.ufpel.edu.br\/sccl\/sccl\/contato\/","og_site_name":"Superintend\u00eancia do Campus Cap\u00e3o do Le\u00e3o (SCCL)","article_modified_time":"2025-11-11T12:41:17+00:00","twitter_card":"summary_large_image","twitter_misc":{"Est. tempo de leitura":"1 minuto"},"schema":{"@context":"https:\/\/schema.org","@graph":[{"@type":"WebPage","@id":"https:\/\/wp.ufpel.edu.br\/sccl\/sccl\/contato\/","url":"https:\/\/wp.ufpel.edu.br\/sccl\/sccl\/contato\/","name":"CONTATO - Superintend\u00eancia do Campus Cap\u00e3o do Le\u00e3o (SCCL)","isPartOf":{"@id":"https:\/\/wp.ufpel.edu.br\/sccl\/#website"},"datePublished":"2025-10-30T16:27:46+00:00","dateModified":"2025-11-11T12:41:17+00:00","breadcrumb":{"@id":"https:\/\/wp.ufpel.edu.br\/sccl\/sccl\/contato\/#breadcrumb"},"inLanguage":"pt-BR","potentialAction":[{"@type":"ReadAction","target":["https:\/\/wp.ufpel.edu.br\/sccl\/sccl\/contato\/"]}]},{"@type":"BreadcrumbList","@id":"https:\/\/wp.ufpel.edu.br\/sccl\/sccl\/contato\/#breadcrumb","itemListElement":[{"@type":"ListItem","position":1,"name":"In\u00edcio","item":"https:\/\/wp.ufpel.edu.br\/sccl\/"},{"@type":"ListItem","position":2,"name":"SCCL","item":"https:\/\/wp.ufpel.edu.br\/sccl\/sccl\/"},{"@type":"ListItem","position":3,"name":"CONTATO"}]},{"@type":"WebSite","@id":"https:\/\/wp.ufpel.edu.br\/sccl\/#website","url":"https:\/\/wp.ufpel.edu.br\/sccl\/","name":"Superintend\u00eancia do Campus Cap\u00e3o do Le\u00e3o (SCCL)","description":"Centro Agropecu\u00e1rio da Palma | Biot\u00e9rio Central","potentialAction":[{"@type":"SearchAction","target":{"@type":"EntryPoint","urlTemplate":"https:\/\/wp.ufpel.edu.br\/sccl\/?s={search_term_string}"},"query-input":{"@type":"PropertyValueSpecification","valueRequired":true,"valueName":"search_term_string"}}],"inLanguage":"pt-BR"}]}},"jetpack_sharing_enabled":true,"_links":{"self":[{"href":"https:\/\/wp.ufpel.edu.br\/sccl\/wp-json\/wp\/v2\/pages\/99","targetHints":{"allow":["GET"]}}],"collection":[{"href":"https:\/\/wp.ufpel.edu.br\/sccl\/wp-json\/wp\/v2\/pages"}],"about":[{"href":"https:\/\/wp.ufpel.edu.br\/sccl\/wp-json\/wp\/v2\/types\/page"}],"author":[{"embeddable":true,"href":"https:\/\/wp.ufpel.edu.br\/sccl\/wp-json\/wp\/v2\/users\/1527"}],"replies":[{"embeddable":true,"href":"https:\/\/wp.ufpel.edu.br\/sccl\/wp-json\/wp\/v2\/comments?post=99"}],"version-history":[{"count":3,"href":"https:\/\/wp.ufpel.edu.br\/sccl\/wp-json\/wp\/v2\/pages\/99\/revisions"}],"predecessor-version":[{"id":318,"href":"https:\/\/wp.ufpel.edu.br\/sccl\/wp-json\/wp\/v2\/pages\/99\/revisions\/318"}],"up":[{"embeddable":true,"href":"https:\/\/wp.ufpel.edu.br\/sccl\/wp-json\/wp\/v2\/pages\/79"}],"wp:attachment":[{"href":"https:\/\/wp.ufpel.edu.br\/sccl\/wp-json\/wp\/v2\/media?parent=99"}],"curies":[{"name":"wp","href":"https:\/\/api.w.org\/{rel}","templated":true}]}}