{"id":84,"date":"2025-10-30T12:03:37","date_gmt":"2025-10-30T15:03:37","guid":{"rendered":"https:\/\/wp.ufpel.edu.br\/sccl\/?page_id=84"},"modified":"2025-11-05T15:48:35","modified_gmt":"2025-11-05T18:48:35","slug":"lig","status":"publish","type":"page","link":"https:\/\/wp.ufpel.edu.br\/sccl\/lig\/","title":{"rendered":"LIG"},"content":{"rendered":"<p><strong> <img class=\"wp-image-278 size-medium alignleft\" src=\"https:\/\/wp.ufpel.edu.br\/sccl\/files\/2025\/11\/fUYqooPrrr-400x300.jpeg\" alt=\"\" width=\"400\" height=\"300\" srcset=\"https:\/\/wp.ufpel.edu.br\/sccl\/files\/2025\/11\/fUYqooPrrr-400x300.jpeg 400w, https:\/\/wp.ufpel.edu.br\/sccl\/files\/2025\/11\/fUYqooPrrr-1024x768.jpeg 1024w, https:\/\/wp.ufpel.edu.br\/sccl\/files\/2025\/11\/fUYqooPrrr-768x576.jpeg 768w, https:\/\/wp.ufpel.edu.br\/sccl\/files\/2025\/11\/fUYqooPrrr-1536x1152.jpeg 1536w, https:\/\/wp.ufpel.edu.br\/sccl\/files\/2025\/11\/fUYqooPrrr-2048x1536.jpeg 2048w\" sizes=\"(max-width: 400px) 100vw, 400px\" \/>DESCRI\u00c7\u00c3O INSTITUCIONAL:<\/strong><\/p>\n<p>O LIG \u2013 CCL \u00e9 um laborat\u00f3rio de inform\u00e1tica destinado ao apoio \u00e0s atividades de ensino, pesquisa e extens\u00e3o no Campus Cap\u00e3o do Le\u00e3o.<\/p>\n<p>Possui 22 esta\u00e7\u00f5es de trabalho completas (desktop com monitor, teclado e mouse), al\u00e9m de infraestrutura adequada para aulas e apresenta\u00e7\u00f5es, incluindo lousa branca, tela de proje\u00e7\u00e3o retr\u00e1til fixa e projetor multim\u00eddia.<\/p>\n<p>O laborat\u00f3rio disp\u00f5e de ambiente confort\u00e1vel e funcional, adequado ao uso por diferentes unidades acad\u00eamicas, mediante agendamento pr\u00e9vio.<\/p>\n<p>Localiza\u00e7\u00e3o: Aul\u00e1rio I (Pr\u00e9dio 90), sala 6.<\/p>\n","protected":false},"excerpt":{"rendered":"<p>DESCRI\u00c7\u00c3O INSTITUCIONAL: O LIG \u2013 CCL \u00e9 um laborat\u00f3rio de inform\u00e1tica destinado ao apoio \u00e0s atividades de ensino, pesquisa e extens\u00e3o no Campus Cap\u00e3o do Le\u00e3o. Possui 22 esta\u00e7\u00f5es de trabalho completas (desktop com monitor, teclado e mouse), al\u00e9m de infraestrutura adequada para aulas e apresenta\u00e7\u00f5es, incluindo lousa branca, tela de proje\u00e7\u00e3o retr\u00e1til fixa e [&hellip;]<\/p>\n","protected":false},"author":1527,"featured_media":0,"parent":0,"menu_order":4,"comment_status":"closed","ping_status":"closed","template":"","meta":{"footnotes":""},"class_list":["post-84","page","type-page","status-publish","hentry"],"yoast_head":"<!-- This site is optimized with the Yoast SEO plugin v26.7 - https:\/\/yoast.com\/wordpress\/plugins\/seo\/ -->\n<title>LIG - Superintend\u00eancia do Campus Cap\u00e3o do Le\u00e3o (SCCL)<\/title>\n<meta name=\"robots\" content=\"index, follow, max-snippet:-1, max-image-preview:large, max-video-preview:-1\" \/>\n<link rel=\"canonical\" href=\"https:\/\/wp.ufpel.edu.br\/sccl\/lig\/\" \/>\n<meta property=\"og:locale\" content=\"pt_BR\" \/>\n<meta property=\"og:type\" content=\"article\" \/>\n<meta property=\"og:title\" content=\"LIG - Superintend\u00eancia do Campus Cap\u00e3o do Le\u00e3o (SCCL)\" \/>\n<meta property=\"og:description\" content=\"DESCRI\u00c7\u00c3O INSTITUCIONAL: O LIG \u2013 CCL \u00e9 um laborat\u00f3rio de inform\u00e1tica destinado ao apoio \u00e0s atividades de ensino, pesquisa e extens\u00e3o no Campus Cap\u00e3o do Le\u00e3o. Possui 22 esta\u00e7\u00f5es de trabalho completas (desktop com monitor, teclado e mouse), al\u00e9m de infraestrutura adequada para aulas e apresenta\u00e7\u00f5es, incluindo lousa branca, tela de proje\u00e7\u00e3o retr\u00e1til fixa e [&hellip;]\" \/>\n<meta property=\"og:url\" content=\"https:\/\/wp.ufpel.edu.br\/sccl\/lig\/\" \/>\n<meta property=\"og:site_name\" content=\"Superintend\u00eancia do Campus Cap\u00e3o do Le\u00e3o (SCCL)\" \/>\n<meta property=\"article:modified_time\" content=\"2025-11-05T18:48:35+00:00\" \/>\n<meta property=\"og:image\" content=\"https:\/\/wp.ufpel.edu.br\/sccl\/files\/2025\/11\/fUYqooPrrr-scaled.jpeg\" \/>\n\t<meta property=\"og:image:width\" content=\"2560\" \/>\n\t<meta property=\"og:image:height\" content=\"1920\" \/>\n\t<meta property=\"og:image:type\" content=\"image\/jpeg\" \/>\n<meta name=\"twitter:card\" content=\"summary_large_image\" \/>\n<meta name=\"twitter:label1\" content=\"Est. tempo de leitura\" \/>\n\t<meta name=\"twitter:data1\" content=\"1 minuto\" \/>\n<script type=\"application\/ld+json\" class=\"yoast-schema-graph\">{\"@context\":\"https:\/\/schema.org\",\"@graph\":[{\"@type\":\"WebPage\",\"@id\":\"https:\/\/wp.ufpel.edu.br\/sccl\/lig\/\",\"url\":\"https:\/\/wp.ufpel.edu.br\/sccl\/lig\/\",\"name\":\"LIG - Superintend\u00eancia do Campus Cap\u00e3o do Le\u00e3o (SCCL)\",\"isPartOf\":{\"@id\":\"https:\/\/wp.ufpel.edu.br\/sccl\/#website\"},\"primaryImageOfPage\":{\"@id\":\"https:\/\/wp.ufpel.edu.br\/sccl\/lig\/#primaryimage\"},\"image\":{\"@id\":\"https:\/\/wp.ufpel.edu.br\/sccl\/lig\/#primaryimage\"},\"thumbnailUrl\":\"https:\/\/wp.ufpel.edu.br\/sccl\/files\/2025\/11\/fUYqooPrrr-400x300.jpeg\",\"datePublished\":\"2025-10-30T15:03:37+00:00\",\"dateModified\":\"2025-11-05T18:48:35+00:00\",\"breadcrumb\":{\"@id\":\"https:\/\/wp.ufpel.edu.br\/sccl\/lig\/#breadcrumb\"},\"inLanguage\":\"pt-BR\",\"potentialAction\":[{\"@type\":\"ReadAction\",\"target\":[\"https:\/\/wp.ufpel.edu.br\/sccl\/lig\/\"]}]},{\"@type\":\"ImageObject\",\"inLanguage\":\"pt-BR\",\"@id\":\"https:\/\/wp.ufpel.edu.br\/sccl\/lig\/#primaryimage\",\"url\":\"https:\/\/wp.ufpel.edu.br\/sccl\/files\/2025\/11\/fUYqooPrrr-scaled.jpeg\",\"contentUrl\":\"https:\/\/wp.ufpel.edu.br\/sccl\/files\/2025\/11\/fUYqooPrrr-scaled.jpeg\",\"width\":2560,\"height\":1920},{\"@type\":\"BreadcrumbList\",\"@id\":\"https:\/\/wp.ufpel.edu.br\/sccl\/lig\/#breadcrumb\",\"itemListElement\":[{\"@type\":\"ListItem\",\"position\":1,\"name\":\"In\u00edcio\",\"item\":\"https:\/\/wp.ufpel.edu.br\/sccl\/\"},{\"@type\":\"ListItem\",\"position\":2,\"name\":\"LIG\"}]},{\"@type\":\"WebSite\",\"@id\":\"https:\/\/wp.ufpel.edu.br\/sccl\/#website\",\"url\":\"https:\/\/wp.ufpel.edu.br\/sccl\/\",\"name\":\"Superintend\u00eancia do Campus Cap\u00e3o do Le\u00e3o (SCCL)\",\"description\":\"Centro Agropecu\u00e1rio da Palma | Biot\u00e9rio Central\",\"potentialAction\":[{\"@type\":\"SearchAction\",\"target\":{\"@type\":\"EntryPoint\",\"urlTemplate\":\"https:\/\/wp.ufpel.edu.br\/sccl\/?s={search_term_string}\"},\"query-input\":{\"@type\":\"PropertyValueSpecification\",\"valueRequired\":true,\"valueName\":\"search_term_string\"}}],\"inLanguage\":\"pt-BR\"}]}<\/script>\n<!-- \/ Yoast SEO plugin. -->","yoast_head_json":{"title":"LIG - Superintend\u00eancia do Campus Cap\u00e3o do Le\u00e3o (SCCL)","robots":{"index":"index","follow":"follow","max-snippet":"max-snippet:-1","max-image-preview":"max-image-preview:large","max-video-preview":"max-video-preview:-1"},"canonical":"https:\/\/wp.ufpel.edu.br\/sccl\/lig\/","og_locale":"pt_BR","og_type":"article","og_title":"LIG - Superintend\u00eancia do Campus Cap\u00e3o do Le\u00e3o (SCCL)","og_description":"DESCRI\u00c7\u00c3O INSTITUCIONAL: O LIG \u2013 CCL \u00e9 um laborat\u00f3rio de inform\u00e1tica destinado ao apoio \u00e0s atividades de ensino, pesquisa e extens\u00e3o no Campus Cap\u00e3o do Le\u00e3o. Possui 22 esta\u00e7\u00f5es de trabalho completas (desktop com monitor, teclado e mouse), al\u00e9m de infraestrutura adequada para aulas e apresenta\u00e7\u00f5es, incluindo lousa branca, tela de proje\u00e7\u00e3o retr\u00e1til fixa e [&hellip;]","og_url":"https:\/\/wp.ufpel.edu.br\/sccl\/lig\/","og_site_name":"Superintend\u00eancia do Campus Cap\u00e3o do Le\u00e3o (SCCL)","article_modified_time":"2025-11-05T18:48:35+00:00","og_image":[{"width":2560,"height":1920,"url":"https:\/\/wp.ufpel.edu.br\/sccl\/files\/2025\/11\/fUYqooPrrr-scaled.jpeg","type":"image\/jpeg"}],"twitter_card":"summary_large_image","twitter_misc":{"Est. tempo de leitura":"1 minuto"},"schema":{"@context":"https:\/\/schema.org","@graph":[{"@type":"WebPage","@id":"https:\/\/wp.ufpel.edu.br\/sccl\/lig\/","url":"https:\/\/wp.ufpel.edu.br\/sccl\/lig\/","name":"LIG - Superintend\u00eancia do Campus Cap\u00e3o do Le\u00e3o (SCCL)","isPartOf":{"@id":"https:\/\/wp.ufpel.edu.br\/sccl\/#website"},"primaryImageOfPage":{"@id":"https:\/\/wp.ufpel.edu.br\/sccl\/lig\/#primaryimage"},"image":{"@id":"https:\/\/wp.ufpel.edu.br\/sccl\/lig\/#primaryimage"},"thumbnailUrl":"https:\/\/wp.ufpel.edu.br\/sccl\/files\/2025\/11\/fUYqooPrrr-400x300.jpeg","datePublished":"2025-10-30T15:03:37+00:00","dateModified":"2025-11-05T18:48:35+00:00","breadcrumb":{"@id":"https:\/\/wp.ufpel.edu.br\/sccl\/lig\/#breadcrumb"},"inLanguage":"pt-BR","potentialAction":[{"@type":"ReadAction","target":["https:\/\/wp.ufpel.edu.br\/sccl\/lig\/"]}]},{"@type":"ImageObject","inLanguage":"pt-BR","@id":"https:\/\/wp.ufpel.edu.br\/sccl\/lig\/#primaryimage","url":"https:\/\/wp.ufpel.edu.br\/sccl\/files\/2025\/11\/fUYqooPrrr-scaled.jpeg","contentUrl":"https:\/\/wp.ufpel.edu.br\/sccl\/files\/2025\/11\/fUYqooPrrr-scaled.jpeg","width":2560,"height":1920},{"@type":"BreadcrumbList","@id":"https:\/\/wp.ufpel.edu.br\/sccl\/lig\/#breadcrumb","itemListElement":[{"@type":"ListItem","position":1,"name":"In\u00edcio","item":"https:\/\/wp.ufpel.edu.br\/sccl\/"},{"@type":"ListItem","position":2,"name":"LIG"}]},{"@type":"WebSite","@id":"https:\/\/wp.ufpel.edu.br\/sccl\/#website","url":"https:\/\/wp.ufpel.edu.br\/sccl\/","name":"Superintend\u00eancia do Campus Cap\u00e3o do Le\u00e3o (SCCL)","description":"Centro Agropecu\u00e1rio da Palma | Biot\u00e9rio Central","potentialAction":[{"@type":"SearchAction","target":{"@type":"EntryPoint","urlTemplate":"https:\/\/wp.ufpel.edu.br\/sccl\/?s={search_term_string}"},"query-input":{"@type":"PropertyValueSpecification","valueRequired":true,"valueName":"search_term_string"}}],"inLanguage":"pt-BR"}]}},"jetpack_sharing_enabled":true,"_links":{"self":[{"href":"https:\/\/wp.ufpel.edu.br\/sccl\/wp-json\/wp\/v2\/pages\/84","targetHints":{"allow":["GET"]}}],"collection":[{"href":"https:\/\/wp.ufpel.edu.br\/sccl\/wp-json\/wp\/v2\/pages"}],"about":[{"href":"https:\/\/wp.ufpel.edu.br\/sccl\/wp-json\/wp\/v2\/types\/page"}],"author":[{"embeddable":true,"href":"https:\/\/wp.ufpel.edu.br\/sccl\/wp-json\/wp\/v2\/users\/1527"}],"replies":[{"embeddable":true,"href":"https:\/\/wp.ufpel.edu.br\/sccl\/wp-json\/wp\/v2\/comments?post=84"}],"version-history":[{"count":4,"href":"https:\/\/wp.ufpel.edu.br\/sccl\/wp-json\/wp\/v2\/pages\/84\/revisions"}],"predecessor-version":[{"id":284,"href":"https:\/\/wp.ufpel.edu.br\/sccl\/wp-json\/wp\/v2\/pages\/84\/revisions\/284"}],"wp:attachment":[{"href":"https:\/\/wp.ufpel.edu.br\/sccl\/wp-json\/wp\/v2\/media?parent=84"}],"curies":[{"name":"wp","href":"https:\/\/api.w.org\/{rel}","templated":true}]}}

<p><strong> <img class="wp-image-278 size-medium alignleft" src="https://wp.ufpel.edu.br/sccl/files/2025/11/fUYqooPrrr-400x300.jpeg" alt="" width="400" height="300" srcset="https://wp.ufpel.edu.br/sccl/files/2025/11/fUYqooPrrr-400x300.jpeg 400w, https://wp.ufpel.edu.br/sccl/files/2025/11/fUYqooPrrr-1024x768.jpeg 1024w, https://wp.ufpel.edu.br/sccl/files/2025/11/fUYqooPrrr-768x576.jpeg 768w, https://wp.ufpel.edu.br/sccl/files/2025/11/fUYqooPrrr-1536x1152.jpeg 1536w, https://wp.ufpel.edu.br/sccl/files/2025/11/fUYqooPrrr-2048x1536.jpeg 2048w" sizes="(max-width: 400px) 100vw, 400px" />DESCRIÇÃO INSTITUCIONAL:</strong></p>
<p>O LIG – CCL é um laboratório de informática destinado ao apoio às atividades de ensino, pesquisa e extensão no Campus Capão do Leão.</p>
<p>Possui 22 estações de trabalho completas (desktop com monitor, teclado e mouse), além de infraestrutura adequada para aulas e apresentações, incluindo lousa branca, tela de projeção retrátil fixa e projetor multimídia.</p>
<p>O laboratório dispõe de ambiente confortável e funcional, adequado ao uso por diferentes unidades acadêmicas, mediante agendamento prévio.</p>
<p>Localização: Aulário I (Prédio 90), sala 6.</p>

<p>DESCRIÇÃO INSTITUCIONAL: O LIG – CCL é um laboratório de informática destinado ao apoio às atividades de ensino, pesquisa e extensão no Campus Capão do Leão. Possui 22 estações de trabalho completas (desktop com monitor, teclado e mouse), além de infraestrutura adequada para aulas e apresentações, incluindo lousa branca, tela de projeção retrátil fixa e [&hellip;]</p>

<!-- This site is optimized with the Yoast SEO plugin v26.7 - https://yoast.com/wordpress/plugins/seo/ -->
<title>LIG - Superintendência do Campus Capão do Leão (SCCL)</title>
<meta name="robots" content="index, follow, max-snippet:-1, max-image-preview:large, max-video-preview:-1" />
<link rel="canonical" href="https://wp.ufpel.edu.br/sccl/lig/" />
<meta property="og:locale" content="pt_BR" />
<meta property="og:type" content="article" />
<meta property="og:title" content="LIG - Superintendência do Campus Capão do Leão (SCCL)" />
<meta property="og:description" content="DESCRIÇÃO INSTITUCIONAL: O LIG – CCL é um laboratório de informática destinado ao apoio às atividades de ensino, pesquisa e extensão no Campus Capão do Leão. Possui 22 estações de trabalho completas (desktop com monitor, teclado e mouse), além de infraestrutura adequada para aulas e apresentações, incluindo lousa branca, tela de projeção retrátil fixa e [&hellip;]" />
<meta property="og:url" content="https://wp.ufpel.edu.br/sccl/lig/" />
<meta property="og:site_name" content="Superintendência do Campus Capão do Leão (SCCL)" />
<meta property="article:modified_time" content="2025-11-05T18:48:35+00:00" />
<meta property="og:image" content="https://wp.ufpel.edu.br/sccl/files/2025/11/fUYqooPrrr-scaled.jpeg" />
	<meta property="og:image:width" content="2560" />
	<meta property="og:image:height" content="1920" />
	<meta property="og:image:type" content="image/jpeg" />
<meta name="twitter:card" content="summary_large_image" />
<meta name="twitter:label1" content="Est. tempo de leitura" />
	<meta name="twitter:data1" content="1 minuto" />
<script type="application/ld+json" class="yoast-schema-graph">{"@context":"https://schema.org","@graph":[{"@type":"WebPage","@id":"https://wp.ufpel.edu.br/sccl/lig/","url":"https://wp.ufpel.edu.br/sccl/lig/","name":"LIG - Superintendência do Campus Capão do Leão (SCCL)","isPartOf":{"@id":"https://wp.ufpel.edu.br/sccl/#website"},"primaryImageOfPage":{"@id":"https://wp.ufpel.edu.br/sccl/lig/#primaryimage"},"image":{"@id":"https://wp.ufpel.edu.br/sccl/lig/#primaryimage"},"thumbnailUrl":"https://wp.ufpel.edu.br/sccl/files/2025/11/fUYqooPrrr-400x300.jpeg","datePublished":"2025-10-30T15:03:37+00:00","dateModified":"2025-11-05T18:48:35+00:00","breadcrumb":{"@id":"https://wp.ufpel.edu.br/sccl/lig/#breadcrumb"},"inLanguage":"pt-BR","potentialAction":[{"@type":"ReadAction","target":["https://wp.ufpel.edu.br/sccl/lig/"]}]},{"@type":"ImageObject","inLanguage":"pt-BR","@id":"https://wp.ufpel.edu.br/sccl/lig/#primaryimage","url":"https://wp.ufpel.edu.br/sccl/files/2025/11/fUYqooPrrr-scaled.jpeg","contentUrl":"https://wp.ufpel.edu.br/sccl/files/2025/11/fUYqooPrrr-scaled.jpeg","width":2560,"height":1920},{"@type":"BreadcrumbList","@id":"https://wp.ufpel.edu.br/sccl/lig/#breadcrumb","itemListElement":[{"@type":"ListItem","position":1,"name":"Início","item":"https://wp.ufpel.edu.br/sccl/"},{"@type":"ListItem","position":2,"name":"LIG"}]},{"@type":"WebSite","@id":"https://wp.ufpel.edu.br/sccl/#website","url":"https://wp.ufpel.edu.br/sccl/","name":"Superintendência do Campus Capão do Leão (SCCL)","description":"Centro Agropecuário da Palma | Biotério Central","potentialAction":[{"@type":"SearchAction","target":{"@type":"EntryPoint","urlTemplate":"https://wp.ufpel.edu.br/sccl/?s={search_term_string}"},"query-input":{"@type":"PropertyValueSpecification","valueRequired":true,"valueName":"search_term_string"}}],"inLanguage":"pt-BR"}]}</script>
<!-- / Yoast SEO plugin. -->

LIG - Superintendência do Campus Capão do Leão (SCCL)

DESCRIÇÃO INSTITUCIONAL: O LIG – CCL é um laboratório de informática destinado ao apoio às atividades de ensino, pesquisa e extensão no Campus Capão do Leão. Possui 22 estações de trabalho completas (desktop com monitor, teclado e mouse), além de infraestrutura adequada para aulas e apresentações, incluindo lousa branca, tela de projeção retrátil fixa e [&hellip;]

Superintendência do Campus Capão do Leão (SCCL)

Início

Centro Agropecuário da Palma | Biotério Central
