{"id":226,"date":"2023-04-27T15:50:14","date_gmt":"2023-04-27T18:50:14","guid":{"rendered":"https:\/\/wp.ufpel.edu.br\/sbqsul2023\/?page_id=226"},"modified":"2023-10-12T09:32:30","modified_gmt":"2023-10-12T12:32:30","slug":"miniconferencias","status":"publish","type":"page","link":"https:\/\/wp.ufpel.edu.br\/sbqsul2023\/miniconferencias\/","title":{"rendered":"Miniconfer\u00eancias e Sess\u00f5es Coordenadas"},"content":{"rendered":"<p style=\"text-align: justify;\">*As Miniconfer\u00eancias abrir\u00e3o as Sess\u00f5es Coordenadas e ser\u00e3o ministradas por pesquisadores das diferentes institui\u00e7\u00f5es de ensino dos tr\u00eas estados da Regi\u00e3o Sul (SC, PR e RS).<\/p>\n<p>* A Comiss\u00e3o Cient\u00edfica ir\u00e1 selecionar trabalhos de cada \u00e1rea para as sess\u00f5es coordenadas.<\/p>\n<p>* Os trabalhos selecionados para apresenta\u00e7\u00e3o oral estar\u00e3o dispensados de apresent\u00e1-los na forma de p\u00f4ster.<\/p>\n<p>* O tempo total que cada apresentador ter\u00e1 na sess\u00e3o coordenada \u00e9 de 15 min, sendo <strong>8 a 1<\/strong><span style=\"color: #0000ff;\"><strong>0 min de apresenta\u00e7\u00e3o e 5 min de argui\u00e7\u00e3o<\/strong><\/span>.<\/p>\n<p>&nbsp;<\/p>\n","protected":false},"excerpt":{"rendered":"<p>*As Miniconfer\u00eancias abrir\u00e3o as Sess\u00f5es Coordenadas e ser\u00e3o ministradas por pesquisadores das diferentes institui\u00e7\u00f5es de ensino dos tr\u00eas estados da Regi\u00e3o Sul (SC, PR e RS). * A Comiss\u00e3o Cient\u00edfica ir\u00e1 selecionar trabalhos de cada \u00e1rea para as sess\u00f5es coordenadas. &hellip; <a href=\"https:\/\/wp.ufpel.edu.br\/sbqsul2023\/miniconferencias\/\">Continue lendo <span class=\"meta-nav\">&rarr;<\/span><\/a><\/p>\n","protected":false},"author":1291,"featured_media":0,"parent":0,"menu_order":0,"comment_status":"closed","ping_status":"closed","template":"","meta":{"footnotes":""},"class_list":["post-226","page","type-page","status-publish","hentry"],"_links":{"self":[{"href":"https:\/\/wp.ufpel.edu.br\/sbqsul2023\/wp-json\/wp\/v2\/pages\/226","targetHints":{"allow":["GET"]}}],"collection":[{"href":"https:\/\/wp.ufpel.edu.br\/sbqsul2023\/wp-json\/wp\/v2\/pages"}],"about":[{"href":"https:\/\/wp.ufpel.edu.br\/sbqsul2023\/wp-json\/wp\/v2\/types\/page"}],"author":[{"embeddable":true,"href":"https:\/\/wp.ufpel.edu.br\/sbqsul2023\/wp-json\/wp\/v2\/users\/1291"}],"replies":[{"embeddable":true,"href":"https:\/\/wp.ufpel.edu.br\/sbqsul2023\/wp-json\/wp\/v2\/comments?post=226"}],"version-history":[{"count":7,"href":"https:\/\/wp.ufpel.edu.br\/sbqsul2023\/wp-json\/wp\/v2\/pages\/226\/revisions"}],"predecessor-version":[{"id":643,"href":"https:\/\/wp.ufpel.edu.br\/sbqsul2023\/wp-json\/wp\/v2\/pages\/226\/revisions\/643"}],"wp:attachment":[{"href":"https:\/\/wp.ufpel.edu.br\/sbqsul2023\/wp-json\/wp\/v2\/media?parent=226"}],"curies":[{"name":"wp","href":"https:\/\/api.w.org\/{rel}","templated":true}]}}

Miniconferências e Sessões Coordenadas

<p style="text-align: justify;">*As Miniconferências abrirão as Sessões Coordenadas e serão ministradas por pesquisadores das diferentes instituições de ensino dos três estados da Região Sul (SC, PR e RS).</p>
<p>* A Comissão Científica irá selecionar trabalhos de cada área para as sessões coordenadas.</p>
<p>* Os trabalhos selecionados para apresentação oral estarão dispensados de apresentá-los na forma de pôster.</p>
<p>* O tempo total que cada apresentador terá na sessão coordenada é de 15 min, sendo <strong>8 a 1</strong><span style="color: #0000ff;"><strong>0 min de apresentação e 5 min de arguição</strong></span>.</p>
<p>&nbsp;</p>

<p>*As Miniconferências abrirão as Sessões Coordenadas e serão ministradas por pesquisadores das diferentes instituições de ensino dos três estados da Região Sul (SC, PR e RS). * A Comissão Científica irá selecionar trabalhos de cada área para as sessões coordenadas. &hellip; <a href="https://wp.ufpel.edu.br/sbqsul2023/miniconferencias/">Continue lendo <span class="meta-nav">&rarr;</span></a></p>
