{"id":201,"date":"2023-04-25T21:10:03","date_gmt":"2023-04-26T00:10:03","guid":{"rendered":"https:\/\/wp.ufpel.edu.br\/sbqsul2023\/?page_id=201"},"modified":"2023-10-12T09:52:37","modified_gmt":"2023-10-12T12:52:37","slug":"alimentacao","status":"publish","type":"page","link":"https:\/\/wp.ufpel.edu.br\/sbqsul2023\/alimentacao\/","title":{"rendered":"Alimenta\u00e7\u00e3o\/Jantar de Confraterniza\u00e7\u00e3o"},"content":{"rendered":"<p style=\"text-align: justify;\">*Haver\u00e1 coffee-break durante os turnos manh\u00e3 e tarde.<\/p>\n<p style=\"text-align: justify;\">* Temos duas op\u00e7\u00f5es de restaurantes no Campus Cap\u00e3o do Le\u00e3o, ambos localizados a poucos metros do local do evento:<\/p>\n<ul>\n<li style=\"text-align: justify;\"><span style=\"color: #0000ff;\">Restaurante Universit\u00e1rio (R$ 10,30) &#8211; <span style=\"background-color: #ffff00;\">somente em dinheiro<\/span><\/span><\/li>\n<li style=\"text-align: justify;\"><span style=\"color: #0000ff;\">Restaurante no Espa\u00e7o Viva bem (buffet a quilo)<\/span>: para os congressistas que apresentarem o crach\u00e1 do evento, ser\u00e1 concedido um desconto de<strong> 20%<\/strong> no valor das refei\u00e7\u00f5es<\/li>\n<\/ul>\n<p style=\"text-align: center;\"><img loading=\"lazy\" decoding=\"async\" class=\"size-medium wp-image-269 aligncenter\" src=\"https:\/\/wp.ufpel.edu.br\/sbqsul2023\/files\/2023\/05\/RU-CAPAO-LEAO-DSC_5467-400x265.jpg\" alt=\"\" width=\"400\" height=\"265\" srcset=\"https:\/\/wp.ufpel.edu.br\/sbqsul2023\/files\/2023\/05\/RU-CAPAO-LEAO-DSC_5467-400x265.jpg 400w, https:\/\/wp.ufpel.edu.br\/sbqsul2023\/files\/2023\/05\/RU-CAPAO-LEAO-DSC_5467-1024x678.jpg 1024w, https:\/\/wp.ufpel.edu.br\/sbqsul2023\/files\/2023\/05\/RU-CAPAO-LEAO-DSC_5467-768x509.jpg 768w, https:\/\/wp.ufpel.edu.br\/sbqsul2023\/files\/2023\/05\/RU-CAPAO-LEAO-DSC_5467-1536x1017.jpg 1536w, https:\/\/wp.ufpel.edu.br\/sbqsul2023\/files\/2023\/05\/RU-CAPAO-LEAO-DSC_5467.jpg 1631w\" sizes=\"auto, (max-width: 400px) 100vw, 400px\" \/>Restaurante Universit\u00e1rio<\/p>\n<p style=\"text-align: center;\"><img loading=\"lazy\" decoding=\"async\" class=\"alignnone size-medium wp-image-273\" src=\"https:\/\/wp.ufpel.edu.br\/sbqsul2023\/files\/2023\/05\/WhatsApp-Image-2023-05-07-at-18.26.35-400x225.jpeg\" alt=\"\" width=\"400\" height=\"225\" srcset=\"https:\/\/wp.ufpel.edu.br\/sbqsul2023\/files\/2023\/05\/WhatsApp-Image-2023-05-07-at-18.26.35-400x225.jpeg 400w, https:\/\/wp.ufpel.edu.br\/sbqsul2023\/files\/2023\/05\/WhatsApp-Image-2023-05-07-at-18.26.35-1024x576.jpeg 1024w, https:\/\/wp.ufpel.edu.br\/sbqsul2023\/files\/2023\/05\/WhatsApp-Image-2023-05-07-at-18.26.35-768x432.jpeg 768w, https:\/\/wp.ufpel.edu.br\/sbqsul2023\/files\/2023\/05\/WhatsApp-Image-2023-05-07-at-18.26.35-1536x864.jpeg 1536w, https:\/\/wp.ufpel.edu.br\/sbqsul2023\/files\/2023\/05\/WhatsApp-Image-2023-05-07-at-18.26.35.jpeg 1600w\" sizes=\"auto, (max-width: 400px) 100vw, 400px\" \/><\/p>\n<p style=\"text-align: center;\">Espa\u00e7o Viva Bem &#8211; Campus Cap\u00e3o do Le\u00e3o<\/p>\n<p>&nbsp;<\/p>\n<p><span style=\"color: #0000ff;\"><strong>*Jantar de Confraterniza\u00e7\u00e3o*\u00a0<\/strong><\/span><\/p>\n<p>o Jantar de Confraterniza\u00e7\u00e3o ser\u00e1 realizado no dia 19 de outubro (quinta-feira) no CTG Thomaz Luiz Os\u00f3rio que fica localizado na Av. Duque de Caxias, 1319.<\/p>\n<p>Ser\u00e1 servido carreteiro, feijoada e acompanhamentos. Teremos op\u00e7\u00e3o de carreteiro vegano. Caso opte por este, informe no e-mail para melhor organiza\u00e7\u00e3o.<\/p>\n<p>Teremos apresenta\u00e7\u00e3o da invernada do CTG e tamb\u00e9m m\u00fasica ao vivo!<\/p>\n<p><strong><span style=\"background-color: #ffff00;\">Valor R$: 50,00 (POR ADES\u00c3O) &#8211; n\u00e3o inclui bebidas<\/span><\/strong><\/p>\n<p><strong>Crian\u00e7as at\u00e9 6 anos n\u00e3o pagam<\/strong><br \/>\n<strong>Crian\u00e7as de 7 a 10 anos: R$ 15,00<\/strong><\/p>\n<p>&nbsp;<\/p>\n<p>Pagamento para a chave PIX:<\/p>\n<p><strong>sbqsuladicionais@gmail.com<\/strong><\/p>\n","protected":false},"excerpt":{"rendered":"<p>*Haver\u00e1 coffee-break durante os turnos manh\u00e3 e tarde. * Temos duas op\u00e7\u00f5es de restaurantes no Campus Cap\u00e3o do Le\u00e3o, ambos localizados a poucos metros do local do evento: Restaurante Universit\u00e1rio (R$ 10,30) &#8211; somente em dinheiro Restaurante no Espa\u00e7o Viva &hellip; <a href=\"https:\/\/wp.ufpel.edu.br\/sbqsul2023\/alimentacao\/\">Continue lendo <span class=\"meta-nav\">&rarr;<\/span><\/a><\/p>\n","protected":false},"author":1291,"featured_media":0,"parent":0,"menu_order":0,"comment_status":"closed","ping_status":"closed","template":"","meta":{"footnotes":""},"class_list":["post-201","page","type-page","status-publish","hentry"],"_links":{"self":[{"href":"https:\/\/wp.ufpel.edu.br\/sbqsul2023\/wp-json\/wp\/v2\/pages\/201","targetHints":{"allow":["GET"]}}],"collection":[{"href":"https:\/\/wp.ufpel.edu.br\/sbqsul2023\/wp-json\/wp\/v2\/pages"}],"about":[{"href":"https:\/\/wp.ufpel.edu.br\/sbqsul2023\/wp-json\/wp\/v2\/types\/page"}],"author":[{"embeddable":true,"href":"https:\/\/wp.ufpel.edu.br\/sbqsul2023\/wp-json\/wp\/v2\/users\/1291"}],"replies":[{"embeddable":true,"href":"https:\/\/wp.ufpel.edu.br\/sbqsul2023\/wp-json\/wp\/v2\/comments?post=201"}],"version-history":[{"count":11,"href":"https:\/\/wp.ufpel.edu.br\/sbqsul2023\/wp-json\/wp\/v2\/pages\/201\/revisions"}],"predecessor-version":[{"id":644,"href":"https:\/\/wp.ufpel.edu.br\/sbqsul2023\/wp-json\/wp\/v2\/pages\/201\/revisions\/644"}],"wp:attachment":[{"href":"https:\/\/wp.ufpel.edu.br\/sbqsul2023\/wp-json\/wp\/v2\/media?parent=201"}],"curies":[{"name":"wp","href":"https:\/\/api.w.org\/{rel}","templated":true}]}}

Alimentação/Jantar de Confraternização

<p style="text-align: justify;">*Haverá coffee-break durante os turnos manhã e tarde.</p>
<p style="text-align: justify;">* Temos duas opções de restaurantes no Campus Capão do Leão, ambos localizados a poucos metros do local do evento:</p>
<ul>
<li style="text-align: justify;"><span style="color: #0000ff;">Restaurante Universitário (R$ 10,30) &#8211; <span style="background-color: #ffff00;">somente em dinheiro</span></span></li>
<li style="text-align: justify;"><span style="color: #0000ff;">Restaurante no Espaço Viva bem (buffet a quilo)</span>: para os congressistas que apresentarem o crachá do evento, será concedido um desconto de<strong> 20%</strong> no valor das refeições</li>
</ul>
<p style="text-align: center;"><img loading="lazy" decoding="async" class="size-medium wp-image-269 aligncenter" src="https://wp.ufpel.edu.br/sbqsul2023/files/2023/05/RU-CAPAO-LEAO-DSC_5467-400x265.jpg" alt="" width="400" height="265" srcset="https://wp.ufpel.edu.br/sbqsul2023/files/2023/05/RU-CAPAO-LEAO-DSC_5467-400x265.jpg 400w, https://wp.ufpel.edu.br/sbqsul2023/files/2023/05/RU-CAPAO-LEAO-DSC_5467-1024x678.jpg 1024w, https://wp.ufpel.edu.br/sbqsul2023/files/2023/05/RU-CAPAO-LEAO-DSC_5467-768x509.jpg 768w, https://wp.ufpel.edu.br/sbqsul2023/files/2023/05/RU-CAPAO-LEAO-DSC_5467-1536x1017.jpg 1536w, https://wp.ufpel.edu.br/sbqsul2023/files/2023/05/RU-CAPAO-LEAO-DSC_5467.jpg 1631w" sizes="auto, (max-width: 400px) 100vw, 400px" />Restaurante Universitário</p>
<p style="text-align: center;"><img loading="lazy" decoding="async" class="alignnone size-medium wp-image-273" src="https://wp.ufpel.edu.br/sbqsul2023/files/2023/05/WhatsApp-Image-2023-05-07-at-18.26.35-400x225.jpeg" alt="" width="400" height="225" srcset="https://wp.ufpel.edu.br/sbqsul2023/files/2023/05/WhatsApp-Image-2023-05-07-at-18.26.35-400x225.jpeg 400w, https://wp.ufpel.edu.br/sbqsul2023/files/2023/05/WhatsApp-Image-2023-05-07-at-18.26.35-1024x576.jpeg 1024w, https://wp.ufpel.edu.br/sbqsul2023/files/2023/05/WhatsApp-Image-2023-05-07-at-18.26.35-768x432.jpeg 768w, https://wp.ufpel.edu.br/sbqsul2023/files/2023/05/WhatsApp-Image-2023-05-07-at-18.26.35-1536x864.jpeg 1536w, https://wp.ufpel.edu.br/sbqsul2023/files/2023/05/WhatsApp-Image-2023-05-07-at-18.26.35.jpeg 1600w" sizes="auto, (max-width: 400px) 100vw, 400px" /></p>
<p style="text-align: center;">Espaço Viva Bem &#8211; Campus Capão do Leão</p>
<p>&nbsp;</p>
<p><span style="color: #0000ff;"><strong>*Jantar de Confraternização* </strong></span></p>
<p>o Jantar de Confraternização será realizado no dia 19 de outubro (quinta-feira) no CTG Thomaz Luiz Osório que fica localizado na Av. Duque de Caxias, 1319.</p>
<p>Será servido carreteiro, feijoada e acompanhamentos. Teremos opção de carreteiro vegano. Caso opte por este, informe no e-mail para melhor organização.</p>
<p>Teremos apresentação da invernada do CTG e também música ao vivo!</p>
<p><strong><span style="background-color: #ffff00;">Valor R$: 50,00 (POR ADESÃO) &#8211; não inclui bebidas</span></strong></p>
<p><strong>Crianças até 6 anos não pagam</strong><br />
<strong>Crianças de 7 a 10 anos: R$ 15,00</strong></p>
<p>&nbsp;</p>
<p>Pagamento para a chave PIX:</p>
<p><strong>sbqsuladicionais@gmail.com</strong></p>

<p>*Haverá coffee-break durante os turnos manhã e tarde. * Temos duas opções de restaurantes no Campus Capão do Leão, ambos localizados a poucos metros do local do evento: Restaurante Universitário (R$ 10,30) &#8211; somente em dinheiro Restaurante no Espaço Viva &hellip; <a href="https://wp.ufpel.edu.br/sbqsul2023/alimentacao/">Continue lendo <span class="meta-nav">&rarr;</span></a></p>
