{"id":957,"date":"2022-05-30T11:49:00","date_gmt":"2022-05-30T14:49:00","guid":{"rendered":"https:\/\/wp.ufpel.edu.br\/sauer\/?page_id=957"},"modified":"2023-02-20T09:55:14","modified_gmt":"2023-02-20T12:55:14","slug":"links-interessantes","status":"publish","type":"page","link":"https:\/\/wp.ufpel.edu.br\/sauer\/links-interessantes\/","title":{"rendered":"Links interessantes"},"content":{"rendered":"<p>Latex Links:<\/p>\n<ul>\n<li><a href=\"https:\/\/www.overleaf.com\">Overleaf\u00a0<\/a><\/li>\n<\/ul>\n<p>Geometria Din\u00e2mica:\u00a0<a href=\"https:\/\/www.geogebra.org\/classic\">GeoGebra<\/a><\/p>\n<p>Proje\u00e7\u00e3o anam\u00f3rfica (cilindro): <a href=\"https:\/\/www.mathsworlduk.com\/mirror-pillar\/\">espelho de Pillar\u00a0<\/a><\/p>\n<p><a href=\"https:\/\/drive.google.com\/file\/d\/1t62rUGF_eJzMGII5rXYESuT6rSPQQ_DY\/view\">Autocuidado para mulheres na linha de frente.<\/a><\/p>\n<p>Atividades interessantes:<\/p>\n<p><a href=\"https:\/\/www.firjan.com.br\/sesimatematica\/formacao-de-professores\/\">Cole\u00e7\u00e3o Di\u00e1logos com professores do Ensino M\u00e9dio<\/a><\/p>\n<h3><a href=\"https:\/\/www.firjan.com.br\/sesimatematica\/arena-sesi-matematica\/\">Arena da Firjan SESI Matem\u00e1tica<\/a><\/h3>\n<p><a href=\"https:\/\/www.firjan.com.br\/lumis\/portal\/file\/fileDownload.jsp?fileId=2C908A8F4EF4BDE8014EFF1B5AB12C56\">Tipos de n\u00fameros elaborados pelo Firjan<\/a><\/p>\n","protected":false},"excerpt":{"rendered":"<p>Latex Links: Overleaf\u00a0 Geometria Din\u00e2mica:\u00a0GeoGebra Proje\u00e7\u00e3o anam\u00f3rfica (cilindro): espelho de Pillar\u00a0 Autocuidado para mulheres na linha de frente. Atividades interessantes: Cole\u00e7\u00e3o Di\u00e1logos com professores do Ensino M\u00e9dio Arena da Firjan SESI Matem\u00e1tica Tipos de n\u00fameros elaborados pelo Firjan<\/p>\n","protected":false},"author":795,"featured_media":0,"parent":0,"menu_order":0,"comment_status":"closed","ping_status":"closed","template":"","meta":{"footnotes":""},"class_list":["post-957","page","type-page","status-publish","hentry"],"_links":{"self":[{"href":"https:\/\/wp.ufpel.edu.br\/sauer\/wp-json\/wp\/v2\/pages\/957","targetHints":{"allow":["GET"]}}],"collection":[{"href":"https:\/\/wp.ufpel.edu.br\/sauer\/wp-json\/wp\/v2\/pages"}],"about":[{"href":"https:\/\/wp.ufpel.edu.br\/sauer\/wp-json\/wp\/v2\/types\/page"}],"author":[{"embeddable":true,"href":"https:\/\/wp.ufpel.edu.br\/sauer\/wp-json\/wp\/v2\/users\/795"}],"replies":[{"embeddable":true,"href":"https:\/\/wp.ufpel.edu.br\/sauer\/wp-json\/wp\/v2\/comments?post=957"}],"version-history":[{"count":6,"href":"https:\/\/wp.ufpel.edu.br\/sauer\/wp-json\/wp\/v2\/pages\/957\/revisions"}],"predecessor-version":[{"id":1051,"href":"https:\/\/wp.ufpel.edu.br\/sauer\/wp-json\/wp\/v2\/pages\/957\/revisions\/1051"}],"wp:attachment":[{"href":"https:\/\/wp.ufpel.edu.br\/sauer\/wp-json\/wp\/v2\/media?parent=957"}],"curies":[{"name":"wp","href":"https:\/\/api.w.org\/{rel}","templated":true}]}}