{"id":39,"date":"2017-08-17T14:12:04","date_gmt":"2017-08-17T17:12:04","guid":{"rendered":"https:\/\/wp.ufpel.edu.br\/sauer\/?page_id=39"},"modified":"2023-03-20T14:35:32","modified_gmt":"2023-03-20T17:35:32","slug":"medidaeformaemgeometria","status":"publish","type":"page","link":"https:\/\/wp.ufpel.edu.br\/sauer\/medidaeformaemgeometria\/","title":{"rendered":"Medida e forma em geometria."},"content":{"rendered":"<p><img loading=\"lazy\" decoding=\"async\" class=\"alignnone wp-image-987\" src=\"https:\/\/wp.ufpel.edu.br\/sauer\/files\/2022\/08\/20220801_202620-400x190.jpg\" alt=\"\" width=\"960\" height=\"456\" srcset=\"https:\/\/wp.ufpel.edu.br\/sauer\/files\/2022\/08\/20220801_202620-400x190.jpg 400w, https:\/\/wp.ufpel.edu.br\/sauer\/files\/2022\/08\/20220801_202620-1024x485.jpg 1024w, https:\/\/wp.ufpel.edu.br\/sauer\/files\/2022\/08\/20220801_202620-768x364.jpg 768w, https:\/\/wp.ufpel.edu.br\/sauer\/files\/2022\/08\/20220801_202620-1536x728.jpg 1536w, https:\/\/wp.ufpel.edu.br\/sauer\/files\/2022\/08\/20220801_202620-2048x970.jpg 2048w\" sizes=\"auto, (max-width: 960px) 100vw, 960px\" \/><\/p>\n<p>Notas de aula: <a href=\"https:\/\/wp.ufpel.edu.br\/sauer\/files\/2020\/09\/Formas-e-medidas.pdf\">Medi\u00e7\u00e3o em Geometria Euclidiana: comprimento, \u00e1rea e volume<\/a> por Giovanni Nunes e Lisandra Sauer. ISBN:XXXX<\/p>\n<p>Formul\u00e1rios: <a href=\"https:\/\/wp.ufpel.edu.br\/sauer\/files\/2022\/10\/Formulario-de-Matematica-Elementar.pdf\">\u00e1rea 1\u00a0\u00a0\u00a0<\/a><a href=\"https:\/\/wp.ufpel.edu.br\/sauer\/files\/2022\/11\/formulario-area-e-volume.pdf\">\u00c1reas e volumes de s\u00f3lidos.<\/a><\/p>\n<p><a href=\"https:\/\/wp.ufpel.edu.br\/sauer\/files\/2022\/08\/Lista_de_Exerc_cios.pdf\">Exerc\u00edcios extras de constru\u00e7\u00e3o geom\u00e9trica<\/a><\/p>\n<p>&nbsp;<\/p>\n","protected":false},"excerpt":{"rendered":"<p>Notas de aula: Medi\u00e7\u00e3o em Geometria Euclidiana: comprimento, \u00e1rea e volume por Giovanni Nunes e Lisandra Sauer. ISBN:XXXX Formul\u00e1rios: \u00e1rea 1\u00a0\u00a0\u00a0\u00c1reas e volumes de s\u00f3lidos. Exerc\u00edcios extras de constru\u00e7\u00e3o geom\u00e9trica &nbsp;<\/p>\n","protected":false},"author":795,"featured_media":0,"parent":0,"menu_order":0,"comment_status":"closed","ping_status":"closed","template":"","meta":{"footnotes":""},"class_list":["post-39","page","type-page","status-publish","hentry"],"_links":{"self":[{"href":"https:\/\/wp.ufpel.edu.br\/sauer\/wp-json\/wp\/v2\/pages\/39","targetHints":{"allow":["GET"]}}],"collection":[{"href":"https:\/\/wp.ufpel.edu.br\/sauer\/wp-json\/wp\/v2\/pages"}],"about":[{"href":"https:\/\/wp.ufpel.edu.br\/sauer\/wp-json\/wp\/v2\/types\/page"}],"author":[{"embeddable":true,"href":"https:\/\/wp.ufpel.edu.br\/sauer\/wp-json\/wp\/v2\/users\/795"}],"replies":[{"embeddable":true,"href":"https:\/\/wp.ufpel.edu.br\/sauer\/wp-json\/wp\/v2\/comments?post=39"}],"version-history":[{"count":110,"href":"https:\/\/wp.ufpel.edu.br\/sauer\/wp-json\/wp\/v2\/pages\/39\/revisions"}],"predecessor-version":[{"id":1055,"href":"https:\/\/wp.ufpel.edu.br\/sauer\/wp-json\/wp\/v2\/pages\/39\/revisions\/1055"}],"wp:attachment":[{"href":"https:\/\/wp.ufpel.edu.br\/sauer\/wp-json\/wp\/v2\/media?parent=39"}],"curies":[{"name":"wp","href":"https:\/\/api.w.org\/{rel}","templated":true}]}}