{"id":327,"date":"2020-06-04T20:21:15","date_gmt":"2020-06-04T23:21:15","guid":{"rendered":"https:\/\/wp.ufpel.edu.br\/sauer\/?page_id=327"},"modified":"2022-08-22T14:16:19","modified_gmt":"2022-08-22T17:16:19","slug":"oficina-tecnologia-e-geometria","status":"publish","type":"page","link":"https:\/\/wp.ufpel.edu.br\/sauer\/oficina-tecnologia-e-geometria\/","title":{"rendered":"Oficina Tecnologia e Geometria"},"content":{"rendered":"<p style=\"text-align: center;\"><strong>Todos podem ter experi\u00eancias matem\u00e1ticas alegres, significativas e fortalecedoras.<\/strong><\/p>\n<p style=\"text-align: justify;\"><img loading=\"lazy\" decoding=\"async\" class=\"wp-image-331 alignleft\" src=\"https:\/\/wp.ufpel.edu.br\/sauer\/files\/2020\/06\/20200604_181339-300x400.jpg\" alt=\"\" width=\"315\" height=\"420\" srcset=\"https:\/\/wp.ufpel.edu.br\/sauer\/files\/2020\/06\/20200604_181339-300x400.jpg 300w, https:\/\/wp.ufpel.edu.br\/sauer\/files\/2020\/06\/20200604_181339-768x1024.jpg 768w, https:\/\/wp.ufpel.edu.br\/sauer\/files\/2020\/06\/20200604_181339-1152x1536.jpg 1152w, https:\/\/wp.ufpel.edu.br\/sauer\/files\/2020\/06\/20200604_181339-1536x2048.jpg 1536w, https:\/\/wp.ufpel.edu.br\/sauer\/files\/2020\/06\/20200604_181339-scaled.jpg 1920w\" sizes=\"auto, (max-width: 315px) 100vw, 315px\" \/>A oficina Tecnologia e Geometria\u00a0 ocorre de forma totalmente online \u00a0as quartas-feiras \u00e0s 17:30\u00a0 no webConf da UFPEL (link apenas\u00a0 para as inscri\u00e7\u00f5es confirmadas) <strong>no per\u00edodo de 24 de junho \u00e0 11 de novembro de 2020<\/strong>. <strong>As\u00a0 vagas s\u00e3o limitadas<\/strong><br \/>\nO evento \u00e9 direcionado para os apaixonados por Matem\u00e1tica. Tamb\u00e9m \u00e9 sugerido para crian\u00e7as a partir de 10 anos. Recomenda-se que as crian\u00e7as estejam acompanhadas de algum respons\u00e1vel. Nele divulgamos softwares e atividades manuais que contribuam para se fazer geometria.<\/p>\n<p style=\"text-align: justify;\">Para ver o que tem sido feito<a href=\"https:\/\/sites.google.com\/view\/oficinas-tecnologiaegeometria\/p%C3%A1gina-inicial\"><img loading=\"lazy\" decoding=\"async\" class=\"wp-image-360 alignright\" src=\"https:\/\/wp.ufpel.edu.br\/sauer\/files\/2020\/06\/cliqueaqui-400x116.png\" alt=\"\" width=\"148\" height=\"43\" srcset=\"https:\/\/wp.ufpel.edu.br\/sauer\/files\/2020\/06\/cliqueaqui-400x116.png 400w, https:\/\/wp.ufpel.edu.br\/sauer\/files\/2020\/06\/cliqueaqui.png 416w\" sizes=\"auto, (max-width: 148px) 100vw, 148px\" \/><\/a><\/p>\n<p><a href=\"https:\/\/docs.google.com\/forms\/d\/e\/1FAIpQLSe6zppAVaLi4rxxqoFxYJxwBE86Cfyu5DI3tGx6bAw0TZmV-Q\/viewform?vc=0&amp;c=0&amp;w=1\"><img loading=\"lazy\" decoding=\"async\" class=\"wp-image-354 aligncenter\" src=\"https:\/\/wp.ufpel.edu.br\/sauer\/files\/2020\/06\/espera.jpg\" alt=\"\" width=\"96\" height=\"64\" \/>Devido a capacidade do WebConf , nossas vagas est\u00e3o esgotadas. Mas estamos fazendo uma lista de espera. Caso tenha interesse preencha o formul\u00e1rio acima:<\/a><\/p>\n<p>&nbsp;<\/p>\n<p><strong>Nossa equipe \u00e9 formada por:<\/strong><\/p>\n<p><img loading=\"lazy\" decoding=\"async\" class=\"size-medium wp-image-370 aligncenter\" src=\"https:\/\/wp.ufpel.edu.br\/sauer\/files\/2020\/06\/equipe4-400x357.png\" alt=\"\" width=\"400\" height=\"357\" srcset=\"https:\/\/wp.ufpel.edu.br\/sauer\/files\/2020\/06\/equipe4-400x357.png 400w, https:\/\/wp.ufpel.edu.br\/sauer\/files\/2020\/06\/equipe4.png 610w\" sizes=\"auto, (max-width: 400px) 100vw, 400px\" \/><\/p>\n","protected":false},"excerpt":{"rendered":"<p>Todos podem ter experi\u00eancias matem\u00e1ticas alegres, significativas e fortalecedoras. A oficina Tecnologia e Geometria\u00a0 ocorre de forma totalmente online \u00a0as quartas-feiras \u00e0s 17:30\u00a0 no webConf da UFPEL (link apenas\u00a0 para as inscri\u00e7\u00f5es confirmadas) no per\u00edodo de 24 de junho \u00e0 &hellip; <a href=\"https:\/\/wp.ufpel.edu.br\/sauer\/oficina-tecnologia-e-geometria\/\">Continue lendo <span class=\"meta-nav\">&rarr;<\/span><\/a><\/p>\n","protected":false},"author":795,"featured_media":0,"parent":0,"menu_order":0,"comment_status":"closed","ping_status":"closed","template":"","meta":{"footnotes":""},"class_list":["post-327","page","type-page","status-publish","hentry"],"_links":{"self":[{"href":"https:\/\/wp.ufpel.edu.br\/sauer\/wp-json\/wp\/v2\/pages\/327","targetHints":{"allow":["GET"]}}],"collection":[{"href":"https:\/\/wp.ufpel.edu.br\/sauer\/wp-json\/wp\/v2\/pages"}],"about":[{"href":"https:\/\/wp.ufpel.edu.br\/sauer\/wp-json\/wp\/v2\/types\/page"}],"author":[{"embeddable":true,"href":"https:\/\/wp.ufpel.edu.br\/sauer\/wp-json\/wp\/v2\/users\/795"}],"replies":[{"embeddable":true,"href":"https:\/\/wp.ufpel.edu.br\/sauer\/wp-json\/wp\/v2\/comments?post=327"}],"version-history":[{"count":18,"href":"https:\/\/wp.ufpel.edu.br\/sauer\/wp-json\/wp\/v2\/pages\/327\/revisions"}],"predecessor-version":[{"id":356,"href":"https:\/\/wp.ufpel.edu.br\/sauer\/wp-json\/wp\/v2\/pages\/327\/revisions\/356"}],"wp:attachment":[{"href":"https:\/\/wp.ufpel.edu.br\/sauer\/wp-json\/wp\/v2\/media?parent=327"}],"curies":[{"name":"wp","href":"https:\/\/api.w.org\/{rel}","templated":true}]}}