{"id":556,"date":"2025-11-25T19:30:12","date_gmt":"2025-11-25T22:30:12","guid":{"rendered":"https:\/\/wp.ufpel.edu.br\/sari\/?page_id=556"},"modified":"2025-11-25T19:30:12","modified_gmt":"2025-11-25T22:30:12","slug":"equipe-2","status":"publish","type":"page","link":"https:\/\/wp.ufpel.edu.br\/sari\/equipe-2\/","title":{"rendered":"Equipe"},"content":{"rendered":"<p><strong>Coordenadora: <\/strong>Fernanda de Moura Fernandes<br \/>\n<strong><br \/>\nBanca Avaliadora:<br \/>\n<\/strong>Keberson Bresol\u00edn<br \/>\nM\u00e1ria de F\u00e1tima Bento Ribeiro<br \/>\nMatheus Jos\u00e9 da Silva Santos<\/p>\n<p><strong>Equipe discente:<\/strong><\/p>\n<p>Alicya David Silva &#8211; Colaboradora de Log\u00edstica<br \/>\n<strong>Amanda Cristina Silva Pinheiro<\/strong> &#8211; Colaboradora dos Congressistas<br \/>\n<strong>Ana Lu\u00edsa Guerreiro Lima &#8211;<\/strong> Organizadora Financeira<br \/>\n<strong>Ana Luiza Vitalli Silva &#8211;<\/strong> Colaboradora de Marketing<br \/>\n<strong>Anna Julia De Borba &#8211;<\/strong> Colaboradora do Acad\u00eamico<br \/>\n<strong>Arthur Echenique Alves &#8211; <\/strong>Fotogr\u00e1fo<br \/>\n<strong>Eduarda Martins Da Rosa Pinto &#8211;<\/strong> Organizadora de Marketing<br \/>\n<strong>Eduardo Goularte Lessa<\/strong> &#8211; Colaborador Financeiro<br \/>\n<strong>Eduardo Grecco Correa &#8211;<\/strong> Colaborador de Marketing<br \/>\n<strong>Gabriela Von Fr\u00fchauf Firme<\/strong> &#8211; Organizadora dos Congressistas<br \/>\n<strong>Hailton Jyan Kr\u00fcger Da Silva &#8211;<\/strong> Organizador dos Congressistas<br \/>\n<strong>Hugo Iven Von Borowski &#8211;<\/strong> Colaborador dos Congressistas<br \/>\n<strong>Joao Vitor Pfutzenreuter &#8211;<\/strong> Colaborador Financeiro<br \/>\n<strong>Kevim Camboim Maiser &#8211;<\/strong> Colaborador dos Congressistas<br \/>\n<strong>Livia Labriolla Da Costa<\/strong> &#8211; Organizadora Financeira<br \/>\n<strong>Lucas Mota Ferreira &#8211;<\/strong> Organizador Geral<br \/>\n<strong>Ma\u00edsa De Borba Candaten<\/strong> &#8211; Organizadora de Log\u00edstica<br \/>\n<strong>Maria Eduarda Guedes Santos<\/strong> &#8211; Organizadora de Marketing<br \/>\n<strong>Milena Duarte L\u00fcbke &#8211;<\/strong> Colaboradora de Log\u00edstica<br \/>\n<strong>Mirele Th\u00fcrmer Kuhn &#8211;<\/strong> Colaboradora de Log\u00edstica<br \/>\n<strong>Nataniele Paim Schmutz &#8211;<\/strong> Organizadora Acad\u00eamica<br \/>\n<strong>Paula De Guimar\u00e3es Dimer &#8211;<\/strong> Colaboradora dos Congressistas<br \/>\n<strong>Taina Santos Muller De Oliveira &#8211;<\/strong> Colaboradora de Log\u00edstica<br \/>\n<strong>Tayanne Costa Silva &#8211;<\/strong> Colaborador dos Congressistas<\/p>\n<p><strong>Apoio:<\/strong><\/p>\n<p>Associa\u00e7\u00e3o Atl\u00e9tica de Rela\u00e7\u00f5es Internacionais &#8211; N\u00f3rdica<br \/>\nBar do Z\u00e9<br \/>\nCineArt<br \/>\nEgali<br \/>\nEm dupla com Consulta<br \/>\nEscola de Idiomas &#8211; Andr\u00e9 Mikhailov<br \/>\nEscola de Idiomas &#8211; CNA<br \/>\nFlamaju<br \/>\nHaus Kuchen<br \/>\nPadaria No Gl\u00fa<\/p>\n","protected":false},"excerpt":{"rendered":"<p>Coordenadora: Fernanda de Moura Fernandes Banca Avaliadora: Keberson Bresol\u00edn M\u00e1ria de F\u00e1tima Bento Ribeiro Matheus Jos\u00e9 da Silva Santos Equipe discente: Alicya David Silva &#8211; Colaboradora de Log\u00edstica Amanda Cristina Silva Pinheiro &#8211; Colaboradora dos Congressistas Ana Lu\u00edsa Guerreiro Lima &#8211; Organizadora Financeira Ana Luiza Vitalli Silva &#8211; Colaboradora de Marketing Anna Julia De Borba [&hellip;]<\/p>\n","protected":false},"author":1418,"featured_media":0,"parent":0,"menu_order":0,"comment_status":"closed","ping_status":"closed","template":"","meta":{"footnotes":""},"class_list":["post-556","page","type-page","status-publish","hentry"],"_links":{"self":[{"href":"https:\/\/wp.ufpel.edu.br\/sari\/wp-json\/wp\/v2\/pages\/556","targetHints":{"allow":["GET"]}}],"collection":[{"href":"https:\/\/wp.ufpel.edu.br\/sari\/wp-json\/wp\/v2\/pages"}],"about":[{"href":"https:\/\/wp.ufpel.edu.br\/sari\/wp-json\/wp\/v2\/types\/page"}],"author":[{"embeddable":true,"href":"https:\/\/wp.ufpel.edu.br\/sari\/wp-json\/wp\/v2\/users\/1418"}],"replies":[{"embeddable":true,"href":"https:\/\/wp.ufpel.edu.br\/sari\/wp-json\/wp\/v2\/comments?post=556"}],"version-history":[{"count":1,"href":"https:\/\/wp.ufpel.edu.br\/sari\/wp-json\/wp\/v2\/pages\/556\/revisions"}],"predecessor-version":[{"id":558,"href":"https:\/\/wp.ufpel.edu.br\/sari\/wp-json\/wp\/v2\/pages\/556\/revisions\/558"}],"wp:attachment":[{"href":"https:\/\/wp.ufpel.edu.br\/sari\/wp-json\/wp\/v2\/media?parent=556"}],"curies":[{"name":"wp","href":"https:\/\/api.w.org\/{rel}","templated":true}]}}