{"id":39,"date":"2012-11-27T00:09:33","date_gmt":"2012-11-27T02:09:33","guid":{"rendered":"https:\/\/wp.ufpel.edu.br\/samet\/?page_id=39"},"modified":"2012-12-06T00:20:34","modified_gmt":"2012-12-06T02:20:34","slug":"programacao","status":"publish","type":"page","link":"https:\/\/wp.ufpel.edu.br\/samet\/programacao\/","title":{"rendered":"Programa\u00e7\u00e3o"},"content":{"rendered":"<p>PROGRAMA\u00c7\u00c3O POR DIA:<\/p>\n<p>&nbsp;<\/p>\n<p><span style=\"text-decoration: underline\"><strong>03\/12 &#8211; Segunda-feira<\/strong><\/span><\/p>\n<p>09h00 &#8211; Credenciamento<\/p>\n<p>10h00 &#8211; Abertura<\/p>\n<p>14h00 &#8211; <strong>Andr\u00e9 Becker Nunes<\/strong><\/p>\n<p>15h00 &#8211;\u00a0<strong>Claudino Abreu<\/strong>\u00a0<em>(Empreendedorismo)<\/em><\/p>\n<p>16h00 &#8211; <strong>Solismar<\/strong>\u00a0<em>(&#8220;INMET: 100 anos de meteorologia e variabilidade de precipita\u00e7\u00e3o no RS&#8221;)<\/em><\/p>\n<p>&nbsp;<\/p>\n<p><span style=\"text-decoration: underline\"><strong>04\/12 &#8211; Ter\u00e7a-Feira<\/strong><\/span><\/p>\n<p>09h30 &#8211; <strong>Santiago Vianna Cuadra<\/strong> <em>(&#8220;Impacto do Clima nos Agro-ecossistemas&#8221;)<\/em><\/p>\n<p>10h40 &#8211; <strong>Capincho Cumulus<\/strong> <em>(Hist\u00f3rico e atividades do grupo de ca\u00e7adores de tempestade)<\/em><\/p>\n<p>11h20 &#8211; <strong>CPPMet\u00a0<\/strong><em>(Previsao no radar em Pelotas)<\/em><\/p>\n<p>14h00 &#8211; <strong>Monica Lima\u00a0<\/strong><em>(Previs\u00e3o de Tempo para TV)<\/em><\/p>\n<p>14h50 &#8211; <strong>Mesa Redonda<\/strong> &#8211; <em>M\u00eddias<\/em><\/p>\n<p>16h00 &#8211; <strong>Emad Jr. &#8211; Empresa Junior UFPEL<\/strong> <em>(Breve hist\u00f3rico e Funcionamento da Empresa Jr)<\/em><\/p>\n<p>&nbsp;<\/p>\n<p><span style=\"text-decoration: underline\"><strong>06\/12 &#8211; Quinta-Feira<\/strong><\/span><\/p>\n<p>09h00 &#8211;\u00a0<strong>Gerv\u00e1sio Degrazia\u00a0<\/strong><em>(&#8220;Parametriza\u00e7\u00e3o de Escalas de Subfiltro em modelos LES&#8221;)<\/em><\/p>\n<p>09h40 &#8211; <strong>Marcelo Alonso<\/strong> <em>(\u201cO desafio da modelagem da dispers\u00e3o e qu\u00edmica de poluentes\u201d)<\/em><\/p>\n<p>10h30 &#8211; <strong>Erika Voss<\/strong> <em>(&#8220;Qu\u00edmica da Estratosfera e o Buraco na Camada de Oz\u00f4nio\u201d)<\/em><\/p>\n<p>14h00 &#8211; <strong>Fabricio Pereira H\u00e4rter\u00a0<\/strong><em>(\u201cMeteorologia na Esta\u00e7\u00e3o Ant\u00e1rtica Comandante Ferraz\u201d)<\/em><\/p>\n<p>14h50 &#8211; <strong>Rog\u00e9rio Costa Campos\u00a0<\/strong><em>(&#8220;Modelagem agrometeorol\u00f3gica e integra\u00e7\u00e3o de dados de sat\u00e9lite e de superf\u00edcie\u201d)<\/em><\/p>\n<p>16h00 \u00a0&#8211;\u00a0<strong>Mateus da Silva Teixeira<\/strong>\u00a0<em>(\u201cEventos de Chuva Intensa na Regi\u00e3o Sul do Brasil\u201d)<\/em><\/p>\n<div><em><br \/>\n<\/em><\/div>\n<p>&nbsp;<\/p>\n<p><strong>07\/12 &#8211; Sexta-Feira<\/strong><\/p>\n<p>09h30 &#8211; <strong>Marcio Andr\u00e9 Facin\u00a0<\/strong><em>(&#8220;A Defesa Civil do Estado do RS e suas interven\u00e7\u00f5es nos desastres ambientais&#8221;)<\/em><\/p>\n<p>10h30 &#8211; <strong>Graciela Fischer<\/strong><\/p>\n<p>14h00 &#8211; <strong>Anderson Spohr Nedel\u00a0<\/strong><em>(&#8220;Condi\u00e7\u00f5es meteorol\u00f3gicas favor\u00e1veis \u00e0 ocorr\u00eancia de doen\u00e7as respirat\u00f3rias em crian\u00e7as da cidade de S\u00e3o Paulo&#8221;)<\/em><\/p>\n<p>15h00 &#8211; <strong>Erika Collischonn <\/strong><em>(&#8220;Experi\u00eancias em estudos de clima urbano&#8221; )<\/em><\/p>\n<p>16h00 &#8211; <strong>Estael Sias<strong>\u00a0<\/strong><\/strong><em>(&#8220;Previs\u00e3o do tempo para r\u00e1dio, tv e internet&#8221;)<\/em><\/p>\n<p>17h00 &#8211; Encerramento<\/p>\n<p><a href=\"https:\/\/wp.ufpel.edu.br\/samet\/files\/2012\/11\/Estael.png\"><img loading=\"lazy\" decoding=\"async\" class=\"aligncenter size-full wp-image-70\" src=\"https:\/\/wp.ufpel.edu.br\/samet\/files\/2012\/11\/Estael.png\" alt=\"\" width=\"728\" height=\"728\" srcset=\"https:\/\/wp.ufpel.edu.br\/samet\/files\/2012\/11\/Estael.png 728w, https:\/\/wp.ufpel.edu.br\/samet\/files\/2012\/11\/Estael-150x150.png 150w, https:\/\/wp.ufpel.edu.br\/samet\/files\/2012\/11\/Estael-300x300.png 300w\" sizes=\"auto, (max-width: 728px) 100vw, 728px\" \/><\/a><a href=\"https:\/\/wp.ufpel.edu.br\/samet\/files\/2012\/11\/FB_atr_100anos.png\"><img loading=\"lazy\" decoding=\"async\" class=\"aligncenter size-full wp-image-71\" src=\"https:\/\/wp.ufpel.edu.br\/samet\/files\/2012\/11\/FB_atr_100anos.png\" alt=\"\" width=\"728\" height=\"728\" srcset=\"https:\/\/wp.ufpel.edu.br\/samet\/files\/2012\/11\/FB_atr_100anos.png 728w, https:\/\/wp.ufpel.edu.br\/samet\/files\/2012\/11\/FB_atr_100anos-150x150.png 150w, https:\/\/wp.ufpel.edu.br\/samet\/files\/2012\/11\/FB_atr_100anos-300x300.png 300w\" sizes=\"auto, (max-width: 728px) 100vw, 728px\" \/><\/a><a href=\"https:\/\/wp.ufpel.edu.br\/samet\/files\/2012\/11\/FB_atr_antartico.png\"><img loading=\"lazy\" decoding=\"async\" class=\"aligncenter size-full wp-image-75\" src=\"https:\/\/wp.ufpel.edu.br\/samet\/files\/2012\/11\/FB_atr_antartico.png\" alt=\"\" width=\"728\" height=\"728\" srcset=\"https:\/\/wp.ufpel.edu.br\/samet\/files\/2012\/11\/FB_atr_antartico.png 728w, https:\/\/wp.ufpel.edu.br\/samet\/files\/2012\/11\/FB_atr_antartico-150x150.png 150w, https:\/\/wp.ufpel.edu.br\/samet\/files\/2012\/11\/FB_atr_antartico-300x300.png 300w\" sizes=\"auto, (max-width: 728px) 100vw, 728px\" \/><\/a><\/p>\n","protected":false},"excerpt":{"rendered":"<p>PROGRAMA\u00c7\u00c3O POR DIA: &nbsp; 03\/12 &#8211; Segunda-feira 09h00 &#8211; Credenciamento 10h00 &#8211; Abertura 14h00 &#8211; Andr\u00e9 Becker Nunes 15h00 &#8211;\u00a0Claudino Abreu\u00a0(Empreendedorismo) 16h00 &#8211; Solismar\u00a0(&#8220;INMET: 100 anos de meteorologia e variabilidade de precipita\u00e7\u00e3o no RS&#8221;) &nbsp; 04\/12 &#8211; Ter\u00e7a-Feira 09h30 &#8211; &hellip; <a href=\"https:\/\/wp.ufpel.edu.br\/samet\/programacao\/\">Continue lendo <span class=\"meta-nav\">&rarr;<\/span><\/a><\/p>\n","protected":false},"author":140,"featured_media":49,"parent":0,"menu_order":2,"comment_status":"closed","ping_status":"closed","template":"","meta":{"footnotes":""},"class_list":["post-39","page","type-page","status-publish","has-post-thumbnail","hentry"],"_links":{"self":[{"href":"https:\/\/wp.ufpel.edu.br\/samet\/wp-json\/wp\/v2\/pages\/39","targetHints":{"allow":["GET"]}}],"collection":[{"href":"https:\/\/wp.ufpel.edu.br\/samet\/wp-json\/wp\/v2\/pages"}],"about":[{"href":"https:\/\/wp.ufpel.edu.br\/samet\/wp-json\/wp\/v2\/types\/page"}],"author":[{"embeddable":true,"href":"https:\/\/wp.ufpel.edu.br\/samet\/wp-json\/wp\/v2\/users\/140"}],"replies":[{"embeddable":true,"href":"https:\/\/wp.ufpel.edu.br\/samet\/wp-json\/wp\/v2\/comments?post=39"}],"version-history":[{"count":14,"href":"https:\/\/wp.ufpel.edu.br\/samet\/wp-json\/wp\/v2\/pages\/39\/revisions"}],"predecessor-version":[{"id":89,"href":"https:\/\/wp.ufpel.edu.br\/samet\/wp-json\/wp\/v2\/pages\/39\/revisions\/89"}],"wp:featuredmedia":[{"embeddable":true,"href":"https:\/\/wp.ufpel.edu.br\/samet\/wp-json\/wp\/v2\/media\/49"}],"wp:attachment":[{"href":"https:\/\/wp.ufpel.edu.br\/samet\/wp-json\/wp\/v2\/media?parent=39"}],"curies":[{"name":"wp","href":"https:\/\/api.w.org\/{rel}","templated":true}]}}