{"id":37,"date":"2012-11-27T00:09:14","date_gmt":"2012-11-27T02:09:14","guid":{"rendered":"https:\/\/wp.ufpel.edu.br\/samet\/?page_id=37"},"modified":"2012-12-01T01:34:53","modified_gmt":"2012-12-01T03:34:53","slug":"inscricoes","status":"publish","type":"page","link":"https:\/\/wp.ufpel.edu.br\/samet\/inscricoes\/","title":{"rendered":"Inscri\u00e7\u00f5es"},"content":{"rendered":"<p>[iframe src=&#8221;https:\/\/docs.google.com\/spreadsheet\/embeddedform?formkey=dGpmOWlpNW9JOGhvS1l3TTc3Z0lfbHc6MQ&#8221; width=&#8221;650&#8243; height=&#8221;1250&#8243; frameborder=&#8221;0&#8243; marginheight=&#8221;0&#8243; marginwidth=&#8221;0&#8243;&gt;Loading&#8230;[\/iframe]<\/p>\n<p>Onde?<\/p>\n<p>Audit\u00f3rio da FAEM &#8211; Campus Cap\u00e3o do Le\u00e3o<\/p>\n<p>Valor?<\/p>\n<p>Totalmente gratuito!<\/p>\n","protected":false},"excerpt":{"rendered":"<p>[iframe src=&#8221;https:\/\/docs.google.com\/spreadsheet\/embeddedform?formkey=dGpmOWlpNW9JOGhvS1l3TTc3Z0lfbHc6MQ&#8221; width=&#8221;650&#8243; height=&#8221;1250&#8243; frameborder=&#8221;0&#8243; marginheight=&#8221;0&#8243; marginwidth=&#8221;0&#8243;&gt;Loading&#8230;[\/iframe] Onde? Audit\u00f3rio da FAEM &#8211; Campus Cap\u00e3o do Le\u00e3o Valor? Totalmente gratuito!<\/p>\n","protected":false},"author":140,"featured_media":51,"parent":0,"menu_order":1,"comment_status":"closed","ping_status":"closed","template":"","meta":{"footnotes":""},"class_list":["post-37","page","type-page","status-publish","has-post-thumbnail","hentry"],"_links":{"self":[{"href":"https:\/\/wp.ufpel.edu.br\/samet\/wp-json\/wp\/v2\/pages\/37","targetHints":{"allow":["GET"]}}],"collection":[{"href":"https:\/\/wp.ufpel.edu.br\/samet\/wp-json\/wp\/v2\/pages"}],"about":[{"href":"https:\/\/wp.ufpel.edu.br\/samet\/wp-json\/wp\/v2\/types\/page"}],"author":[{"embeddable":true,"href":"https:\/\/wp.ufpel.edu.br\/samet\/wp-json\/wp\/v2\/users\/140"}],"replies":[{"embeddable":true,"href":"https:\/\/wp.ufpel.edu.br\/samet\/wp-json\/wp\/v2\/comments?post=37"}],"version-history":[{"count":4,"href":"https:\/\/wp.ufpel.edu.br\/samet\/wp-json\/wp\/v2\/pages\/37\/revisions"}],"predecessor-version":[{"id":80,"href":"https:\/\/wp.ufpel.edu.br\/samet\/wp-json\/wp\/v2\/pages\/37\/revisions\/80"}],"wp:featuredmedia":[{"embeddable":true,"href":"https:\/\/wp.ufpel.edu.br\/samet\/wp-json\/wp\/v2\/media\/51"}],"wp:attachment":[{"href":"https:\/\/wp.ufpel.edu.br\/samet\/wp-json\/wp\/v2\/media?parent=37"}],"curies":[{"name":"wp","href":"https:\/\/api.w.org\/{rel}","templated":true}]}}