{"id":30,"date":"2010-10-27T09:26:10","date_gmt":"2010-10-27T12:26:10","guid":{"rendered":"https:\/\/wp.ufpel.edu.br\/salaoextensao\/"},"modified":"2010-12-09T15:49:49","modified_gmt":"2010-12-09T18:49:49","slug":"cronograma","status":"publish","type":"page","link":"https:\/\/wp.ufpel.edu.br\/salaoextensao\/cronograma\/","title":{"rendered":"Cronograma"},"content":{"rendered":"<p><span style=\"color: #000000\">\u00a0IV Sal\u00e3o de Extens\u00e3o 2011\/ UFPEL<\/span><\/p>\n<p><span style=\"color: #000000\">\u00a0\u00a0\u00a0\u00a0<strong>CRIA\u00c7\u00c2O, PARTICIPA\u00c7\u00c2O E COMPROMISSO<\/strong><\/span><\/p>\n<table style=\"width: 602px\" border=\"1\" cellspacing=\"0\" cellpadding=\"0\">\n<tbody>\n<tr>\n<td style=\"text-align: center\" width=\"205\" valign=\"top\"><span style=\"color: #000000\">\u00a0<\/span><span style=\"color: #000000\">25\/04 \u2013 2\u00aa Feira<\/span><\/td>\n<td style=\"text-align: center\" width=\"195\" valign=\"top\"><span style=\"color: #000000\">\u00a0<\/span><span style=\"color: #000000\">26\/04\u00a0 &#8211;\u00a0 3\u00aa Feira<\/span><\/td>\n<td style=\"text-align: center\" width=\"202\" valign=\"top\">\n<p style=\"text-align: center\"><span style=\"color: #000000\">27\/04\u2013 4\u00aa Feira<\/span><\/p>\n<\/td>\n<\/tr>\n<tr>\n<td width=\"205\" valign=\"top\"><span style=\"color: #000000\">\u00a0<\/span><\/p>\n<p><span style=\"color: #000000\">Equipe de\u00a0 Apoio \u201cbolsistas\u201d \u2013 credenciamento dos participantes ( para contar presen\u00e7a)<\/span><\/td>\n<td width=\"195\" valign=\"top\">\u00a0<\/p>\n<p><span style=\"color: #000000\">Local: Audit\u00f3rio da Fac. de Medicina<\/span><span style=\"color: #000000\">Manh\u00e3: Das 8:00 as 8:30 credenciamento<\/span><\/p>\n<p><span style=\"color: #000000\">Das 8:00 as 11:30 \u2013 Mesa de apresenta\u00e7\u00e3o das atividades de Extens\u00e3o pelas Unidades\u00a0\u00a0Acad\u00eamicas\/UFPEL<\/span><\/td>\n<td width=\"202\" valign=\"top\">\u00a0<\/p>\n<p><span style=\"color: #000000\">Local: Laneira<\/span><span style=\"color: #000000\">Manh\u00e3: Das 8:00 as 11:30<\/span><\/p>\n<p><span style=\"color: #000000\">Apresenta\u00e7\u00e3o dos P\u00f4steres e Avalia\u00e7\u00e3o<\/span><\/td>\n<\/tr>\n<tr>\n<td width=\"205\" valign=\"top\"><span style=\"color: #000000\">\u00a0<\/span><\/td>\n<td width=\"195\" valign=\"top\">\u00a0<\/p>\n<p><span style=\"color: #000000\">Local: Audit\u00f3rio da Fac. de Medicina<\/span><span style=\"color: #000000\">Tarde: Das 14:00 as 17:30 \u2013 Mesa de apresenta\u00e7\u00e3o das atividades de Extens\u00e3o pelas Unidades Acad\u00eamicas\/UFPEL<\/span><\/td>\n<td width=\"202\" valign=\"top\">\u00a0<\/p>\n<p><span style=\"color: #000000\">Local:\u00a0 Audit\u00f3rio de Fac. de Medicina<\/span><span style=\"color: #000000\">Tarde:\u00a0 F\u00f3rum\u00a0<\/span><\/p>\n<p><span style=\"color: #000000\">Apresenta\u00e7\u00e3o das\u00a0 s\u00ednteses e conclus\u00f5es\u00a0 das mesas<\/span><\/p>\n<p><span style=\"color: #000000\">Apresenta\u00e7\u00e3o da Pol\u00edtica de Extens\u00e3o<\/span><\/td>\n<\/tr>\n<tr>\n<td width=\"205\" valign=\"top\">\u00a0<\/p>\n<p><span style=\"color: #000000\">Local: Audit\u00f3rio da Fac. de <\/span><\/p>\n<p><span style=\"color: #000000\">Medicina<\/span><span style=\"color: #000000\">Noite: 19:00 Horas \u2013 ABERTURA<\/span><\/p>\n<p><span style=\"color: #000000\">Convidado do MEC \u2013 Tema Papel da Extens\u00e3o na flexibiliza\u00e7\u00e3o curricular ( Brandalise ).<\/span><\/p>\n<p><span style=\"color: #000000\">\u00a0Apresenta\u00e7\u00e3o Art\u00edstica\/CulturalCoral da Ufpel<\/span><\/td>\n<td width=\"195\" valign=\"top\">\u00a0<\/p>\n<p><span style=\"color: #000000\">Local:\u00a0 Audit\u00f3rio da Fac. de Medicina<\/span><span style=\"color: #000000\">Noite: Das 19:00 as 22:00<\/span><\/p>\n<p><span style=\"color: #000000\">\u00a0Mesa de apresenta\u00e7\u00e3o das atividades de Extens\u00e3o pelas Unidades Acad\u00eamicas\/UFPEL<\/span><\/td>\n<td width=\"202\" valign=\"top\">\u00a0<\/p>\n<p><span style=\"color: #000000\">Local: Aud. Fac. de\u00a0 Medicina<\/span><span style=\"color: #000000\">Noite: Das 19:00 as 22:00<\/span><\/p>\n<p><span style=\"color: #000000\">ENCERRAMENTO \u00a0Entrega de Pr\u00eamios ; Apresenta\u00e7\u00f5es Culturais Projetos\u00a0 de\u00a0 Extens\u00e3o<\/span><\/td>\n<\/tr>\n<\/tbody>\n<\/table>\n","protected":false},"excerpt":{"rendered":"<p>\u00a0IV Sal\u00e3o de Extens\u00e3o 2011\/ UFPEL \u00a0\u00a0\u00a0\u00a0CRIA\u00c7\u00c2O, PARTICIPA\u00c7\u00c2O E COMPROMISSO \u00a025\/04 \u2013 2\u00aa Feira \u00a026\/04\u00a0 &#8211;\u00a0 3\u00aa Feira 27\/04\u2013 4\u00aa Feira \u00a0 Equipe de\u00a0 Apoio \u201cbolsistas\u201d \u2013 credenciamento dos participantes ( para contar presen\u00e7a) \u00a0 Local: Audit\u00f3rio da Fac. de MedicinaManh\u00e3: Das 8:00 as 8:30 credenciamento Das 8:00 as 11:30 \u2013 Mesa de apresenta\u00e7\u00e3o das [&hellip;]<\/p>\n","protected":false},"author":78,"featured_media":0,"parent":0,"menu_order":0,"comment_status":"closed","ping_status":"open","template":"","meta":{"footnotes":""},"class_list":["post-30","page","type-page","status-publish","hentry"],"_links":{"self":[{"href":"https:\/\/wp.ufpel.edu.br\/salaoextensao\/wp-json\/wp\/v2\/pages\/30","targetHints":{"allow":["GET"]}}],"collection":[{"href":"https:\/\/wp.ufpel.edu.br\/salaoextensao\/wp-json\/wp\/v2\/pages"}],"about":[{"href":"https:\/\/wp.ufpel.edu.br\/salaoextensao\/wp-json\/wp\/v2\/types\/page"}],"author":[{"embeddable":true,"href":"https:\/\/wp.ufpel.edu.br\/salaoextensao\/wp-json\/wp\/v2\/users\/78"}],"replies":[{"embeddable":true,"href":"https:\/\/wp.ufpel.edu.br\/salaoextensao\/wp-json\/wp\/v2\/comments?post=30"}],"version-history":[{"count":12,"href":"https:\/\/wp.ufpel.edu.br\/salaoextensao\/wp-json\/wp\/v2\/pages\/30\/revisions"}],"predecessor-version":[{"id":81,"href":"https:\/\/wp.ufpel.edu.br\/salaoextensao\/wp-json\/wp\/v2\/pages\/30\/revisions\/81"}],"wp:attachment":[{"href":"https:\/\/wp.ufpel.edu.br\/salaoextensao\/wp-json\/wp\/v2\/media?parent=30"}],"curies":[{"name":"wp","href":"https:\/\/api.w.org\/{rel}","templated":true}]}}

<p><span style="color: #000000"> IV Salão de Extensão 2011/ UFPEL</span></p>
<p><span style="color: #000000">    <strong>CRIAÇÂO, PARTICIPAÇÂO E COMPROMISSO</strong></span></p>
<table style="width: 602px" border="1" cellspacing="0" cellpadding="0">
<tbody>
<tr>
<td style="text-align: center" width="205" valign="top"><span style="color: #000000"> </span><span style="color: #000000">25/04 – 2ª Feira</span></td>
<td style="text-align: center" width="195" valign="top"><span style="color: #000000"> </span><span style="color: #000000">26/04  &#8211;  3ª Feira</span></td>
<td style="text-align: center" width="202" valign="top">
<p style="text-align: center"><span style="color: #000000">27/04– 4ª Feira</span></p>
</td>
</tr>
<tr>
<td width="205" valign="top"><span style="color: #000000"> </span></p>
<p><span style="color: #000000">Equipe de  Apoio “bolsistas” – credenciamento dos participantes ( para contar presença)</span></td>
<td width="195" valign="top"> </p>
<p><span style="color: #000000">Local: Auditório da Fac. de Medicina</span><span style="color: #000000">Manhã: Das 8:00 as 8:30 credenciamento</span></p>
<p><span style="color: #000000">Das 8:00 as 11:30 – Mesa de apresentação das atividades de Extensão pelas Unidades  Acadêmicas/UFPEL</span></td>
<td width="202" valign="top"> </p>
<p><span style="color: #000000">Local: Laneira</span><span style="color: #000000">Manhã: Das 8:00 as 11:30</span></p>
<p><span style="color: #000000">Apresentação dos Pôsteres e Avaliação</span></td>
</tr>
<tr>
<td width="205" valign="top"><span style="color: #000000"> </span></td>
<td width="195" valign="top"> </p>
<p><span style="color: #000000">Local: Auditório da Fac. de Medicina</span><span style="color: #000000">Tarde: Das 14:00 as 17:30 – Mesa de apresentação das atividades de Extensão pelas Unidades Acadêmicas/UFPEL</span></td>
<td width="202" valign="top"> </p>
<p><span style="color: #000000">Local:  Auditório de Fac. de Medicina</span><span style="color: #000000">Tarde:  Fórum </span></p>
<p><span style="color: #000000">Apresentação das  sínteses e conclusões  das mesas</span></p>
<p><span style="color: #000000">Apresentação da Política de Extensão</span></td>
</tr>
<tr>
<td width="205" valign="top"> </p>
<p><span style="color: #000000">Local: Auditório da Fac. de </span></p>
<p><span style="color: #000000">Medicina</span><span style="color: #000000">Noite: 19:00 Horas – ABERTURA</span></p>
<p><span style="color: #000000">Convidado do MEC – Tema Papel da Extensão na flexibilização curricular ( Brandalise ).</span></p>
<p><span style="color: #000000"> Apresentação Artística/CulturalCoral da Ufpel</span></td>
<td width="195" valign="top"> </p>
<p><span style="color: #000000">Local:  Auditório da Fac. de Medicina</span><span style="color: #000000">Noite: Das 19:00 as 22:00</span></p>
<p><span style="color: #000000"> Mesa de apresentação das atividades de Extensão pelas Unidades Acadêmicas/UFPEL</span></td>
<td width="202" valign="top"> </p>
<p><span style="color: #000000">Local: Aud. Fac. de  Medicina</span><span style="color: #000000">Noite: Das 19:00 as 22:00</span></p>
<p><span style="color: #000000">ENCERRAMENTO  Entrega de Prêmios ; Apresentações Culturais Projetos  de  Extensão</span></td>
</tr>
</tbody>
</table>

<p> IV Salão de Extensão 2011/ UFPEL     CRIAÇÂO, PARTICIPAÇÂO E COMPROMISSO  25/04 – 2ª Feira  26/04  &#8211;  3ª Feira 27/04– 4ª Feira   Equipe de  Apoio “bolsistas” – credenciamento dos participantes ( para contar presença)   Local: Auditório da Fac. de MedicinaManhã: Das 8:00 as 8:30 credenciamento Das 8:00 as 11:30 – Mesa de apresentação das [&hellip;]</p>
