{"id":24,"date":"2010-10-27T09:22:44","date_gmt":"2010-10-27T12:22:44","guid":{"rendered":"https:\/\/wp.ufpel.edu.br\/salaoextensao\/"},"modified":"2010-12-09T15:18:48","modified_gmt":"2010-12-09T18:18:48","slug":"datas-importantes","status":"publish","type":"page","link":"https:\/\/wp.ufpel.edu.br\/salaoextensao\/datas-importantes\/","title":{"rendered":"Datas Importantes"},"content":{"rendered":"<p>Inscri\u00e7\u00f5es de 15 de Dezembro de 2010 at\u00e9 15 de janeiro de 2011.<\/p>\n<p>                 25, 26 e 27 de Abril de 2011 vai acontecer o IV Sal\u00e3o de Extens\u00e3o\/ UFPEL<br \/>\n                 25\/04\/2011 (2\u00aa feira) ABERTURA<br \/>\n                 26 e 27\/04\/2011 (3\u00aa e 4\u00aa feira) Mesas de Apresenta\u00e7\u00e3o das A\u00e7\u00f5es de Extens\u00e3o das Unidades da UFPEL.<br \/>\n                 27\/04 (4\u00aa feira) Manh\u00e3 Apresenta\u00e7\u00e3o dos &#8220;Banner&#8221;<br \/>\n                 ENCERRAMENTO E ENTREGA DE PR\u00caMIOS<\/p>\n","protected":false},"excerpt":{"rendered":"<p>Inscri\u00e7\u00f5es de 15 de Dezembro de 2010 at\u00e9 15 de janeiro de 2011. 25, 26 e 27 de Abril de 2011 vai acontecer o IV Sal\u00e3o de Extens\u00e3o\/ UFPEL 25\/04\/2011 (2\u00aa feira) ABERTURA 26 e 27\/04\/2011 (3\u00aa e 4\u00aa feira) Mesas de Apresenta\u00e7\u00e3o das A\u00e7\u00f5es de Extens\u00e3o das Unidades da UFPEL. 27\/04 (4\u00aa feira) Manh\u00e3 [&hellip;]<\/p>\n","protected":false},"author":78,"featured_media":0,"parent":0,"menu_order":0,"comment_status":"closed","ping_status":"open","template":"","meta":{"footnotes":""},"class_list":["post-24","page","type-page","status-publish","hentry"],"_links":{"self":[{"href":"https:\/\/wp.ufpel.edu.br\/salaoextensao\/wp-json\/wp\/v2\/pages\/24","targetHints":{"allow":["GET"]}}],"collection":[{"href":"https:\/\/wp.ufpel.edu.br\/salaoextensao\/wp-json\/wp\/v2\/pages"}],"about":[{"href":"https:\/\/wp.ufpel.edu.br\/salaoextensao\/wp-json\/wp\/v2\/types\/page"}],"author":[{"embeddable":true,"href":"https:\/\/wp.ufpel.edu.br\/salaoextensao\/wp-json\/wp\/v2\/users\/78"}],"replies":[{"embeddable":true,"href":"https:\/\/wp.ufpel.edu.br\/salaoextensao\/wp-json\/wp\/v2\/comments?post=24"}],"version-history":[{"count":5,"href":"https:\/\/wp.ufpel.edu.br\/salaoextensao\/wp-json\/wp\/v2\/pages\/24\/revisions"}],"predecessor-version":[{"id":101,"href":"https:\/\/wp.ufpel.edu.br\/salaoextensao\/wp-json\/wp\/v2\/pages\/24\/revisions\/101"}],"wp:attachment":[{"href":"https:\/\/wp.ufpel.edu.br\/salaoextensao\/wp-json\/wp\/v2\/media?parent=24"}],"curies":[{"name":"wp","href":"https:\/\/api.w.org\/{rel}","templated":true}]}}

<p>Inscrições de 15 de Dezembro de 2010 até 15 de janeiro de 2011.</p>
<p>                 25, 26 e 27 de Abril de 2011 vai acontecer o IV Salão de Extensão/ UFPEL<br />
                 25/04/2011 (2ª feira) ABERTURA<br />
                 26 e 27/04/2011 (3ª e 4ª feira) Mesas de Apresentação das Ações de Extensão das Unidades da UFPEL.<br />
                 27/04 (4ª feira) Manhã Apresentação dos &#8220;Banner&#8221;<br />
                 ENCERRAMENTO E ENTREGA DE PRÊMIOS</p>

<p>Inscrições de 15 de Dezembro de 2010 até 15 de janeiro de 2011. 25, 26 e 27 de Abril de 2011 vai acontecer o IV Salão de Extensão/ UFPEL 25/04/2011 (2ª feira) ABERTURA 26 e 27/04/2011 (3ª e 4ª feira) Mesas de Apresentação das Ações de Extensão das Unidades da UFPEL. 27/04 (4ª feira) Manhã [&hellip;]</p>
