{"id":20,"date":"2010-10-27T09:15:34","date_gmt":"2010-10-27T12:15:34","guid":{"rendered":"https:\/\/wp.ufpel.edu.br\/salaoextensao\/"},"modified":"2010-11-25T10:03:46","modified_gmt":"2010-11-25T13:03:46","slug":"apresentacao","status":"publish","type":"page","link":"https:\/\/wp.ufpel.edu.br\/salaoextensao\/apresentacao\/","title":{"rendered":"Apresenta\u00e7\u00e3o"},"content":{"rendered":"<p>      A PREC realizar\u00e1 no m\u00eas de Abril de 2011 o IV Sal\u00e3o de Extens\u00e3o, tendo como foco a cria\u00e7\u00e3o, participa\u00e7\u00e3o e compromisso.<\/p>\n<p>      A UFPel, nestes quarenta e um anos de exist\u00eancia, consolidada como institui\u00e7\u00e3o dedicada \u00e0 educa\u00e7\u00e3o, obstinadamente visualiza a inclus\u00e3o social.<\/p>\n<p>      Como meta primordial, fazendo da atividade extensionista o meio incrementador da produ\u00e7\u00e3o do conhecimento colocado \u00e0 disposi\u00e7\u00e3o da sociedade, assim como recebendo dela os anseios, pretens\u00f5es e saberes, em especial daqueles que ainda est\u00e3o desassistidos e carentes, como destinat\u00e1rios \u00faltimos dos compromissos assumidos pela Academia.<br \/>\nParticipe do Sal\u00e3o, criando e fixando o compromisso com a sociedade.<\/p>\n<p>  Prof. Ernani \u00c1vila<br \/>\n  Pr\u00f3-Reitor de Extens\u00e3o e Cultura<br \/>\n  UFPel<\/p>\n","protected":false},"excerpt":{"rendered":"<p>A PREC realizar\u00e1 no m\u00eas de Abril de 2011 o IV Sal\u00e3o de Extens\u00e3o, tendo como foco a cria\u00e7\u00e3o, participa\u00e7\u00e3o e compromisso. A UFPel, nestes quarenta e um anos de exist\u00eancia, consolidada como institui\u00e7\u00e3o dedicada \u00e0 educa\u00e7\u00e3o, obstinadamente visualiza a inclus\u00e3o social. Como meta primordial, fazendo da atividade extensionista o meio incrementador da produ\u00e7\u00e3o do [&hellip;]<\/p>\n","protected":false},"author":78,"featured_media":0,"parent":0,"menu_order":0,"comment_status":"closed","ping_status":"open","template":"","meta":{"footnotes":""},"class_list":["post-20","page","type-page","status-publish","hentry"],"_links":{"self":[{"href":"https:\/\/wp.ufpel.edu.br\/salaoextensao\/wp-json\/wp\/v2\/pages\/20","targetHints":{"allow":["GET"]}}],"collection":[{"href":"https:\/\/wp.ufpel.edu.br\/salaoextensao\/wp-json\/wp\/v2\/pages"}],"about":[{"href":"https:\/\/wp.ufpel.edu.br\/salaoextensao\/wp-json\/wp\/v2\/types\/page"}],"author":[{"embeddable":true,"href":"https:\/\/wp.ufpel.edu.br\/salaoextensao\/wp-json\/wp\/v2\/users\/78"}],"replies":[{"embeddable":true,"href":"https:\/\/wp.ufpel.edu.br\/salaoextensao\/wp-json\/wp\/v2\/comments?post=20"}],"version-history":[{"count":3,"href":"https:\/\/wp.ufpel.edu.br\/salaoextensao\/wp-json\/wp\/v2\/pages\/20\/revisions"}],"predecessor-version":[{"id":79,"href":"https:\/\/wp.ufpel.edu.br\/salaoextensao\/wp-json\/wp\/v2\/pages\/20\/revisions\/79"}],"wp:attachment":[{"href":"https:\/\/wp.ufpel.edu.br\/salaoextensao\/wp-json\/wp\/v2\/media?parent=20"}],"curies":[{"name":"wp","href":"https:\/\/api.w.org\/{rel}","templated":true}]}}

Apresentação

<p>      A PREC realizará no mês de Abril de 2011 o IV Salão de Extensão, tendo como foco a criação, participação e compromisso.</p>
<p>      A UFPel, nestes quarenta e um anos de existência, consolidada como instituição dedicada à educação, obstinadamente visualiza a inclusão social.</p>
<p>      Como meta primordial, fazendo da atividade extensionista o meio incrementador da produção do conhecimento colocado à disposição da sociedade, assim como recebendo dela os anseios, pretensões e saberes, em especial daqueles que ainda estão desassistidos e carentes, como destinatários últimos dos compromissos assumidos pela Academia.<br />
Participe do Salão, criando e fixando o compromisso com a sociedade.</p>
<p>  Prof. Ernani Ávila<br />
  Pró-Reitor de Extensão e Cultura<br />
  UFPel</p>

<p>A PREC realizará no mês de Abril de 2011 o IV Salão de Extensão, tendo como foco a criação, participação e compromisso. A UFPel, nestes quarenta e um anos de existência, consolidada como instituição dedicada à educação, obstinadamente visualiza a inclusão social. Como meta primordial, fazendo da atividade extensionista o meio incrementador da produção do [&hellip;]</p>
