{"id":128,"date":"2011-02-18T11:11:17","date_gmt":"2011-02-18T14:11:17","guid":{"rendered":"https:\/\/wp.ufpel.edu.br\/salaoextensao\/"},"modified":"2011-02-18T11:11:17","modified_gmt":"2011-02-18T14:11:17","slug":"comunicado","status":"publish","type":"page","link":"https:\/\/wp.ufpel.edu.br\/salaoextensao\/comunicado\/","title":{"rendered":"Comunicado"},"content":{"rendered":"<p>Memorando DEXT n\u00ba \u00a0\u00a002\/2011<\/p>\n<p>Pelotas, 27 de janeiro de 2011.<\/p>\n<p>De: Prof. Jo\u00e3o Nelci Brandalise<\/p>\n<p>Diretor do DEXT\/PREC<\/p>\n<p><strong>Diretores das Unidades Acad\u00eamicas e Membros do Conselho de Extens\u00e3o (em constru\u00e7\u00e3o)<\/strong><\/p>\n<p><strong>Assunto<\/strong>: Prorrogra\u00e7\u00e3o do prazo de inscri\u00e7\u00e3o de trabalhos e participa\u00e7\u00e3o no IV Sal\u00e3o de Extens\u00e3o de Cultura.<\/p>\n<p>Prezados senhores (as),<\/p>\n<p>Cumprimentando-o cordialmente, vimos pelo presente informar que em raz\u00e3o do per\u00edodo de f\u00e9rias e problemas enfrentados na realiza\u00e7\u00e3o das inscri\u00e7\u00f5es do 4\u00ba sal\u00e3o de extens\u00e3o, a comiss\u00e3o do evento resolve reabrir o per\u00edodo de inscri\u00e7\u00f5es de <strong>01\/02\/2011 \u00e0 15\/03\/2011<\/strong>.<\/p>\n<p>Considerando a import\u00e2ncia do evento para que os extensionistas da UFPel possam apresentar e compartilhar suas experi\u00eancias com os demais colegas e comunidade, representantes do conselho de extens\u00e3o da Pr\u00f3-Reitoria de Extens\u00e3o e Cultura e membros da comiss\u00e3o organizadora do evento prorrogam o prazo de inscri\u00e7\u00f5es para que aqueles que desejam participar do sal\u00e3o de extens\u00e3o e n\u00e3o puderam efetivar sua inscri\u00e7\u00e3o no prazo anterior tenham a oportunidade de inscrever seus trabalhos.<\/p>\n<p>Aproveitamos para informar que os demais prazos indicados no regulamento permanecem inalterados e em caso de dificuldades no envio dos trabalhos o fa\u00e7a no formato\u00a0 Word. O site para maiores informa\u00e7\u00f5es e inscri\u00e7\u00f5es \u00e9:<\/p>\n<p><a href=\"..\/\">https:\/\/wp.ufpel.edu.br\/salaoextensao\/<\/a><\/p>\n<p>Certos de sua aten\u00e7\u00e3o e colabora\u00e7\u00e3o solicitamos ampla divulga\u00e7\u00e3o nesta unidade acad\u00eamica para que todos possam participar.<\/p>\n<p>Sem mais nada para o momento, agradecemos antecipadamente.<\/p>\n<p>Atenciosamente,<\/p>\n<p>_______________________________<\/p>\n<p>Prof. Jo\u00e3o N. Brandalise<\/p>\n<p>Diretor DEXT-PREC<\/p>\n","protected":false},"excerpt":{"rendered":"<p>Memorando DEXT n\u00ba \u00a0\u00a002\/2011 Pelotas, 27 de janeiro de 2011. De: Prof. Jo\u00e3o Nelci Brandalise Diretor do DEXT\/PREC Diretores das Unidades Acad\u00eamicas e Membros do Conselho de Extens\u00e3o (em constru\u00e7\u00e3o) Assunto: Prorrogra\u00e7\u00e3o do prazo de inscri\u00e7\u00e3o de trabalhos e participa\u00e7\u00e3o no IV Sal\u00e3o de Extens\u00e3o de Cultura. Prezados senhores (as), Cumprimentando-o cordialmente, vimos pelo presente [&hellip;]<\/p>\n","protected":false},"author":78,"featured_media":0,"parent":0,"menu_order":0,"comment_status":"closed","ping_status":"open","template":"","meta":{"footnotes":""},"class_list":["post-128","page","type-page","status-publish","hentry"],"_links":{"self":[{"href":"https:\/\/wp.ufpel.edu.br\/salaoextensao\/wp-json\/wp\/v2\/pages\/128","targetHints":{"allow":["GET"]}}],"collection":[{"href":"https:\/\/wp.ufpel.edu.br\/salaoextensao\/wp-json\/wp\/v2\/pages"}],"about":[{"href":"https:\/\/wp.ufpel.edu.br\/salaoextensao\/wp-json\/wp\/v2\/types\/page"}],"author":[{"embeddable":true,"href":"https:\/\/wp.ufpel.edu.br\/salaoextensao\/wp-json\/wp\/v2\/users\/78"}],"replies":[{"embeddable":true,"href":"https:\/\/wp.ufpel.edu.br\/salaoextensao\/wp-json\/wp\/v2\/comments?post=128"}],"version-history":[{"count":4,"href":"https:\/\/wp.ufpel.edu.br\/salaoextensao\/wp-json\/wp\/v2\/pages\/128\/revisions"}],"predecessor-version":[{"id":132,"href":"https:\/\/wp.ufpel.edu.br\/salaoextensao\/wp-json\/wp\/v2\/pages\/128\/revisions\/132"}],"wp:attachment":[{"href":"https:\/\/wp.ufpel.edu.br\/salaoextensao\/wp-json\/wp\/v2\/media?parent=128"}],"curies":[{"name":"wp","href":"https:\/\/api.w.org\/{rel}","templated":true}]}}

<p>Memorando DEXT nº   02/2011</p>
<p>Pelotas, 27 de janeiro de 2011.</p>
<p>De: Prof. João Nelci Brandalise</p>
<p>Diretor do DEXT/PREC</p>
<p><strong>Diretores das Unidades Acadêmicas e Membros do Conselho de Extensão (em construção)</strong></p>
<p><strong>Assunto</strong>: Prorrogração do prazo de inscrição de trabalhos e participação no IV Salão de Extensão de Cultura.</p>
<p>Prezados senhores (as),</p>
<p>Cumprimentando-o cordialmente, vimos pelo presente informar que em razão do período de férias e problemas enfrentados na realização das inscrições do 4º salão de extensão, a comissão do evento resolve reabrir o período de inscrições de <strong>01/02/2011 à 15/03/2011</strong>.</p>
<p>Considerando a importância do evento para que os extensionistas da UFPel possam apresentar e compartilhar suas experiências com os demais colegas e comunidade, representantes do conselho de extensão da Pró-Reitoria de Extensão e Cultura e membros da comissão organizadora do evento prorrogam o prazo de inscrições para que aqueles que desejam participar do salão de extensão e não puderam efetivar sua inscrição no prazo anterior tenham a oportunidade de inscrever seus trabalhos.</p>
<p>Aproveitamos para informar que os demais prazos indicados no regulamento permanecem inalterados e em caso de dificuldades no envio dos trabalhos o faça no formato  Word. O site para maiores informações e inscrições é:</p>
<p><a href="../">https://wp.ufpel.edu.br/salaoextensao/</a></p>
<p>Certos de sua atenção e colaboração solicitamos ampla divulgação nesta unidade acadêmica para que todos possam participar.</p>
<p>Sem mais nada para o momento, agradecemos antecipadamente.</p>
<p>Atenciosamente,</p>
<p>_______________________________</p>
<p>Prof. João N. Brandalise</p>
<p>Diretor DEXT-PREC</p>

<p>Memorando DEXT nº   02/2011 Pelotas, 27 de janeiro de 2011. De: Prof. João Nelci Brandalise Diretor do DEXT/PREC Diretores das Unidades Acadêmicas e Membros do Conselho de Extensão (em construção) Assunto: Prorrogração do prazo de inscrição de trabalhos e participação no IV Salão de Extensão de Cultura. Prezados senhores (as), Cumprimentando-o cordialmente, vimos pelo presente [&hellip;]</p>
