{"id":87,"date":"2017-08-06T23:55:41","date_gmt":"2017-08-07T02:55:41","guid":{"rendered":"https:\/\/wp.ufpel.edu.br\/saif\/?page_id=87"},"modified":"2024-07-05T17:12:27","modified_gmt":"2024-07-05T20:12:27","slug":"modalidades-de-participacao-i-saif","status":"publish","type":"page","link":"https:\/\/wp.ufpel.edu.br\/saif\/modalidades-de-participacao-i-saif\/","title":{"rendered":"Modalidades de Participa\u00e7\u00e3o I SAIF"},"content":{"rendered":"<p style=\"text-align: justify;\">A participa\u00e7\u00e3o na I SAIF \u2013 UFPel poder\u00e1 se dar nas seguintes modalidades:<\/p>\n<p style=\"text-align: justify;\">1) apenas como <strong>OUVINTE das confer\u00eancias noturnas <\/strong>(quem estiver presente em, no m\u00ednimo, quatro das cinco confer\u00eancias, receber\u00e1 certifica\u00e7\u00e3o com carga hor\u00e1ria de 10h);<\/p>\n<p style=\"text-align: justify;\">2) como <strong>OUVINTE em todo o evento<\/strong>, isto \u00e9, participando das confer\u00eancias, dos minicursos, das mesas redondas\/tem\u00e1ticas e das sess\u00f5es de comunica\u00e7\u00f5es (quem estiver presente em, no m\u00ednimo, oito dos treze turnos, receber\u00e1 certifica\u00e7\u00e3o com carga hor\u00e1ria de 30h);<\/p>\n<p style=\"text-align: justify;\">3) e\/ou como <strong>COMUNICADOR<\/strong>, isto \u00e9, como apresentador de comunica\u00e7\u00e3o oral (quem o fizer receber\u00e1 certifica\u00e7\u00e3o com seu nome e t\u00edtulo do trabalho apresentado).<\/p>\n<p style=\"text-align: justify;\">No ato da inscri\u00e7\u00e3o, \u00e9 preciso escolher a modalidade de participa\u00e7\u00e3o:<\/p>\n<p style=\"text-align: justify;\">a) apenas ouvinte das confer\u00eancias;<\/p>\n<p style=\"text-align: justify;\">b) apenas ouvinte em todo o evento;<\/p>\n<p style=\"text-align: justify;\">c) apenas comunicador;<\/p>\n<p style=\"text-align: justify;\"><span style=\"font-size: 1.8rem;\">d) ouvinte das confer\u00eancias e comunicador;<\/span><\/p>\n<p style=\"text-align: justify;\"><span style=\"font-size: 1.8rem;\">e) ouvinte em todo o evento e comunicador.<\/span><\/p>\n","protected":false},"excerpt":{"rendered":"<p>A participa\u00e7\u00e3o na I SAIF \u2013 UFPel poder\u00e1 se dar nas seguintes modalidades: 1) apenas como OUVINTE das confer\u00eancias noturnas (quem estiver presente em, no m\u00ednimo, quatro das cinco confer\u00eancias, receber\u00e1 certifica\u00e7\u00e3o com carga hor\u00e1ria de 10h); 2) como OUVINTE em todo o evento, isto \u00e9, participando das confer\u00eancias, dos minicursos, das mesas redondas\/tem\u00e1ticas e &hellip; <a href=\"https:\/\/wp.ufpel.edu.br\/saif\/modalidades-de-participacao-i-saif\/\" class=\"more-link\">Continue lendo<span class=\"screen-reader-text\"> &#8220;Modalidades de Participa\u00e7\u00e3o I SAIF&#8221;<\/span><\/a><\/p>\n","protected":false},"author":771,"featured_media":0,"parent":0,"menu_order":0,"comment_status":"closed","ping_status":"closed","template":"","meta":{"footnotes":""},"class_list":["post-87","page","type-page","status-publish","hentry"],"jetpack_sharing_enabled":true,"_links":{"self":[{"href":"https:\/\/wp.ufpel.edu.br\/saif\/wp-json\/wp\/v2\/pages\/87","targetHints":{"allow":["GET"]}}],"collection":[{"href":"https:\/\/wp.ufpel.edu.br\/saif\/wp-json\/wp\/v2\/pages"}],"about":[{"href":"https:\/\/wp.ufpel.edu.br\/saif\/wp-json\/wp\/v2\/types\/page"}],"author":[{"embeddable":true,"href":"https:\/\/wp.ufpel.edu.br\/saif\/wp-json\/wp\/v2\/users\/771"}],"replies":[{"embeddable":true,"href":"https:\/\/wp.ufpel.edu.br\/saif\/wp-json\/wp\/v2\/comments?post=87"}],"version-history":[{"count":2,"href":"https:\/\/wp.ufpel.edu.br\/saif\/wp-json\/wp\/v2\/pages\/87\/revisions"}],"predecessor-version":[{"id":436,"href":"https:\/\/wp.ufpel.edu.br\/saif\/wp-json\/wp\/v2\/pages\/87\/revisions\/436"}],"wp:attachment":[{"href":"https:\/\/wp.ufpel.edu.br\/saif\/wp-json\/wp\/v2\/media?parent=87"}],"curies":[{"name":"wp","href":"https:\/\/api.w.org\/{rel}","templated":true}]}}

Modalidades de Participação I SAIF

<p style="text-align: justify;">A participação na I SAIF – UFPel poderá se dar nas seguintes modalidades:</p>
<p style="text-align: justify;">1) apenas como <strong>OUVINTE das conferências noturnas </strong>(quem estiver presente em, no mínimo, quatro das cinco conferências, receberá certificação com carga horária de 10h);</p>
<p style="text-align: justify;">2) como <strong>OUVINTE em todo o evento</strong>, isto é, participando das conferências, dos minicursos, das mesas redondas/temáticas e das sessões de comunicações (quem estiver presente em, no mínimo, oito dos treze turnos, receberá certificação com carga horária de 30h);</p>
<p style="text-align: justify;">3) e/ou como <strong>COMUNICADOR</strong>, isto é, como apresentador de comunicação oral (quem o fizer receberá certificação com seu nome e título do trabalho apresentado).</p>
<p style="text-align: justify;">No ato da inscrição, é preciso escolher a modalidade de participação:</p>
<p style="text-align: justify;">a) apenas ouvinte das conferências;</p>
<p style="text-align: justify;">b) apenas ouvinte em todo o evento;</p>
<p style="text-align: justify;">c) apenas comunicador;</p>
<p style="text-align: justify;"><span style="font-size: 1.8rem;">d) ouvinte das conferências e comunicador;</span></p>
<p style="text-align: justify;"><span style="font-size: 1.8rem;">e) ouvinte em todo o evento e comunicador.</span></p>

<p>A participação na I SAIF – UFPel poderá se dar nas seguintes modalidades: 1) apenas como OUVINTE das conferências noturnas (quem estiver presente em, no mínimo, quatro das cinco conferências, receberá certificação com carga horária de 10h); 2) como OUVINTE em todo o evento, isto é, participando das conferências, dos minicursos, das mesas redondas/temáticas e &hellip; <a href="https://wp.ufpel.edu.br/saif/modalidades-de-participacao-i-saif/" class="more-link">Continue lendo<span class="screen-reader-text"> &#8220;Modalidades de Participação I SAIF&#8221;</span></a></p>
