{"id":556,"date":"2024-08-28T20:03:42","date_gmt":"2024-08-28T23:03:42","guid":{"rendered":"https:\/\/wp.ufpel.edu.br\/saif\/?page_id=556"},"modified":"2025-11-11T18:44:55","modified_gmt":"2025-11-11T21:44:55","slug":"normas-de-resumos","status":"publish","type":"page","link":"https:\/\/wp.ufpel.edu.br\/saif\/normas-de-resumos\/","title":{"rendered":"Normas de resumos"},"content":{"rendered":"<h3>Ser\u00e3o aceitas propostas em todas as \u00e1reas de interesse filos\u00f3fico e nos temas do escopo do evento (alunos de gradua\u00e7\u00e3o e p\u00f3s-gradua\u00e7\u00e3o de qualquer curso ou universidade). As comunica\u00e7\u00f5es ter\u00e3o a dura\u00e7\u00e3o m\u00e1xima de 20 minutos, sendo 15 minutos para a apresenta\u00e7\u00e3o e 5 minutos para a discuss\u00e3o e coment\u00e1rios.<\/h3>\n<h3>Prazo de envio dos resumos: de 11\/11\/25 a 1\/12\/25.<\/h3>\n<h3 style=\"font-weight: 400;\"><strong>Diretrizes para submiss\u00e3o de resumos:<\/strong><\/h3>\n<ol>\n<li>\n<h6>Cada autor ter\u00e1 direito a enviar apenas <b><strong>uma proposta<\/strong><\/b> para comunica\u00e7\u00e3o;<\/h6>\n<\/li>\n<li>\n<h6>Dever\u00e1 ser enviado um<b><strong> resumo, com no m\u00ednimo 300 e no m\u00e1ximo 800 palavras<\/strong><\/b>, a ser anexado (arquivo .pdf) em um campo apropriado no Formul\u00e1rio de Inscri\u00e7\u00e3o;<\/h6>\n<\/li>\n<li>\n<h6>Ser\u00e3o aceitos trabalhos sobre problemas e temas de Filosofia e \u00e1reas afins, sobretudo aqueles vinculados ao tema do evento, escritos em portugu\u00eas, ingl\u00eas ou espanhol;<\/h6>\n<\/li>\n<li>\n<h6>Os trabalhos selecionados ser\u00e3o divididos em sess\u00f5es tem\u00e1ticas e alguns poder\u00e3o ser apresentados de forma online;<\/h6>\n<\/li>\n<li>\n<h6>Ser\u00e3o aceitos trabalhos de graduandos e p\u00f3s-graduandos;<\/h6>\n<\/li>\n<li>\n<h6>Ser\u00e3o aceitos trabalhos em coautoria<strong>\u00a0(en<\/strong>tre discentes, apenas);<\/h6>\n<\/li>\n<li>\n<h6>Todas as propostas ser\u00e3o avaliadas pela Comiss\u00e3o Cient\u00edfica da V<b><strong> Semana Acad\u00eamica Integrada do Departamento de Filosofia da UFPel;<\/strong><\/b><\/h6>\n<\/li>\n<li>\n<h6>O trabalho submetido, ap\u00f3s aprovado, ser\u00e1 a base da comunica\u00e7\u00e3o oficial para apresenta\u00e7\u00e3o no dia do evento;<\/h6>\n<\/li>\n<li>\n<h6>As propostas aprovadas ser\u00e3o divulgadas na p\u00e1gina do Departamento de Filosofia da UFPel e na p\u00e1gina oficial do evento;<\/h6>\n<\/li>\n<li>\n<h6>A certifica\u00e7\u00e3o est\u00e1 condicionada a entrega do resumo e da apresenta\u00e7\u00e3o de acordo com o prazo;<\/h6>\n<\/li>\n<\/ol>\n<h6>Link para baixar o modelo de resumo:<\/h6>\n<blockquote><p><strong><a href=\"https:\/\/docs.google.com\/document\/d\/16sd_FjsyKi3hoQjCRWm7ON2hKNv1VdM2YO_hVd3cdiY\/\">https:\/\/docs.google.com\/document\/d\/16sd_FjsyKi3hoQjCRWm7ON2hKNv1VdM2YO_hVd3cdiY\/<\/a><\/strong><\/p><\/blockquote>\n<h6><strong>Em caso de d\u00favidas, envie mensagem para o endere\u00e7o eletr\u00f4nico: <\/strong><a href=\"mailto:vsaifufpel@gmail.com\">vsaifufpel@gmail.com<\/a><\/h6>\n","protected":false},"excerpt":{"rendered":"<p>Ser\u00e3o aceitas propostas em todas as \u00e1reas de interesse filos\u00f3fico e nos temas do escopo do evento (alunos de gradua\u00e7\u00e3o e p\u00f3s-gradua\u00e7\u00e3o de qualquer curso ou universidade). As comunica\u00e7\u00f5es ter\u00e3o a dura\u00e7\u00e3o m\u00e1xima de 20 minutos, sendo 15 minutos para a apresenta\u00e7\u00e3o e 5 minutos para a discuss\u00e3o e coment\u00e1rios. Prazo de envio dos resumos: &hellip; <a href=\"https:\/\/wp.ufpel.edu.br\/saif\/normas-de-resumos\/\" class=\"more-link\">Continue lendo<span class=\"screen-reader-text\"> &#8220;Normas de resumos&#8221;<\/span><\/a><\/p>\n","protected":false},"author":1391,"featured_media":0,"parent":0,"menu_order":0,"comment_status":"closed","ping_status":"closed","template":"","meta":{"footnotes":""},"class_list":["post-556","page","type-page","status-publish","hentry"],"jetpack_sharing_enabled":true,"_links":{"self":[{"href":"https:\/\/wp.ufpel.edu.br\/saif\/wp-json\/wp\/v2\/pages\/556","targetHints":{"allow":["GET"]}}],"collection":[{"href":"https:\/\/wp.ufpel.edu.br\/saif\/wp-json\/wp\/v2\/pages"}],"about":[{"href":"https:\/\/wp.ufpel.edu.br\/saif\/wp-json\/wp\/v2\/types\/page"}],"author":[{"embeddable":true,"href":"https:\/\/wp.ufpel.edu.br\/saif\/wp-json\/wp\/v2\/users\/1391"}],"replies":[{"embeddable":true,"href":"https:\/\/wp.ufpel.edu.br\/saif\/wp-json\/wp\/v2\/comments?post=556"}],"version-history":[{"count":4,"href":"https:\/\/wp.ufpel.edu.br\/saif\/wp-json\/wp\/v2\/pages\/556\/revisions"}],"predecessor-version":[{"id":970,"href":"https:\/\/wp.ufpel.edu.br\/saif\/wp-json\/wp\/v2\/pages\/556\/revisions\/970"}],"wp:attachment":[{"href":"https:\/\/wp.ufpel.edu.br\/saif\/wp-json\/wp\/v2\/media?parent=556"}],"curies":[{"name":"wp","href":"https:\/\/api.w.org\/{rel}","templated":true}]}}

<h3>Serão aceitas propostas em todas as áreas de interesse filosófico e nos temas do escopo do evento (alunos de graduação e pós-graduação de qualquer curso ou universidade). As comunicações terão a duração máxima de 20 minutos, sendo 15 minutos para a apresentação e 5 minutos para a discussão e comentários.</h3>
<h3>Prazo de envio dos resumos: de 11/11/25 a 1/12/25.</h3>
<h3 style="font-weight: 400;"><strong>Diretrizes para submissão de resumos:</strong></h3>
<ol>
<li>
<h6>Cada autor terá direito a enviar apenas <b><strong>uma proposta</strong></b> para comunicação;</h6>
</li>
<li>
<h6>Deverá ser enviado um<b><strong> resumo, com no mínimo 300 e no máximo 800 palavras</strong></b>, a ser anexado (arquivo .pdf) em um campo apropriado no Formulário de Inscrição;</h6>
</li>
<li>
<h6>Serão aceitos trabalhos sobre problemas e temas de Filosofia e áreas afins, sobretudo aqueles vinculados ao tema do evento, escritos em português, inglês ou espanhol;</h6>
</li>
<li>
<h6>Os trabalhos selecionados serão divididos em sessões temáticas e alguns poderão ser apresentados de forma online;</h6>
</li>
<li>
<h6>Serão aceitos trabalhos de graduandos e pós-graduandos;</h6>
</li>
<li>
<h6>Serão aceitos trabalhos em coautoria<strong> (en</strong>tre discentes, apenas);</h6>
</li>
<li>
<h6>Todas as propostas serão avaliadas pela Comissão Científica da V<b><strong> Semana Acadêmica Integrada do Departamento de Filosofia da UFPel;</strong></b></h6>
</li>
<li>
<h6>O trabalho submetido, após aprovado, será a base da comunicação oficial para apresentação no dia do evento;</h6>
</li>
<li>
<h6>As propostas aprovadas serão divulgadas na página do Departamento de Filosofia da UFPel e na página oficial do evento;</h6>
</li>
<li>
<h6>A certificação está condicionada a entrega do resumo e da apresentação de acordo com o prazo;</h6>
</li>
</ol>
<h6>Link para baixar o modelo de resumo:</h6>
<blockquote><p><strong><a href="https://docs.google.com/document/d/16sd_FjsyKi3hoQjCRWm7ON2hKNv1VdM2YO_hVd3cdiY/">https://docs.google.com/document/d/16sd_FjsyKi3hoQjCRWm7ON2hKNv1VdM2YO_hVd3cdiY/</a></strong></p></blockquote>
<h6><strong>Em caso de dúvidas, envie mensagem para o endereço eletrônico: </strong><a href="mailto:vsaifufpel@gmail.com">vsaifufpel@gmail.com</a></h6>

<p>Serão aceitas propostas em todas as áreas de interesse filosófico e nos temas do escopo do evento (alunos de graduação e pós-graduação de qualquer curso ou universidade). As comunicações terão a duração máxima de 20 minutos, sendo 15 minutos para a apresentação e 5 minutos para a discussão e comentários. Prazo de envio dos resumos: &hellip; <a href="https://wp.ufpel.edu.br/saif/normas-de-resumos/" class="more-link">Continue lendo<span class="screen-reader-text"> &#8220;Normas de resumos&#8221;</span></a></p>
