{"id":429,"date":"2024-07-05T16:55:23","date_gmt":"2024-07-05T19:55:23","guid":{"rendered":"https:\/\/wp.ufpel.edu.br\/saif\/?page_id=429"},"modified":"2024-07-05T17:27:32","modified_gmt":"2024-07-05T20:27:32","slug":"comissao-organizadora-iii-saif","status":"publish","type":"page","link":"https:\/\/wp.ufpel.edu.br\/saif\/comissao-organizadora-iii-saif\/","title":{"rendered":"Comiss\u00e3o Organizadora III Saif"},"content":{"rendered":"<h2>Comiss\u00e3o Discente de Organiza\u00e7\u00e3o da III Semana Acad\u00eamica Integrada da Filosofia &#8211; UFPel<\/h2>\n<p>Maria Rodrigues Almeida &#8211; Coordenadora<br \/>\nAleph Cedrim Barbalho<br \/>\nArlindo Junior<br \/>\nCl\u00e1udia Feraz Almeida<br \/>\nFabricio Boscolo Del Vecchio<br \/>\nFrancisco Robledo Lira<br \/>\nGabriela Soares da Rosa<br \/>\nJo\u00e3o Vitor de Paula Barboza<br \/>\nLarissa da Silva Meinert<br \/>\nMarcos Vaz<br \/>\nRaiza Alves Pereira<br \/>\nReinaldo Cezar Souza Lopes<br \/>\nSamuel Ricardo Rodrigues Valgas<\/p>\n","protected":false},"excerpt":{"rendered":"<p>Comiss\u00e3o Discente de Organiza\u00e7\u00e3o da III Semana Acad\u00eamica Integrada da Filosofia &#8211; UFPel Maria Rodrigues Almeida &#8211; Coordenadora Aleph Cedrim Barbalho Arlindo Junior Cl\u00e1udia Feraz Almeida Fabricio Boscolo Del Vecchio Francisco Robledo Lira Gabriela Soares da Rosa Jo\u00e3o Vitor de Paula Barboza Larissa da Silva Meinert Marcos Vaz Raiza Alves Pereira Reinaldo Cezar Souza Lopes &hellip; <a href=\"https:\/\/wp.ufpel.edu.br\/saif\/comissao-organizadora-iii-saif\/\" class=\"more-link\">Continue lendo<span class=\"screen-reader-text\"> &#8220;Comiss\u00e3o Organizadora III Saif&#8221;<\/span><\/a><\/p>\n","protected":false},"author":1247,"featured_media":0,"parent":0,"menu_order":0,"comment_status":"closed","ping_status":"closed","template":"","meta":{"footnotes":""},"class_list":["post-429","page","type-page","status-publish","hentry"],"jetpack_sharing_enabled":true,"_links":{"self":[{"href":"https:\/\/wp.ufpel.edu.br\/saif\/wp-json\/wp\/v2\/pages\/429","targetHints":{"allow":["GET"]}}],"collection":[{"href":"https:\/\/wp.ufpel.edu.br\/saif\/wp-json\/wp\/v2\/pages"}],"about":[{"href":"https:\/\/wp.ufpel.edu.br\/saif\/wp-json\/wp\/v2\/types\/page"}],"author":[{"embeddable":true,"href":"https:\/\/wp.ufpel.edu.br\/saif\/wp-json\/wp\/v2\/users\/1247"}],"replies":[{"embeddable":true,"href":"https:\/\/wp.ufpel.edu.br\/saif\/wp-json\/wp\/v2\/comments?post=429"}],"version-history":[{"count":3,"href":"https:\/\/wp.ufpel.edu.br\/saif\/wp-json\/wp\/v2\/pages\/429\/revisions"}],"predecessor-version":[{"id":450,"href":"https:\/\/wp.ufpel.edu.br\/saif\/wp-json\/wp\/v2\/pages\/429\/revisions\/450"}],"wp:attachment":[{"href":"https:\/\/wp.ufpel.edu.br\/saif\/wp-json\/wp\/v2\/media?parent=429"}],"curies":[{"name":"wp","href":"https:\/\/api.w.org\/{rel}","templated":true}]}}