{"id":419,"date":"2024-07-05T16:43:31","date_gmt":"2024-07-05T19:43:31","guid":{"rendered":"https:\/\/wp.ufpel.edu.br\/saif\/?page_id=419"},"modified":"2024-07-05T16:43:31","modified_gmt":"2024-07-05T19:43:31","slug":"programacao-iii-saif","status":"publish","type":"page","link":"https:\/\/wp.ufpel.edu.br\/saif\/programacao-iii-saif\/","title":{"rendered":"Programa\u00e7\u00e3o III Saif"},"content":{"rendered":"<p><strong>11\/12\/2023<\/strong><\/p>\n<p>17:30-19:00 &#8211;\u00a0Abertura<br \/>\n19:00-21:00 &#8211; Palestra de Abertura: As mulheres e a hist\u00f3ria da Filosofia.<\/p>\n<p><strong>12\/12\/2023<\/strong><\/p>\n<p>09:00-09:15 &#8211; G\u00eanero na Contempor\u00e2neidade<br \/>\n09:15-09:30 &#8211; Direitos humanos, Sexualidade e G\u00eanero<br \/>\n09:30-09:45 &#8211; A FAL\u00c1CIA EM OPOSI\u00c7\u00c3O AO DISCURSO ACERCA DO G\u00caNERO FEMININO: UMA SUBCATEGORIA DA FAL\u00c1CIA CONTRA O HOMEM (ARGUMENTUM AD HOMINEM)<br \/>\n11:00-11:15 &#8211; PERFORMATIVIDADE E PRECARIEDADE: ENTRE PROBLEMAS DE G\u00caNERO (1990) E CORPOS EM ALIAN\u00c7A (2015)<br \/>\n11:15-11:30 &#8211; G\u00eanero, pol\u00edtica e feminismo na trajet\u00f3ria da primeira-dama Nair de Teff\u00e9 (1924)<br \/>\n11:30-11:45 &#8211; DESAFIOS \u00c9TICOS DA INTELIG\u00caNCIA ARTIFICIAL NA COMPREENS\u00c3O E ADMINISTRA\u00c7\u00c3O DO G\u00caNERO<br \/>\n14:00-15:30 &#8211; As mulheres e o BDSM er\u00f3tico no Brasil<br \/>\n16:00-17:30 &#8211; LAN\u00c7AMENTO: NEPFIL \/ Textos Selecionados<br \/>\n17:30-19:00 &#8211; JOGO ATL\u00c9TICA e-sports<br \/>\n19:00-21:00 &#8211; Feminilidade e pris\u00e3o psicol\u00f3gica: Mulheres e a S\u00edndrome de Estocolmo Social<\/p>\n<p><strong>13\/12\/2023<\/strong><\/p>\n<p>09:00-09:15 &#8211; Teoria da Capacidade de Amartya Sen no contexto da obesidade: Primeiras aproxima\u00e7\u00f5es<br \/>\n09:15-09:30 &#8211; Desconstru\u00e7\u00e3o e decolonialismo: apontamentos filos\u00f3ficos para possibilidades de resist\u00eancia<br \/>\n09:45-10:00 &#8211; Pluralidade: A condi\u00e7\u00e3o hum. do viver como um ser \u00fanico entre iguais<br \/>\n11:00-11:15 &#8211; Uma breve introdu\u00e7\u00e3o \u00e0 Fundamenta\u00e7\u00e3o da Metaf\u00edsica dos Costumes de Immanuel Kant<br \/>\n11:15-11:30 &#8211; Os fins que s\u00e3o ao mesmo tempo deveres em Kant<br \/>\n11:30-11:45 &#8211; DA DIGNIDADE HUMANA E A SUA IMPORT NCIA PARA A CONSTRU\u00c7\u00c3O DA TEORIA PUNITIVA DO DIREITO EM KANT<br \/>\n14:00-15:30 &#8211; Mesa Redonda: Quest\u00f5es de g\u00eanero e os desafios na doc\u00eancia<br \/>\n14:00-18:30 &#8211; Feiras e Brech\u00f3s<br \/>\n16:00-17:30 &#8211; MINICURSO: Di\u00e1logos com Michel Foucault: as produ\u00e7\u00f5es discursivas sobre professores\/as youtubers\/EduTubers na m\u00eddia digital.<br \/>\n17:30-19:00 &#8211; MINICURSO: Uma proposta de aplica\u00e7\u00e3o da metodologia de Design Thinking para a elabora\u00e7\u00e3o de jogos did\u00e1ticos sobre direitos humanos com a colabora\u00e7\u00e3o dos alunos&#8221;<br \/>\n19:00-21:00 &#8211; Palestra: P\u00e3o, sol &amp; travesti: o direito existencial da diversidade humana.<\/p>\n<p><strong>14\/12\/2023<\/strong><\/p>\n<p>09:00-09:10 &#8211; A CULTURA HEGEM\u00d4NICA: REFLEX\u00d5ES DE MONIQUE WITTIG<br \/>\n09:10-09:20 &#8211; POR UM DESIGN ATIVISTA: A ARTE URBANA E O ZINE COMO INSTRUMENTO DE DEN\u00daNCIA E PROTESTO CONTRA A LESBOFOBIA<br \/>\n09:20-09:30 &#8211; Potencialidades da Literatura para Mulheres e L\u00e9sbicas Feministas<br \/>\n09:30-09:40 &#8211; TERESA DE \u00c1VILA: MODELO DE LIBERDADE E DE ACESA BUSCA DO ABSOLUTO<br \/>\n11:00-11:15 &#8211; ARENDT: AS MULHERES NA POL\u00cdTICA E NA CIDADANIA<br \/>\n11:15-11:30 &#8211; PENSANDO O FEMINISMO EXC\u00caNTRICO COM A FIL\u00d3SOFA BENTOUHAMI HOURYA<br \/>\n11:45-12:00 &#8211; A LUTA POR RECONHECIMENTO E A BUSCA POR IGUALDADE DE G\u00caNERO NO CONTEXTO MIGRAT\u00d3RIO<br \/>\n14:00-15:30 &#8211; NUGEM (Jana), Nubia Thalita, NAI (Renata)<br \/>\n17:30-19:00 &#8211; JOGO ATL\u00c9TICA<br \/>\n17:30-19:00 &#8211; MINICURSO: PAREDES INVIS\u00cdVEIS TAMB\u00c9M INVIABILIZAM: A LGBTQIA+FOBIA INSTITUCIONAL E SEU PAPEL NO (FALTA DE) ACESSO AOS CUIDADOS DE SA\u00daDE.<br \/>\n19:00-21:00 &#8211; O Pensamento Cr\u00edtico de mulheres negras<\/p>\n<p><strong>15\/12\/2023<\/strong><\/p>\n<p>09:00-09:15 &#8211; G\u00caNERO E VIOL\u00caNCIA: uma reflex\u00e3o acerca da Declara\u00e7\u00e3o Universal dos Direitos das Mulheres e da Cidad\u00e3 de 1798<br \/>\n09:00-09:15 &#8211; M\u00c1-F\u00c9, AUTENTICIDADE E TRANSGRESS\u00c3O: BELL HOOKS, SARTRE E BEAUVOIR<br \/>\n09:15-09:30 &#8211; A constru\u00e7\u00e3o do mito do estuprador negro e o desejo colonizado<br \/>\n09:15-09:30 &#8211; Desengajamento Moral: a liberdade transcendental enquanto um postulador de responsabilidade transformadora contra a perpetra\u00e7\u00e3o e a possibilidade de ruptura com desumanidades<br \/>\n09:30-09:45 &#8211; A raz\u00e3o hegem\u00f4nica e a crise ecol\u00f3gica da raz\u00e3o: uma an\u00e1lise cr\u00edtica de crises ambientais no mundo atual.<br \/>\n09:30-09:45 &#8211; O corpo como base de direitos em Juan Vives e Judith Butler<br \/>\n11:00-11:15 &#8211; A presen\u00e7a do negro no percurso educacional brasileiro<br \/>\n11:00-11:15 &#8211; Universaliza\u00e7\u00e3o do respeito e an\u00e1lise cr\u00edtica \u00e0 luta por normalidade dos movimentos conservadores<br \/>\n11:15-11:30 &#8211; Reflex\u00f5es Distorcidas: A Dualidade entre Apar\u00eancia e Ess\u00eancia em &#8216;O Espelho&#8217; de Machado de Assis<br \/>\n14:00-15:30 &#8211; MESA REDONDA: Epistemologias feministas<br \/>\n16:00-17:30 &#8211; MINICURSO: Migra\u00e7\u00f5es Internacionais e a Fic\u00e7\u00e3o da Nacionalidade: uma perspectiva Harandiana.<br \/>\n19:00-21:00 &#8211; Simone de Beauvoir, al\u00e9m do mito: da filosofia da ambiguidade a um pensar feminista<\/p>\n","protected":false},"excerpt":{"rendered":"<p>11\/12\/2023 17:30-19:00 &#8211;\u00a0Abertura 19:00-21:00 &#8211; Palestra de Abertura: As mulheres e a hist\u00f3ria da Filosofia. 12\/12\/2023 09:00-09:15 &#8211; G\u00eanero na Contempor\u00e2neidade 09:15-09:30 &#8211; Direitos humanos, Sexualidade e G\u00eanero 09:30-09:45 &#8211; A FAL\u00c1CIA EM OPOSI\u00c7\u00c3O AO DISCURSO ACERCA DO G\u00caNERO FEMININO: UMA SUBCATEGORIA DA FAL\u00c1CIA CONTRA O HOMEM (ARGUMENTUM AD HOMINEM) 11:00-11:15 &#8211; PERFORMATIVIDADE E PRECARIEDADE: &hellip; <a href=\"https:\/\/wp.ufpel.edu.br\/saif\/programacao-iii-saif\/\" class=\"more-link\">Continue lendo<span class=\"screen-reader-text\"> &#8220;Programa\u00e7\u00e3o III Saif&#8221;<\/span><\/a><\/p>\n","protected":false},"author":1247,"featured_media":0,"parent":0,"menu_order":0,"comment_status":"closed","ping_status":"closed","template":"","meta":{"footnotes":""},"class_list":["post-419","page","type-page","status-publish","hentry"],"jetpack_sharing_enabled":true,"_links":{"self":[{"href":"https:\/\/wp.ufpel.edu.br\/saif\/wp-json\/wp\/v2\/pages\/419","targetHints":{"allow":["GET"]}}],"collection":[{"href":"https:\/\/wp.ufpel.edu.br\/saif\/wp-json\/wp\/v2\/pages"}],"about":[{"href":"https:\/\/wp.ufpel.edu.br\/saif\/wp-json\/wp\/v2\/types\/page"}],"author":[{"embeddable":true,"href":"https:\/\/wp.ufpel.edu.br\/saif\/wp-json\/wp\/v2\/users\/1247"}],"replies":[{"embeddable":true,"href":"https:\/\/wp.ufpel.edu.br\/saif\/wp-json\/wp\/v2\/comments?post=419"}],"version-history":[{"count":1,"href":"https:\/\/wp.ufpel.edu.br\/saif\/wp-json\/wp\/v2\/pages\/419\/revisions"}],"predecessor-version":[{"id":420,"href":"https:\/\/wp.ufpel.edu.br\/saif\/wp-json\/wp\/v2\/pages\/419\/revisions\/420"}],"wp:attachment":[{"href":"https:\/\/wp.ufpel.edu.br\/saif\/wp-json\/wp\/v2\/media?parent=419"}],"curies":[{"name":"wp","href":"https:\/\/api.w.org\/{rel}","templated":true}]}}

Programação III Saif

<p><strong>11/12/2023</strong></p>
<p>17:30-19:00 &#8211; Abertura<br />
19:00-21:00 &#8211; Palestra de Abertura: As mulheres e a história da Filosofia.</p>
<p><strong>12/12/2023</strong></p>
<p>09:00-09:15 &#8211; Gênero na Contemporâneidade<br />
09:15-09:30 &#8211; Direitos humanos, Sexualidade e Gênero<br />
09:30-09:45 &#8211; A FALÁCIA EM OPOSIÇÃO AO DISCURSO ACERCA DO GÊNERO FEMININO: UMA SUBCATEGORIA DA FALÁCIA CONTRA O HOMEM (ARGUMENTUM AD HOMINEM)<br />
11:00-11:15 &#8211; PERFORMATIVIDADE E PRECARIEDADE: ENTRE PROBLEMAS DE GÊNERO (1990) E CORPOS EM ALIANÇA (2015)<br />
11:15-11:30 &#8211; Gênero, política e feminismo na trajetória da primeira-dama Nair de Teffé (1924)<br />
11:30-11:45 &#8211; DESAFIOS ÉTICOS DA INTELIGÊNCIA ARTIFICIAL NA COMPREENSÃO E ADMINISTRAÇÃO DO GÊNERO<br />
14:00-15:30 &#8211; As mulheres e o BDSM erótico no Brasil<br />
16:00-17:30 &#8211; LANÇAMENTO: NEPFIL / Textos Selecionados<br />
17:30-19:00 &#8211; JOGO ATLÉTICA e-sports<br />
19:00-21:00 &#8211; Feminilidade e prisão psicológica: Mulheres e a Síndrome de Estocolmo Social</p>
<p><strong>13/12/2023</strong></p>
<p>09:00-09:15 &#8211; Teoria da Capacidade de Amartya Sen no contexto da obesidade: Primeiras aproximações<br />
09:15-09:30 &#8211; Desconstrução e decolonialismo: apontamentos filosóficos para possibilidades de resistência<br />
09:45-10:00 &#8211; Pluralidade: A condição hum. do viver como um ser único entre iguais<br />
11:00-11:15 &#8211; Uma breve introdução à Fundamentação da Metafísica dos Costumes de Immanuel Kant<br />
11:15-11:30 &#8211; Os fins que são ao mesmo tempo deveres em Kant<br />
11:30-11:45 &#8211; DA DIGNIDADE HUMANA E A SUA IMPORT NCIA PARA A CONSTRUÇÃO DA TEORIA PUNITIVA DO DIREITO EM KANT<br />
14:00-15:30 &#8211; Mesa Redonda: Questões de gênero e os desafios na docência<br />
14:00-18:30 &#8211; Feiras e Brechós<br />
16:00-17:30 &#8211; MINICURSO: Diálogos com Michel Foucault: as produções discursivas sobre professores/as youtubers/EduTubers na mídia digital.<br />
17:30-19:00 &#8211; MINICURSO: Uma proposta de aplicação da metodologia de Design Thinking para a elaboração de jogos didáticos sobre direitos humanos com a colaboração dos alunos&#8221;<br />
19:00-21:00 &#8211; Palestra: Pão, sol &amp; travesti: o direito existencial da diversidade humana.</p>
<p><strong>14/12/2023</strong></p>
<p>09:00-09:10 &#8211; A CULTURA HEGEMÔNICA: REFLEXÕES DE MONIQUE WITTIG<br />
09:10-09:20 &#8211; POR UM DESIGN ATIVISTA: A ARTE URBANA E O ZINE COMO INSTRUMENTO DE DENÚNCIA E PROTESTO CONTRA A LESBOFOBIA<br />
09:20-09:30 &#8211; Potencialidades da Literatura para Mulheres e Lésbicas Feministas<br />
09:30-09:40 &#8211; TERESA DE ÁVILA: MODELO DE LIBERDADE E DE ACESA BUSCA DO ABSOLUTO<br />
11:00-11:15 &#8211; ARENDT: AS MULHERES NA POLÍTICA E NA CIDADANIA<br />
11:15-11:30 &#8211; PENSANDO O FEMINISMO EXCÊNTRICO COM A FILÓSOFA BENTOUHAMI HOURYA<br />
11:45-12:00 &#8211; A LUTA POR RECONHECIMENTO E A BUSCA POR IGUALDADE DE GÊNERO NO CONTEXTO MIGRATÓRIO<br />
14:00-15:30 &#8211; NUGEM (Jana), Nubia Thalita, NAI (Renata)<br />
17:30-19:00 &#8211; JOGO ATLÉTICA<br />
17:30-19:00 &#8211; MINICURSO: PAREDES INVISÍVEIS TAMBÉM INVIABILIZAM: A LGBTQIA+FOBIA INSTITUCIONAL E SEU PAPEL NO (FALTA DE) ACESSO AOS CUIDADOS DE SAÚDE.<br />
19:00-21:00 &#8211; O Pensamento Crítico de mulheres negras</p>
<p><strong>15/12/2023</strong></p>
<p>09:00-09:15 &#8211; GÊNERO E VIOLÊNCIA: uma reflexão acerca da Declaração Universal dos Direitos das Mulheres e da Cidadã de 1798<br />
09:00-09:15 &#8211; MÁ-FÉ, AUTENTICIDADE E TRANSGRESSÃO: BELL HOOKS, SARTRE E BEAUVOIR<br />
09:15-09:30 &#8211; A construção do mito do estuprador negro e o desejo colonizado<br />
09:15-09:30 &#8211; Desengajamento Moral: a liberdade transcendental enquanto um postulador de responsabilidade transformadora contra a perpetração e a possibilidade de ruptura com desumanidades<br />
09:30-09:45 &#8211; A razão hegemônica e a crise ecológica da razão: uma análise crítica de crises ambientais no mundo atual.<br />
09:30-09:45 &#8211; O corpo como base de direitos em Juan Vives e Judith Butler<br />
11:00-11:15 &#8211; A presença do negro no percurso educacional brasileiro<br />
11:00-11:15 &#8211; Universalização do respeito e análise crítica à luta por normalidade dos movimentos conservadores<br />
11:15-11:30 &#8211; Reflexões Distorcidas: A Dualidade entre Aparência e Essência em &#8216;O Espelho&#8217; de Machado de Assis<br />
14:00-15:30 &#8211; MESA REDONDA: Epistemologias feministas<br />
16:00-17:30 &#8211; MINICURSO: Migrações Internacionais e a Ficção da Nacionalidade: uma perspectiva Harandiana.<br />
19:00-21:00 &#8211; Simone de Beauvoir, além do mito: da filosofia da ambiguidade a um pensar feminista</p>

<p>11/12/2023 17:30-19:00 &#8211; Abertura 19:00-21:00 &#8211; Palestra de Abertura: As mulheres e a história da Filosofia. 12/12/2023 09:00-09:15 &#8211; Gênero na Contemporâneidade 09:15-09:30 &#8211; Direitos humanos, Sexualidade e Gênero 09:30-09:45 &#8211; A FALÁCIA EM OPOSIÇÃO AO DISCURSO ACERCA DO GÊNERO FEMININO: UMA SUBCATEGORIA DA FALÁCIA CONTRA O HOMEM (ARGUMENTUM AD HOMINEM) 11:00-11:15 &#8211; PERFORMATIVIDADE E PRECARIEDADE: &hellip; <a href="https://wp.ufpel.edu.br/saif/programacao-iii-saif/" class="more-link">Continue lendo<span class="screen-reader-text"> &#8220;Programação III Saif&#8221;</span></a></p>
