{"id":229,"date":"2019-09-04T18:07:26","date_gmt":"2019-09-04T21:07:26","guid":{"rendered":"https:\/\/wp.ufpel.edu.br\/saif\/?page_id=229"},"modified":"2024-07-05T17:11:02","modified_gmt":"2024-07-05T20:11:02","slug":"programacao-ii-saif","status":"publish","type":"page","link":"https:\/\/wp.ufpel.edu.br\/saif\/programacao-ii-saif\/","title":{"rendered":"Programa\u00e7\u00e3o II SAIF"},"content":{"rendered":"<h2 style=\"text-align: center;\"><span style=\"color: #000000;\"><strong>PROGRAMA\u00c7\u00c3O COMPLETA<\/strong><\/span><\/h2>\n<p style=\"text-align: center;\"><span style=\"color: #000000;\"><strong>\u00a0LOCAL: IFISP &#8211; Rua Cel. Alberto Rosa, 154<\/strong><\/span><\/p>\n<h3 style=\"text-align: center;\"><span style=\"color: #000000;\"><strong>04 de novembro (segunda-feira):<\/strong><\/span><\/h3>\n<p style=\"text-align: justify;\"><span style=\"color: #000000;\"><strong>19 horas<\/strong> \u2013\u00a0Abertura<\/span><br \/>\n<span style=\"color: #000000;\">Confer\u00eancia: \u201cFilosofia e a forma\u00e7\u00e3o de professores\u201d \u2013 Profa. Dra. Kelin Valeir\u00e3o (UFPEL) e Profa. Ma. Daniela Grillo (UFPEL).<\/span><br \/>\n<span style=\"color: #008000;\">LOCAL: IFISP, Audit\u00f3rio da FAE, sala 352<\/span><\/p>\n<h3 style=\"text-align: center;\"><span style=\"color: #000000;\"><strong>05 de novembro (ter\u00e7a-feira):<\/strong><\/span><\/h3>\n<p style=\"text-align: justify;\"><span style=\"color: #000000;\"><strong>14 horas<\/strong> \u2013 Cinema e Filosofia: exibi\u00e7\u00e3o do document\u00e1rio \u201cFalsas Democracias\u201d (\u201cFreedom for the Wolf\u201d, 2017, Dir: Rupert Russell). Ap\u00f3s, debate com o p\u00fablico, mediado pela Profa. Dra. S\u00f4nia Schio (UFPEL), sobre \u201cDemocracia iliberal e liberdade\u201d.<br \/>\n<\/span><span style=\"color: #008000;\">LOCAL: IFISP, Audit\u00f3rio da FAE, sala 352<\/span><\/p>\n<p><span style=\"color: #000000;\"><strong>17h30 \u00e0s 19h<\/strong> \u2013 Feira de Vendas de Livros GEHAr-UFPEL (Grupo de Estudos Hannah Arendt), que visa arrecadar fundos para o evento comemorativo dos 10 anos do Grupo.<br \/>\n<\/span><span style=\"color: #0000ff;\">LOCAL: IFISP, sala 316<\/span><\/p>\n<p><span style=\"color: #000000;\"><strong>19 horas<\/strong> \u2013 Confer\u00eancia: \u201cEduca\u00e7\u00e3o e Democracia\u201d \u2013 Prof. Dr. W\u00e9cio Pinheiro Ara\u00fajo (UFPB)<br \/>\n<\/span><span style=\"color: #0000ff;\">LOCAL: IFISP, sala 316<\/span><\/p>\n<h3 style=\"text-align: center;\"><span style=\"color: #000000;\"><strong>06 de novembro (quarta-feira)<\/strong>:<\/span><\/h3>\n<p><span style=\"color: #000000;\">Manh\u00e3, tarde e noite: <a href=\"https:\/\/wp.ufpel.edu.br\/saif\/2019\/10\/24\/comunicacoes-sessoes-horarios-e-salas\/\">Comunica\u00e7\u00f5es<\/a><\/span><\/p>\n<h3 style=\"text-align: center;\"><span style=\"color: #000000;\"><strong>07 de novembro (quinta-feira):<\/strong><\/span><\/h3>\n<p><span style=\"color: #000000;\">Manh\u00e3 e tarde: <a href=\"https:\/\/wp.ufpel.edu.br\/saif\/2019\/10\/06\/resumos-dos-minicursos-datas-e-horarios\/\">Minicursos<\/a> e <a href=\"https:\/\/wp.ufpel.edu.br\/saif\/2019\/10\/06\/resumos-das-oficinas-datas-e-horarios\/\">oficinas<\/a><\/span><\/p>\n<p><span style=\"color: #000000;\"><strong>17 horas<\/strong> \u2013 Lan\u00e7amento do livro: \u201cSimone de Beauvoir e a Liberta\u00e7\u00e3o da Mulher: do existencialismo sartriano \u00e0 moral da ambiguidade\u201d, de Beatr\u00eds Seus (UFPEL)<br \/>\n<\/span><span style=\"color: #0000ff;\">LOCAL: IFISP, sala 316<\/span><\/p>\n<p><span style=\"color: #000000;\"><strong>18 horas<\/strong> \u2013 Confer\u00eancia: \u201cMulheres e Filosofia\u201d \u2013 Profa. Dra. Fl\u00e1via Chagas (UFPEL)<br \/>\n<\/span><span style=\"color: #0000ff;\">LOCAL: IFISP, sala 316<\/span><\/p>\n<p><span style=\"color: #000000;\"><strong>19h 30min<\/strong> \u2013 Confer\u00eancia: \u201cFilosofia e Sabedoria dos Povos Origin\u00e1rios\u201d \u2013 Prof. Dr. Antonio Madalena Genz (IFSUL)<br \/>\n<\/span><span style=\"color: #0000ff;\">LOCAL: IFISP, sala 316<\/span><\/p>\n<h3 style=\"text-align: center;\"><span style=\"color: #000000;\"><strong>08 de novembro (sexta-feira)<\/strong>:<\/span><\/h3>\n<p><span style=\"color: #000000;\">Manh\u00e3 e tarde: <a href=\"https:\/\/wp.ufpel.edu.br\/saif\/2019\/10\/06\/resumos-dos-minicursos-datas-e-horarios\/\">Minicursos<\/a> e <a href=\"https:\/\/wp.ufpel.edu.br\/saif\/2019\/10\/06\/resumos-das-oficinas-datas-e-horarios\/\">oficinas<\/a><\/span><\/p>\n<p><span style=\"color: #000000;\"><strong>19 horas<\/strong> \u2013 Buteco da filosofia: \u201cA filosofia no (e do) Brasil: desafios e perspectivas\u201d, debatedores: Prof. Dr. Antonio Madalena Genz (IFSUL), Prof. Dr. Pedro Leite (UFPEL) e Prof. Dr. W\u00e9cio Pinheiro Ara\u00fajo (UFPB)<br \/>\n<\/span><span style=\"color: #ff0000;\">LOCAL: \u00c2NIMA CULTURAL (P\u00e7. Cel. Pedro Os\u00f3rio, 62)<\/span><\/p>\n<p>&nbsp;<\/p>\n","protected":false},"excerpt":{"rendered":"<p>PROGRAMA\u00c7\u00c3O COMPLETA \u00a0LOCAL: IFISP &#8211; Rua Cel. Alberto Rosa, 154 04 de novembro (segunda-feira): 19 horas \u2013\u00a0Abertura Confer\u00eancia: \u201cFilosofia e a forma\u00e7\u00e3o de professores\u201d \u2013 Profa. Dra. Kelin Valeir\u00e3o (UFPEL) e Profa. Ma. Daniela Grillo (UFPEL). LOCAL: IFISP, Audit\u00f3rio da FAE, sala 352 05 de novembro (ter\u00e7a-feira): 14 horas \u2013 Cinema e Filosofia: exibi\u00e7\u00e3o do &hellip; <a href=\"https:\/\/wp.ufpel.edu.br\/saif\/programacao-ii-saif\/\" class=\"more-link\">Continue lendo<span class=\"screen-reader-text\"> &#8220;Programa\u00e7\u00e3o II SAIF&#8221;<\/span><\/a><\/p>\n","protected":false},"author":771,"featured_media":356,"parent":0,"menu_order":0,"comment_status":"closed","ping_status":"closed","template":"","meta":{"footnotes":""},"class_list":["post-229","page","type-page","status-publish","has-post-thumbnail","hentry"],"jetpack_sharing_enabled":true,"_links":{"self":[{"href":"https:\/\/wp.ufpel.edu.br\/saif\/wp-json\/wp\/v2\/pages\/229","targetHints":{"allow":["GET"]}}],"collection":[{"href":"https:\/\/wp.ufpel.edu.br\/saif\/wp-json\/wp\/v2\/pages"}],"about":[{"href":"https:\/\/wp.ufpel.edu.br\/saif\/wp-json\/wp\/v2\/types\/page"}],"author":[{"embeddable":true,"href":"https:\/\/wp.ufpel.edu.br\/saif\/wp-json\/wp\/v2\/users\/771"}],"replies":[{"embeddable":true,"href":"https:\/\/wp.ufpel.edu.br\/saif\/wp-json\/wp\/v2\/comments?post=229"}],"version-history":[{"count":11,"href":"https:\/\/wp.ufpel.edu.br\/saif\/wp-json\/wp\/v2\/pages\/229\/revisions"}],"predecessor-version":[{"id":435,"href":"https:\/\/wp.ufpel.edu.br\/saif\/wp-json\/wp\/v2\/pages\/229\/revisions\/435"}],"wp:featuredmedia":[{"embeddable":true,"href":"https:\/\/wp.ufpel.edu.br\/saif\/wp-json\/wp\/v2\/media\/356"}],"wp:attachment":[{"href":"https:\/\/wp.ufpel.edu.br\/saif\/wp-json\/wp\/v2\/media?parent=229"}],"curies":[{"name":"wp","href":"https:\/\/api.w.org\/{rel}","templated":true}]}}

Programação II SAIF

<h2 style="text-align: center;"><span style="color: #000000;"><strong>PROGRAMAÇÃO COMPLETA</strong></span></h2>
<p style="text-align: center;"><span style="color: #000000;"><strong> LOCAL: IFISP &#8211; Rua Cel. Alberto Rosa, 154</strong></span></p>
<h3 style="text-align: center;"><span style="color: #000000;"><strong>04 de novembro (segunda-feira):</strong></span></h3>
<p style="text-align: justify;"><span style="color: #000000;"><strong>19 horas</strong> – Abertura</span><br />
<span style="color: #000000;">Conferência: “Filosofia e a formação de professores” – Profa. Dra. Kelin Valeirão (UFPEL) e Profa. Ma. Daniela Grillo (UFPEL).</span><br />
<span style="color: #008000;">LOCAL: IFISP, Auditório da FAE, sala 352</span></p>
<h3 style="text-align: center;"><span style="color: #000000;"><strong>05 de novembro (terça-feira):</strong></span></h3>
<p style="text-align: justify;"><span style="color: #000000;"><strong>14 horas</strong> – Cinema e Filosofia: exibição do documentário “Falsas Democracias” (“Freedom for the Wolf”, 2017, Dir: Rupert Russell). Após, debate com o público, mediado pela Profa. Dra. Sônia Schio (UFPEL), sobre “Democracia iliberal e liberdade”.<br />
</span><span style="color: #008000;">LOCAL: IFISP, Auditório da FAE, sala 352</span></p>
<p><span style="color: #000000;"><strong>17h30 às 19h</strong> – Feira de Vendas de Livros GEHAr-UFPEL (Grupo de Estudos Hannah Arendt), que visa arrecadar fundos para o evento comemorativo dos 10 anos do Grupo.<br />
</span><span style="color: #0000ff;">LOCAL: IFISP, sala 316</span></p>
<p><span style="color: #000000;"><strong>19 horas</strong> – Conferência: “Educação e Democracia” – Prof. Dr. Wécio Pinheiro Araújo (UFPB)<br />
</span><span style="color: #0000ff;">LOCAL: IFISP, sala 316</span></p>
<h3 style="text-align: center;"><span style="color: #000000;"><strong>06 de novembro (quarta-feira)</strong>:</span></h3>
<p><span style="color: #000000;">Manhã, tarde e noite: <a href="https://wp.ufpel.edu.br/saif/2019/10/24/comunicacoes-sessoes-horarios-e-salas/">Comunicações</a></span></p>
<h3 style="text-align: center;"><span style="color: #000000;"><strong>07 de novembro (quinta-feira):</strong></span></h3>
<p><span style="color: #000000;">Manhã e tarde: <a href="https://wp.ufpel.edu.br/saif/2019/10/06/resumos-dos-minicursos-datas-e-horarios/">Minicursos</a> e <a href="https://wp.ufpel.edu.br/saif/2019/10/06/resumos-das-oficinas-datas-e-horarios/">oficinas</a></span></p>
<p><span style="color: #000000;"><strong>17 horas</strong> – Lançamento do livro: “Simone de Beauvoir e a Libertação da Mulher: do existencialismo sartriano à moral da ambiguidade”, de Beatrís Seus (UFPEL)<br />
</span><span style="color: #0000ff;">LOCAL: IFISP, sala 316</span></p>
<p><span style="color: #000000;"><strong>18 horas</strong> – Conferência: “Mulheres e Filosofia” – Profa. Dra. Flávia Chagas (UFPEL)<br />
</span><span style="color: #0000ff;">LOCAL: IFISP, sala 316</span></p>
<p><span style="color: #000000;"><strong>19h 30min</strong> – Conferência: “Filosofia e Sabedoria dos Povos Originários” – Prof. Dr. Antonio Madalena Genz (IFSUL)<br />
</span><span style="color: #0000ff;">LOCAL: IFISP, sala 316</span></p>
<h3 style="text-align: center;"><span style="color: #000000;"><strong>08 de novembro (sexta-feira)</strong>:</span></h3>
<p><span style="color: #000000;">Manhã e tarde: <a href="https://wp.ufpel.edu.br/saif/2019/10/06/resumos-dos-minicursos-datas-e-horarios/">Minicursos</a> e <a href="https://wp.ufpel.edu.br/saif/2019/10/06/resumos-das-oficinas-datas-e-horarios/">oficinas</a></span></p>
<p><span style="color: #000000;"><strong>19 horas</strong> – Buteco da filosofia: “A filosofia no (e do) Brasil: desafios e perspectivas”, debatedores: Prof. Dr. Antonio Madalena Genz (IFSUL), Prof. Dr. Pedro Leite (UFPEL) e Prof. Dr. Wécio Pinheiro Araújo (UFPB)<br />
</span><span style="color: #ff0000;">LOCAL: ÂNIMA CULTURAL (Pç. Cel. Pedro Osório, 62)</span></p>
<p>&nbsp;</p>

<p>PROGRAMAÇÃO COMPLETA  LOCAL: IFISP &#8211; Rua Cel. Alberto Rosa, 154 04 de novembro (segunda-feira): 19 horas – Abertura Conferência: “Filosofia e a formação de professores” – Profa. Dra. Kelin Valeirão (UFPEL) e Profa. Ma. Daniela Grillo (UFPEL). LOCAL: IFISP, Auditório da FAE, sala 352 05 de novembro (terça-feira): 14 horas – Cinema e Filosofia: exibição do &hellip; <a href="https://wp.ufpel.edu.br/saif/programacao-ii-saif/" class="more-link">Continue lendo<span class="screen-reader-text"> &#8220;Programação II SAIF&#8221;</span></a></p>
