{"id":211,"date":"2019-09-04T18:02:50","date_gmt":"2019-09-04T21:02:50","guid":{"rendered":"https:\/\/wp.ufpel.edu.br\/saif\/?page_id=211"},"modified":"2024-07-05T17:09:41","modified_gmt":"2024-07-05T20:09:41","slug":"apresentacao-ii-saif","status":"publish","type":"page","link":"https:\/\/wp.ufpel.edu.br\/saif\/apresentacao-ii-saif\/","title":{"rendered":"Apresenta\u00e7\u00e3o II SAIF"},"content":{"rendered":"<p style=\"text-align: justify;\">Em 2019 realizaremos a segunda edi\u00e7\u00e3o da Semana Acad\u00eamica Integrada da Filosofia (SAIF), que visa dar continuidade \u00e0 integra\u00e7\u00e3o e interlocu\u00e7\u00e3o das diferentes modalidades de curso oferecidas pelo Instituto de Filosofia, Sociologia e Politica (IFISP) e pelo Departamento de Filosofia (DEPFIL) da Universidade Federal de Pelotas (UFPEL). Atualmente, a Filosofia oferece cursos de Gradua\u00e7\u00e3o, Licenciatura (na modalidade presencial e \u00e0 dist\u00e2ncia) e Bacharelado (presencial); Especializa\u00e7\u00e3o em Ensino de Filosofia (na modalidade \u00e0 dist\u00e2ncia); Mestrado e Doutorado.<\/p>\n<p style=\"text-align: justify;\">A primeira edi\u00e7\u00e3o, realizada em 2017, foi organizada por uma Comiss\u00e3o Discente, e contou com a presen\u00e7a de diversos\/as professores\/as e pesquisadores\/as. Al\u00e9m disso, oportunizou a participa\u00e7\u00e3o discente em sess\u00f5es de comunica\u00e7\u00f5es, proporcionando trocas de saberes e experi\u00eancias entre estudantes em todos os n\u00edveis de ensino. Tendo em vista o resultado positivo, uma nova Comiss\u00e3o foi formada para dar continuidade ao trabalho que vem sendo realizado.<\/p>\n<p style=\"text-align: justify;\">A segunda edi\u00e7\u00e3o da Semana Acad\u00eamica Integrada da Filosofia da UFPel tem como tem\u00e1tica &#8220;Filosofia, educa\u00e7\u00e3o e democracia&#8221;. Este tema visa oportunizar o debate que vem sendo realizado atualmente em torno do ensino de filosofia nas Escolas, bem como situar o ensino de Filosofia nas Universidades, a partir das novas propostas de modifica\u00e7\u00e3o do Ensino Superior P\u00fablico. Afinal, para que serve a Filosofia na Escola? Qual a import\u00e2ncia da presen\u00e7a de cursos de Filosofia em Universidades P\u00fablicas? Como a Filosofia pode (se \u00e9 que pode) auxiliar no desenvolvimento de uma sociedade democr\u00e1tica? Por que a educa\u00e7\u00e3o \u00e9 um tema relevante quando falamos em democracia?<\/p>\n<p style=\"text-align: justify;\">Tendo esses questionamentos como ponto de partida para novas discuss\u00f5es, a II SAIF convida a toda a comunidade acad\u00eamica da UFPEL e discentes de filosofia de outras Institui\u00e7\u00f5es de Ensino a participar de uma semana de di\u00e1logos, conversas, debates, atividades culturais e muita filosofia. Neste ano, al\u00e9m de professores\/as e pesquisadores\/as convidados, buscamos ampliar a participa\u00e7\u00e3o discente, com sess\u00f5es de comunica\u00e7\u00f5es e tamb\u00e9m por meio de oficinas e minicursos.<\/p>\n<p style=\"text-align: justify;\">Enla\u00e7ar filosofia, educa\u00e7\u00e3o e democracia, bem como pensar o cen\u00e1rio educacional e universit\u00e1rio incita ao di\u00e1logo em que posi\u00e7\u00f5es distintas, por vezes controversas, podem se confrontar. Entretanto, compreendemos que a tem\u00e1tica desta edi\u00e7\u00e3o tangencia o debate filos\u00f3fico de um modo geral, no qual este espa\u00e7o de conversas e trocas precisa ser constantemente estimulado e reafirmado. Dessa forma, reiteramos o convite \u00e0 participa\u00e7\u00e3o e \u00e0 constru\u00e7\u00e3o de di\u00e1logos colaborativos.<\/p>\n<p>&nbsp;<\/p>\n<p>Um abra\u00e7o,<\/p>\n<p>Comiss\u00e3o Organizadora<\/p>\n","protected":false},"excerpt":{"rendered":"<p>Em 2019 realizaremos a segunda edi\u00e7\u00e3o da Semana Acad\u00eamica Integrada da Filosofia (SAIF), que visa dar continuidade \u00e0 integra\u00e7\u00e3o e interlocu\u00e7\u00e3o das diferentes modalidades de curso oferecidas pelo Instituto de Filosofia, Sociologia e Politica (IFISP) e pelo Departamento de Filosofia (DEPFIL) da Universidade Federal de Pelotas (UFPEL). Atualmente, a Filosofia oferece cursos de Gradua\u00e7\u00e3o, Licenciatura &hellip; <a href=\"https:\/\/wp.ufpel.edu.br\/saif\/apresentacao-ii-saif\/\" class=\"more-link\">Continue lendo<span class=\"screen-reader-text\"> &#8220;Apresenta\u00e7\u00e3o II SAIF&#8221;<\/span><\/a><\/p>\n","protected":false},"author":771,"featured_media":0,"parent":0,"menu_order":0,"comment_status":"closed","ping_status":"closed","template":"","meta":{"footnotes":""},"class_list":["post-211","page","type-page","status-publish","hentry"],"jetpack_sharing_enabled":true,"_links":{"self":[{"href":"https:\/\/wp.ufpel.edu.br\/saif\/wp-json\/wp\/v2\/pages\/211","targetHints":{"allow":["GET"]}}],"collection":[{"href":"https:\/\/wp.ufpel.edu.br\/saif\/wp-json\/wp\/v2\/pages"}],"about":[{"href":"https:\/\/wp.ufpel.edu.br\/saif\/wp-json\/wp\/v2\/types\/page"}],"author":[{"embeddable":true,"href":"https:\/\/wp.ufpel.edu.br\/saif\/wp-json\/wp\/v2\/users\/771"}],"replies":[{"embeddable":true,"href":"https:\/\/wp.ufpel.edu.br\/saif\/wp-json\/wp\/v2\/comments?post=211"}],"version-history":[{"count":5,"href":"https:\/\/wp.ufpel.edu.br\/saif\/wp-json\/wp\/v2\/pages\/211\/revisions"}],"predecessor-version":[{"id":433,"href":"https:\/\/wp.ufpel.edu.br\/saif\/wp-json\/wp\/v2\/pages\/211\/revisions\/433"}],"wp:attachment":[{"href":"https:\/\/wp.ufpel.edu.br\/saif\/wp-json\/wp\/v2\/media?parent=211"}],"curies":[{"name":"wp","href":"https:\/\/api.w.org\/{rel}","templated":true}]}}

Apresentação II SAIF

<p style="text-align: justify;">Em 2019 realizaremos a segunda edição da Semana Acadêmica Integrada da Filosofia (SAIF), que visa dar continuidade à integração e interlocução das diferentes modalidades de curso oferecidas pelo Instituto de Filosofia, Sociologia e Politica (IFISP) e pelo Departamento de Filosofia (DEPFIL) da Universidade Federal de Pelotas (UFPEL). Atualmente, a Filosofia oferece cursos de Graduação, Licenciatura (na modalidade presencial e à distância) e Bacharelado (presencial); Especialização em Ensino de Filosofia (na modalidade à distância); Mestrado e Doutorado.</p>
<p style="text-align: justify;">A primeira edição, realizada em 2017, foi organizada por uma Comissão Discente, e contou com a presença de diversos/as professores/as e pesquisadores/as. Além disso, oportunizou a participação discente em sessões de comunicações, proporcionando trocas de saberes e experiências entre estudantes em todos os níveis de ensino. Tendo em vista o resultado positivo, uma nova Comissão foi formada para dar continuidade ao trabalho que vem sendo realizado.</p>
<p style="text-align: justify;">A segunda edição da Semana Acadêmica Integrada da Filosofia da UFPel tem como temática &#8220;Filosofia, educação e democracia&#8221;. Este tema visa oportunizar o debate que vem sendo realizado atualmente em torno do ensino de filosofia nas Escolas, bem como situar o ensino de Filosofia nas Universidades, a partir das novas propostas de modificação do Ensino Superior Público. Afinal, para que serve a Filosofia na Escola? Qual a importância da presença de cursos de Filosofia em Universidades Públicas? Como a Filosofia pode (se é que pode) auxiliar no desenvolvimento de uma sociedade democrática? Por que a educação é um tema relevante quando falamos em democracia?</p>
<p style="text-align: justify;">Tendo esses questionamentos como ponto de partida para novas discussões, a II SAIF convida a toda a comunidade acadêmica da UFPEL e discentes de filosofia de outras Instituições de Ensino a participar de uma semana de diálogos, conversas, debates, atividades culturais e muita filosofia. Neste ano, além de professores/as e pesquisadores/as convidados, buscamos ampliar a participação discente, com sessões de comunicações e também por meio de oficinas e minicursos.</p>
<p style="text-align: justify;">Enlaçar filosofia, educação e democracia, bem como pensar o cenário educacional e universitário incita ao diálogo em que posições distintas, por vezes controversas, podem se confrontar. Entretanto, compreendemos que a temática desta edição tangencia o debate filosófico de um modo geral, no qual este espaço de conversas e trocas precisa ser constantemente estimulado e reafirmado. Dessa forma, reiteramos o convite à participação e à construção de diálogos colaborativos.</p>
<p>&nbsp;</p>
<p>Um abraço,</p>
<p>Comissão Organizadora</p>

<p>Em 2019 realizaremos a segunda edição da Semana Acadêmica Integrada da Filosofia (SAIF), que visa dar continuidade à integração e interlocução das diferentes modalidades de curso oferecidas pelo Instituto de Filosofia, Sociologia e Politica (IFISP) e pelo Departamento de Filosofia (DEPFIL) da Universidade Federal de Pelotas (UFPEL). Atualmente, a Filosofia oferece cursos de Graduação, Licenciatura &hellip; <a href="https://wp.ufpel.edu.br/saif/apresentacao-ii-saif/" class="more-link">Continue lendo<span class="screen-reader-text"> &#8220;Apresentação II SAIF&#8221;</span></a></p>
