{"id":43,"date":"2012-03-07T02:40:09","date_gmt":"2012-03-07T05:40:09","guid":{"rendered":"https:\/\/wp.ufpel.edu.br\/safis\/"},"modified":"2014-04-21T16:47:58","modified_gmt":"2014-04-21T19:47:58","slug":"inscreva-se","status":"publish","type":"page","link":"https:\/\/wp.ufpel.edu.br\/safis\/inscricoes\/inscreva-se\/","title":{"rendered":"INSCREVA-SE"},"content":{"rendered":"<p><span style=\"font-size: 12px\">Mais informa\u00e7<\/span>\u00f5es: Guia Contato ou atrav\u00e9s do email: ufpel.dalf@gmail.com<\/p>\n\n<!-- iframe plugin v.6.0 wordpress.org\/plugins\/iframe\/ -->\n<iframe loading=\"lazy\" src=\"https:\/\/docs.google.com\/forms\/d\/1kY9Dqe9iKIc5c07qk-Bu31OTwCbBytD_3kDKX_m1eAw\/viewform?embedded=true\" width=\"760\" height=\"980\" frameborder=\"0\" marginheight=\"0\" marginwidth=\"0\" scrolling=\"yes\" class=\"iframe-class\"><\/iframe>\n\n","protected":false},"excerpt":{"rendered":"<p>Mais informa\u00e7\u00f5es: Guia Contato ou atrav\u00e9s do email: ufpel.dalf@gmail.com<\/p>\n","protected":false},"author":140,"featured_media":0,"parent":10,"menu_order":0,"comment_status":"closed","ping_status":"open","template":"template-onecolumn.php","meta":{"jetpack_post_was_ever_published":false,"footnotes":""},"class_list":["post-43","page","type-page","status-publish","hentry","nodate","item-wrap"],"jetpack_sharing_enabled":true,"jetpack_shortlink":"https:\/\/wp.me\/P6QNXJ-H","_links":{"self":[{"href":"https:\/\/wp.ufpel.edu.br\/safis\/wp-json\/wp\/v2\/pages\/43","targetHints":{"allow":["GET"]}}],"collection":[{"href":"https:\/\/wp.ufpel.edu.br\/safis\/wp-json\/wp\/v2\/pages"}],"about":[{"href":"https:\/\/wp.ufpel.edu.br\/safis\/wp-json\/wp\/v2\/types\/page"}],"author":[{"embeddable":true,"href":"https:\/\/wp.ufpel.edu.br\/safis\/wp-json\/wp\/v2\/users\/140"}],"replies":[{"embeddable":true,"href":"https:\/\/wp.ufpel.edu.br\/safis\/wp-json\/wp\/v2\/comments?post=43"}],"version-history":[{"count":27,"href":"https:\/\/wp.ufpel.edu.br\/safis\/wp-json\/wp\/v2\/pages\/43\/revisions"}],"predecessor-version":[{"id":225,"href":"https:\/\/wp.ufpel.edu.br\/safis\/wp-json\/wp\/v2\/pages\/43\/revisions\/225"}],"up":[{"embeddable":true,"href":"https:\/\/wp.ufpel.edu.br\/safis\/wp-json\/wp\/v2\/pages\/10"}],"wp:attachment":[{"href":"https:\/\/wp.ufpel.edu.br\/safis\/wp-json\/wp\/v2\/media?parent=43"}],"curies":[{"name":"wp","href":"https:\/\/api.w.org\/{rel}","templated":true}]}}