{"id":201,"date":"2014-04-10T23:46:23","date_gmt":"2014-04-11T02:46:23","guid":{"rendered":"https:\/\/wp.ufpel.edu.br\/safis\/?page_id=201"},"modified":"2014-04-11T00:02:33","modified_gmt":"2014-04-11T03:02:33","slug":"organizacao","status":"publish","type":"page","link":"https:\/\/wp.ufpel.edu.br\/safis\/organizacao\/","title":{"rendered":"ORGANIZA\u00c7\u00c3O"},"content":{"rendered":"<p><a href=\"https:\/\/wp.ufpel.edu.br\/safis\/files\/2014\/04\/dalf.jpg\">Diret\u00f3rio Acad\u00eamico do curso de Licenciatura em F\u00edsica (DALF)<\/a><\/p>\n<p><a href=\"https:\/\/wp.ufpel.edu.br\/safis\/files\/2014\/04\/dalf.jpg\"><img loading=\"lazy\" decoding=\"async\" class=\"aligncenter size-large wp-image-202\" alt=\"dalf\" src=\"https:\/\/wp.ufpel.edu.br\/safis\/files\/2014\/04\/dalf-1024x683.jpg\" width=\"590\" height=\"393\" srcset=\"https:\/\/wp.ufpel.edu.br\/safis\/files\/2014\/04\/dalf-1024x683.jpg 1024w, https:\/\/wp.ufpel.edu.br\/safis\/files\/2014\/04\/dalf-300x200.jpg 300w, https:\/\/wp.ufpel.edu.br\/safis\/files\/2014\/04\/dalf.jpg 1600w\" sizes=\"auto, (max-width: 590px) 100vw, 590px\" \/><\/a><\/p>\n","protected":false},"excerpt":{"rendered":"<p>Diret\u00f3rio Acad\u00eamico do curso de Licenciatura em F\u00edsica (DALF)<\/p>\n","protected":false},"author":140,"featured_media":0,"parent":0,"menu_order":3,"comment_status":"closed","ping_status":"closed","template":"","meta":{"jetpack_post_was_ever_published":false,"footnotes":""},"class_list":["post-201","page","type-page","status-publish","hentry","nodate","item-wrap"],"jetpack_sharing_enabled":true,"jetpack_shortlink":"https:\/\/wp.me\/P6QNXJ-3f","_links":{"self":[{"href":"https:\/\/wp.ufpel.edu.br\/safis\/wp-json\/wp\/v2\/pages\/201","targetHints":{"allow":["GET"]}}],"collection":[{"href":"https:\/\/wp.ufpel.edu.br\/safis\/wp-json\/wp\/v2\/pages"}],"about":[{"href":"https:\/\/wp.ufpel.edu.br\/safis\/wp-json\/wp\/v2\/types\/page"}],"author":[{"embeddable":true,"href":"https:\/\/wp.ufpel.edu.br\/safis\/wp-json\/wp\/v2\/users\/140"}],"replies":[{"embeddable":true,"href":"https:\/\/wp.ufpel.edu.br\/safis\/wp-json\/wp\/v2\/comments?post=201"}],"version-history":[{"count":2,"href":"https:\/\/wp.ufpel.edu.br\/safis\/wp-json\/wp\/v2\/pages\/201\/revisions"}],"predecessor-version":[{"id":204,"href":"https:\/\/wp.ufpel.edu.br\/safis\/wp-json\/wp\/v2\/pages\/201\/revisions\/204"}],"wp:attachment":[{"href":"https:\/\/wp.ufpel.edu.br\/safis\/wp-json\/wp\/v2\/media?parent=201"}],"curies":[{"name":"wp","href":"https:\/\/api.w.org\/{rel}","templated":true}]}}