{"id":26,"date":"2017-02-19T20:13:32","date_gmt":"2017-02-19T23:13:32","guid":{"rendered":"https:\/\/wp.ufpel.edu.br\/sad\/?page_id=26"},"modified":"2017-05-07T17:27:01","modified_gmt":"2017-05-07T20:27:01","slug":"programacao","status":"publish","type":"page","link":"https:\/\/wp.ufpel.edu.br\/sad\/programacao\/","title":{"rendered":"Programa\u00e7\u00e3o"},"content":{"rendered":"<p style=\"text-align: center\"><strong>Dia 1 \u2013 1\u00ba de junho de 2017, quinta-feira<\/strong><\/p>\n<p><strong>\u00a0<\/strong><\/p>\n<p><strong><em>8h \u00e0s 8h45<\/em> \u2013 Credenciamento<\/strong><\/p>\n<p><strong><em>8h45 \u00e0s 9h<\/em> \u2013 Abertura do evento<\/strong><\/p>\n<p><strong><em>9h \u00e0s 10h30<\/em> \u2013 Confer\u00eancia de abertura<\/strong><\/p>\n<p>Coordena\u00e7\u00e3o: Profa.\u00a0Dra. Janaina Cardoso Brum (UFPel)<\/p>\n<p>Conferencista: Profa. Dra. Aracy Gra\u00e7a Ernst (UCPel)<\/p>\n<p><strong><em>10h30 \u00e0s 10h45<\/em> \u2013 Intervalo do cafezinho<\/strong><\/p>\n<p><strong><em>10h45 \u00e0s 12h15<\/em> \u2013 Sess\u00f5es de apresenta\u00e7\u00e3o de comunica\u00e7\u00f5es<\/strong><\/p>\n<p><strong><em>12h15 \u00e0s 14h<\/em> \u2013 Intervalo do almo\u00e7o<\/strong><\/p>\n<p><strong><em>14h \u00e0s 16h<\/em> \u2013 Mesa-redonda 1: An\u00e1lise de Discurso, Pol\u00edtica e Resist\u00eancia<\/strong><\/p>\n<p>Coordena\u00e7\u00e3o: Profa. Dra. M\u00e1rcia Dresch (UFPel)<\/p>\n<p>Palestrantes:<\/p>\n<p>Profa. Dra. Elizabeth Dorneles (UNICRUZ)<\/p>\n<p>Profa. Dra. Elisane Pinto da Silva Machado de Lima\u00a0(IFSul)<\/p>\n<p>Prof. Dr. Walker Douglas Pincerati (UNIPAMPA\/Jaguar\u00e3o)<\/p>\n<p><strong><em>16h \u00e0s 16h30<\/em> \u2013 Intervalo do cafezinho<\/strong><\/p>\n<p><strong><em>16h30 \u00e0s 18h<\/em> \u2013 Confer\u00eancia de entremeio<\/strong><\/p>\n<p>Coordena\u00e7\u00e3o: Profa. Ms. Cristina Zanella Rodrigues (IFSul\/Santana do Livramento)<\/p>\n<p>Conferencista: Prof. Dr. Pedro de Souza (UFSC)<\/p>\n<p>&nbsp;<\/p>\n<p style=\"text-align: center\"><strong>Dia 2 \u2013 02 de junho de 2017, sexta-feira<\/strong><\/p>\n<p><strong>\u00a0<\/strong><\/p>\n<p><strong><em>8h30 \u00e0s 10h30<\/em> \u2013 Mesa-redonda 2: An\u00e1lise de Discurso, Corpo e Voz<\/strong><\/p>\n<p>Coordena\u00e7\u00e3o: Profa. Dra. Jana\u00edna Cardoso Brum (UFPel)<\/p>\n<p>Palestrantes:<\/p>\n<p>Profa. Dra. Cl\u00f3ris Dorow (IFSul\/Pelotas)<\/p>\n<p>Profa. Dra. Maria Thereza Veloso (URI\/Frederico Westphalen)<\/p>\n<p>Profa. Dra. Monica Cassana (UNIPAMPA\/Bag\u00e9)<\/p>\n<p><strong><em>10h30 \u00e0s 10h45 <\/em>\u2013 Intervalo do cafezinho<\/strong><\/p>\n<p><strong><em>10h45 \u00e0s 12h15<\/em> \u2013 Sess\u00e3o de apresenta\u00e7\u00e3o de comunica\u00e7\u00f5es<\/strong><\/p>\n<p><strong><em>12h15 \u00e0s 14h<\/em> \u2013 Intervalo do almo\u00e7o<\/strong><\/p>\n<p><strong><em>14h \u00e0s 16h <\/em>\u2013 Mesa-redonda 3: An\u00e1lise de Discurso, L\u00edngua e Ensino<\/strong><\/p>\n<p>Coordena\u00e7\u00e3o: Profa. Ms. Cristina Zanella Rodrigues (IFSul\/Santana do Livramento)<\/p>\n<p>Palestrantes:<\/p>\n<p>Profa. Dra. Carolina Fernandes (UNIPAMPA\/Bag\u00e9)<\/p>\n<p>Profa. Dra. Marilei Resmini Grantham (FURG)<\/p>\n<p>Profa. Dra. Rosely Diniz da Silva Machado (FURG)<\/p>\n<p><strong><em>16h \u00e0s 16h30<\/em> \u2013 Intervalo do cafezinho<\/strong><\/p>\n<p><strong><em>16h30 \u00e0s 18h<\/em>\u2013 Confer\u00eancia de encerramento<\/strong><\/p>\n<p>Coordena\u00e7\u00e3o: Profa. Dra. Luciana Iost Vinhas (UFPel)<\/p>\n<p>Conferencista: Profa. Dra. Maria Cristina Leandro Ferreira (UFRGS)<\/p>\n","protected":false},"excerpt":{"rendered":"<p>Dia 1 \u2013 1\u00ba de junho de 2017, quinta-feira \u00a0 8h \u00e0s 8h45 \u2013 Credenciamento 8h45 \u00e0s 9h \u2013 Abertura do evento 9h \u00e0s 10h30 \u2013 Confer\u00eancia de abertura Coordena\u00e7\u00e3o: Profa.\u00a0Dra. Janaina Cardoso Brum (UFPel) Conferencista: Profa. Dra. Aracy Gra\u00e7a Ernst (UCPel) 10h30 \u00e0s 10h45 \u2013 Intervalo do cafezinho 10h45 \u00e0s 12h15 \u2013 Sess\u00f5es de &hellip; <a href=\"https:\/\/wp.ufpel.edu.br\/sad\/programacao\/\" class=\"more-link\">Continuar lendo <span class=\"screen-reader-text\">Programa\u00e7\u00e3o<\/span><\/a><\/p>\n","protected":false},"author":719,"featured_media":0,"parent":0,"menu_order":0,"comment_status":"closed","ping_status":"closed","template":"","meta":{"footnotes":""},"class_list":["post-26","page","type-page","status-publish","hentry"],"_links":{"self":[{"href":"https:\/\/wp.ufpel.edu.br\/sad\/wp-json\/wp\/v2\/pages\/26","targetHints":{"allow":["GET"]}}],"collection":[{"href":"https:\/\/wp.ufpel.edu.br\/sad\/wp-json\/wp\/v2\/pages"}],"about":[{"href":"https:\/\/wp.ufpel.edu.br\/sad\/wp-json\/wp\/v2\/types\/page"}],"author":[{"embeddable":true,"href":"https:\/\/wp.ufpel.edu.br\/sad\/wp-json\/wp\/v2\/users\/719"}],"replies":[{"embeddable":true,"href":"https:\/\/wp.ufpel.edu.br\/sad\/wp-json\/wp\/v2\/comments?post=26"}],"version-history":[{"count":7,"href":"https:\/\/wp.ufpel.edu.br\/sad\/wp-json\/wp\/v2\/pages\/26\/revisions"}],"predecessor-version":[{"id":169,"href":"https:\/\/wp.ufpel.edu.br\/sad\/wp-json\/wp\/v2\/pages\/26\/revisions\/169"}],"wp:attachment":[{"href":"https:\/\/wp.ufpel.edu.br\/sad\/wp-json\/wp\/v2\/media?parent=26"}],"curies":[{"name":"wp","href":"https:\/\/api.w.org\/{rel}","templated":true}]}}