{"id":657,"date":"2025-06-16T15:02:20","date_gmt":"2025-06-16T18:02:20","guid":{"rendered":"https:\/\/wp.ufpel.edu.br\/sacsociais\/?page_id=657"},"modified":"2025-06-16T17:38:54","modified_gmt":"2025-06-16T20:38:54","slug":"inscricao-para-mini-cursos","status":"publish","type":"page","link":"https:\/\/wp.ufpel.edu.br\/sacsociais\/inscricao-para-mini-cursos\/","title":{"rendered":"Inscri\u00e7\u00e3o para oficinas e mini-cursos"},"content":{"rendered":"<p><span style=\"font-weight: 400;\">Est\u00e3o abertas as inscri\u00e7\u00f5es para os minicursos e oficinas que ser\u00e3o ofertados durante a XV Semana Acad\u00eamica de Ci\u00eancias Sociais da UFPel! As oficinas e minicursos ocorrer\u00e3o durante a semana no per\u00edodo da tarde entre \u00e0s 14h e 17h, e voc\u00ea poder\u00e1 se inscrever nos respectivos formul\u00e1rios abaixo:<\/span><\/p>\n<p>&nbsp;<\/p>\n<p><b>Oficina: OpenAI Whisper &#8211; transcri\u00e7\u00e3o autom\u00e1tica para pesquisa:<\/b><\/p>\n<p><span style=\"font-weight: 400;\">A an\u00e1lise de pronunciamentos, entrevistas e outros registros em \u00e1udio e\/ou v\u00eddeo \u00e9 fundamental para pesquisas em Ci\u00eancia Pol\u00edtica e \u00e1reas afins das humanidades. Tradicionalmente, a transcri\u00e7\u00e3o manual desses materiais demanda tempo e recursos, limitando a escala das an\u00e1lises. O uso de ferramentas de Intelig\u00eancia Artificial (IA), como o Whisper, aliado \u00e0 acessibilidade do Google Colab, oferece uma solu\u00e7\u00e3o metodol\u00f3gica inovadora, permitindo a transcri\u00e7\u00e3o autom\u00e1tica de alta precis\u00e3o de grandes volumes de dados qualitativos. Essa ferramenta n\u00e3o apenas otimiza processos, mas tamb\u00e9m amplia as possibilidades de investiga\u00e7\u00e3o cr\u00edtica,garantindo reprodutibilidade e rigor metodol\u00f3gico.<\/span><\/p>\n<p><b>Data:<\/b><span style=\"font-weight: 400;\"> 24\/06\/25 e 25\/06\/25 (ter\u00e7a e quarta).<\/span><\/p>\n<p><b>Ministrante: <\/b><span style=\"font-weight: 400;\">Thales Morbach Lange &#8211; Graduando em Ci\u00eancias Sociais (Bacharel) na UFPel, bolsista de Inicia\u00e7\u00e3o Cient\u00edfica vinculado ao Grupo de Pesquisa Ideologia e An\u00e1lise de Discurso.<\/span><\/p>\n<p><b>Formul\u00e1rio de inscri\u00e7\u00e3o:<\/b> <a href=\"https:\/\/forms.gle\/UhciNtjqtQE11nFp7\"><span style=\"font-weight: 400;\">https:\/\/forms.gle\/UhciNtjqtQE11nFp7<\/span><\/a><span style=\"font-weight: 400;\">\u00a0<\/span><\/p>\n<p>&nbsp;<\/p>\n<p><b>Minicurso: <\/b><b>Da Teoria ao Epis\u00f3dio: produ\u00e7\u00e3o de podcasts sobre politica.<\/b><\/p>\n<p><span style=\"font-weight: 400;\">A atividade tem como objetivo capacitar estudantes na produ\u00e7\u00e3o de conte\u00fado em formato de podcast, com linguagem acess\u00edvel para al\u00e9m da comunidade acad\u00eamica, abordando temas da ci\u00eancia pol\u00edtica de forma cr\u00edtica e engajada. A oficina incluir\u00e1 no\u00e7\u00f5es b\u00e1sicas de roteiriza\u00e7\u00e3o, grava\u00e7\u00e3o, edi\u00e7\u00e3o e divulga\u00e7\u00e3o de epis\u00f3dios, al\u00e9m de estimular reflex\u00f5es sobre o papel da comunica\u00e7\u00e3o digital na forma\u00e7\u00e3o da consci\u00eancia pol\u00edtica. \u00c9 uma oportunidade para unir teoria e pr\u00e1tica, incentivando a produ\u00e7\u00e3o de m\u00eddia alternativa e a divulga\u00e7\u00e3o do conhecimento cient\u00edfico para al\u00e9m dos muros da universidade.<\/span><\/p>\n<p><b>Data: <\/b><span style=\"font-weight: 400;\">24\/06\/25 (ter\u00e7a).<\/span><\/p>\n<p><b>Ministrante: <\/b><span style=\"font-weight: 400;\">Simplificando Pol\u00edtica &#8211; Projeto de extens\u00e3o do curso de Ci\u00eancias Sociais da UFPel que produz um podcast sobre os assuntos da pol\u00edtica de maneira simplificada.<\/span><\/p>\n<p><b>Formul\u00e1rio de inscri\u00e7\u00e3o: <\/b><a href=\"https:\/\/forms.gle\/HLRcf12QKrsJUpY58\"><span style=\"font-weight: 400;\">https:\/\/forms.gle\/HLRcf12QKrsJUpY58<\/span><\/a><span style=\"font-weight: 400;\">\u00a0<\/span><\/p>\n<p>&nbsp;<\/p>\n<p><b>Minicurso: Introdu\u00e7\u00e3o \u00e0 Economia Solid\u00e1ria: um modo de produ\u00e7\u00e3o e consumo n\u00e3o capitalista:\u00a0<\/b><\/p>\n<p><span style=\"font-weight: 400;\">O minicurso visa oferecer aos participantes uma vis\u00e3o geral do fen\u00f4meno mundial da economia solid\u00e1ria nas \u00faltimas d\u00e9cadas &#8211; sua din\u00e2mica de desenvolvimento, suas formas concretas de express\u00e3o socioecon\u00f4mica e as principais categorias te\u00f3ricas de an\u00e1lise utilizadas pela literatura especializada. A segunda oficina, especificamente, ter\u00e1 foco no desenvolvimento da economia solid\u00e1ria no Brasil e nos pa\u00edses vizinhos, e contar\u00e1 com a participa\u00e7\u00e3o debatedora de agentes sociais envolvidos diretamente com os empreendimentos.<\/span><\/p>\n<p><b>Data:<\/b><span style=\"font-weight: 400;\"> 25\/06\/25 e 26\/06\/25 (quarta e quinta).<\/span><\/p>\n<p><b>Ministrante: <\/b><span style=\"font-weight: 400;\">Prof\u00ba Dr\u00ba Ant\u00f4nio Carlos Martins da Cruz &#8211; Doutor em Economia Aplicada, professor do curso de Rela\u00e7\u00f5es Internacionais da UFPel e pesquisador\/extensionista do Tecsol-UFPel.<\/span><\/p>\n<p><b>Formul\u00e1rio de inscri\u00e7\u00e3o: <\/b><a href=\"https:\/\/forms.gle\/6NCFys5aAE7Pfye58\"><span style=\"font-weight: 400;\">https:\/\/forms.gle\/6NCFys5aAE7Pfye58<\/span><\/a><span style=\"font-weight: 400;\">\u00a0<\/span><\/p>\n<p>&nbsp;<\/p>\n<p><b>Minicurso: Uso de imagem como ferramenta pedag\u00f3gica para as Ci\u00eancias Sociais.\u00a0<\/b><\/p>\n<p><span style=\"font-weight: 400;\">O minicurso ocorrer\u00e1 em dois encontros de tr\u00eas horas (seis horas no total) e prop\u00f5e discutir o uso da imagem como linguagem e ferramenta did\u00e1tica nas Ci\u00eancias Sociais. Os participantes ser\u00e3o convidados a refletir criticamente sobre o papel das imagens na sociedade contempor\u00e2nea e na educa\u00e7\u00e3o, bem como a experimentar pr\u00e1ticas criativas que podem ser aplicadas no ensino de Sociologia no Ensino M\u00e9dio.<\/span><\/p>\n<p><b>Data:<\/b><span style=\"font-weight: 400;\"> 26\/06\/25 e 27\/06\/25 (quinta e sexta).<\/span><\/p>\n<p><b>Ministrantes: <\/b><span style=\"font-weight: 400;\">Manoela Neutzling<\/span><span style=\"font-weight: 400;\"> &#8211; Licenciada em Ci\u00eancias Sociais (UFPel). Mestra e doutoranda em Sociologia pelo PPGS\/UFPel; <\/span><span style=\"font-weight: 400;\">Gabriela Pecantet<\/span><span style=\"font-weight: 400;\"> &#8211; Bacharela em Direito e graduanda em Antropologia pela UFPel. Mestra e doutoranda em Sociologia pelo PPGS\/UFPel. Educadora no Desafio Pr\u00e9-universit\u00e1rio Popular (UFPel).<\/span><\/p>\n<p><b>Formul\u00e1rio de inscri\u00e7\u00e3o: <\/b><a href=\"https:\/\/forms.gle\/F4HJ2e9UYyqiWLLy5\"><span style=\"font-weight: 400;\">https:\/\/forms.gle\/F4HJ2e9UYyqiWLLy5<\/span><\/a><span style=\"font-weight: 400;\">\u00a0<\/span><\/p>\n<p>&nbsp;<\/p>\n<p><b>Oficina de Metodologia Qualitativa:<\/b><\/p>\n<p><span style=\"font-weight: 400;\">Quando usar, formula\u00e7\u00e3o do problema, t\u00e9cnicas de revis\u00e3o bibliogr\u00e1fica sistem\u00e1tica, elabora\u00e7\u00e3o de roteiros de entrevista, tipos de an\u00e1lises de conte\u00fado.<\/span><\/p>\n<p><b>Data:<\/b><span style=\"font-weight: 400;\"> 27\/06\/25 (sexta).<\/span><\/p>\n<p><b>Ministrante:<\/b><span style=\"font-weight: 400;\"> Prof\u00aa Dr\u00aa Patr\u00edcia Rodrigues Chaves da Cunha &#8211; Doutora em Ci\u00eancia Pol\u00edtica, \u00e9 professora do curso de Ci\u00eancias Sociais na UFPel e coordenadora do Grupo de Pesquisa Democracia e Pol\u00edticas P\u00fablicas (dpop-UFPel).\u00a0<\/span><\/p>\n<p><b>Formul\u00e1rio de inscri\u00e7\u00e3o:<\/b> <a href=\"https:\/\/forms.gle\/W9d6eXBW5Gk2Xb9V7\"><span style=\"font-weight: 400;\">https:\/\/forms.gle\/W9d6eXBW5Gk2Xb9V7<\/span><\/a><\/p>\n","protected":false},"excerpt":{"rendered":"<p>Est\u00e3o abertas as inscri\u00e7\u00f5es para os minicursos e oficinas que ser\u00e3o ofertados durante a XV Semana Acad\u00eamica de Ci\u00eancias Sociais da UFPel! As oficinas e minicursos ocorrer\u00e3o durante a semana no per\u00edodo da tarde entre \u00e0s 14h e 17h, e &hellip; <a href=\"https:\/\/wp.ufpel.edu.br\/sacsociais\/inscricao-para-mini-cursos\/\">Continue lendo <span class=\"meta-nav\">&rarr;<\/span><\/a><\/p>\n","protected":false},"author":1430,"featured_media":0,"parent":0,"menu_order":0,"comment_status":"closed","ping_status":"closed","template":"","meta":{"footnotes":""},"class_list":["post-657","page","type-page","status-publish","hentry"],"_links":{"self":[{"href":"https:\/\/wp.ufpel.edu.br\/sacsociais\/wp-json\/wp\/v2\/pages\/657","targetHints":{"allow":["GET"]}}],"collection":[{"href":"https:\/\/wp.ufpel.edu.br\/sacsociais\/wp-json\/wp\/v2\/pages"}],"about":[{"href":"https:\/\/wp.ufpel.edu.br\/sacsociais\/wp-json\/wp\/v2\/types\/page"}],"author":[{"embeddable":true,"href":"https:\/\/wp.ufpel.edu.br\/sacsociais\/wp-json\/wp\/v2\/users\/1430"}],"replies":[{"embeddable":true,"href":"https:\/\/wp.ufpel.edu.br\/sacsociais\/wp-json\/wp\/v2\/comments?post=657"}],"version-history":[{"count":5,"href":"https:\/\/wp.ufpel.edu.br\/sacsociais\/wp-json\/wp\/v2\/pages\/657\/revisions"}],"predecessor-version":[{"id":665,"href":"https:\/\/wp.ufpel.edu.br\/sacsociais\/wp-json\/wp\/v2\/pages\/657\/revisions\/665"}],"wp:attachment":[{"href":"https:\/\/wp.ufpel.edu.br\/sacsociais\/wp-json\/wp\/v2\/media?parent=657"}],"curies":[{"name":"wp","href":"https:\/\/api.w.org\/{rel}","templated":true}]}}