{"id":447,"date":"2013-10-13T22:59:37","date_gmt":"2013-10-14T01:59:37","guid":{"rendered":"https:\/\/wp.ufpel.edu.br\/sacsociais\/?page_id=447"},"modified":"2025-05-21T19:32:45","modified_gmt":"2025-05-21T22:32:45","slug":"organizacao","status":"publish","type":"page","link":"https:\/\/wp.ufpel.edu.br\/sacsociais\/organizacao\/","title":{"rendered":"Organiza\u00e7\u00e3o"},"content":{"rendered":"<h3>D\u00favidas? Nos procure pessoalmente tamb\u00e9m! Estamos sempre pelos corredores do IFISP ou pelo Instagram:<\/h3>\n<ul>\n<li><strong>Herison de Carvalho Silva <\/strong><br \/>\n7\u00b0 semestre<br \/>\n@herison.silva<br \/>\nComiss\u00e3o Cultural<\/li>\n<li><strong>Bruno Cardoso Cabral<\/strong><br \/>\n7\u00b0 semestre<br \/>\n@4paperman<br \/>\nComiss\u00e3o de Comunica\u00e7\u00e3o<\/li>\n<li><strong>Renata Rodrigues Pintos<\/strong><br \/>\n5\u00b0 semestre<br \/>\n@renatarp__<br \/>\nComiss\u00e3o de Comunica\u00e7\u00e3o<\/li>\n<li><strong>Felipe Schmals Silveira <\/strong><br \/>\n3\u00b0 Semestre<br \/>\n@felipeschmals<br \/>\nComiss\u00e3o cient\u00edfica<\/li>\n<li><strong>Milena Pedra Drawanz <\/strong><br \/>\n7\u00b0 semestre<br \/>\n@drksmw<br \/>\nComiss\u00e3o cient\u00edfica<\/li>\n<li><strong>Georgia Lisboa Maia <\/strong><br \/>\n7\u2070 semestre<br \/>\n@georgia_lisboa<br \/>\ncomiss\u00e3o de log\u00edstica<\/li>\n<li><strong>Luana Dias Lameira<\/strong><br \/>\n7\u00b0 semestre<br \/>\n@luu.dias13<br \/>\nComiss\u00e3o de log\u00edstica<\/li>\n<li><strong>Diego Robson dos Santos<\/strong><br \/>\n7\u00ba semestre<br \/>\n@macunaimabdp<br \/>\nComiss\u00e3o Cultural<\/li>\n<li><strong>Giovana Luz Dias <\/strong><br \/>\n7\u00b0 semestre<br \/>\n@diasgiovanaluz<br \/>\nComiss\u00e3o cient\u00edfica<\/li>\n<li><strong>Marielle Mendes Sacharuk<\/strong><br \/>\n7\u00b0 semestre<br \/>\n@mari.sacharuk<br \/>\nComissao cient\u00edfica<\/li>\n<li><strong>Ana Ignez Braga Dal Magro<\/strong><br \/>\n7\u00b0 semestre<br \/>\n@anaignezz<br \/>\nComiss\u00e3o de log\u00edstica<\/li>\n<li><strong>Kauany Maske Vieira <\/strong><br \/>\n5\u00ba semestre<br \/>\n@kauanymaske<br \/>\nComiss\u00e3o de log\u00edstica<\/li>\n<\/ul>\n","protected":false},"excerpt":{"rendered":"<p>D\u00favidas? Nos procure pessoalmente tamb\u00e9m! Estamos sempre pelos corredores do IFISP ou pelo Instagram: Herison de Carvalho Silva 7\u00b0 semestre @herison.silva Comiss\u00e3o Cultural Bruno Cardoso Cabral 7\u00b0 semestre @4paperman Comiss\u00e3o de Comunica\u00e7\u00e3o Renata Rodrigues Pintos 5\u00b0 semestre @renatarp__ Comiss\u00e3o de &hellip; <a href=\"https:\/\/wp.ufpel.edu.br\/sacsociais\/organizacao\/\">Continue lendo <span class=\"meta-nav\">&rarr;<\/span><\/a><\/p>\n","protected":false},"author":170,"featured_media":0,"parent":0,"menu_order":0,"comment_status":"closed","ping_status":"closed","template":"","meta":{"footnotes":""},"class_list":["post-447","page","type-page","status-publish","hentry"],"_links":{"self":[{"href":"https:\/\/wp.ufpel.edu.br\/sacsociais\/wp-json\/wp\/v2\/pages\/447","targetHints":{"allow":["GET"]}}],"collection":[{"href":"https:\/\/wp.ufpel.edu.br\/sacsociais\/wp-json\/wp\/v2\/pages"}],"about":[{"href":"https:\/\/wp.ufpel.edu.br\/sacsociais\/wp-json\/wp\/v2\/types\/page"}],"author":[{"embeddable":true,"href":"https:\/\/wp.ufpel.edu.br\/sacsociais\/wp-json\/wp\/v2\/users\/170"}],"replies":[{"embeddable":true,"href":"https:\/\/wp.ufpel.edu.br\/sacsociais\/wp-json\/wp\/v2\/comments?post=447"}],"version-history":[{"count":17,"href":"https:\/\/wp.ufpel.edu.br\/sacsociais\/wp-json\/wp\/v2\/pages\/447\/revisions"}],"predecessor-version":[{"id":623,"href":"https:\/\/wp.ufpel.edu.br\/sacsociais\/wp-json\/wp\/v2\/pages\/447\/revisions\/623"}],"wp:attachment":[{"href":"https:\/\/wp.ufpel.edu.br\/sacsociais\/wp-json\/wp\/v2\/media?parent=447"}],"curies":[{"name":"wp","href":"https:\/\/api.w.org\/{rel}","templated":true}]}}