{"id":2,"date":"2012-03-23T19:18:03","date_gmt":"2012-03-23T22:18:03","guid":{"rendered":"https:\/\/wp.ufpel.edu.br\/sacsociais\/?page_id=2"},"modified":"2025-05-21T19:36:52","modified_gmt":"2025-05-21T22:36:52","slug":"sobre","status":"publish","type":"page","link":"https:\/\/wp.ufpel.edu.br\/sacsociais\/","title":{"rendered":"In\u00edcio"},"content":{"rendered":"<p><b>XV Semana Acad\u00eamica das Ci\u00eancias Sociais: o papel dos cientistas sociais na contemporaneidade<\/b><\/p>\n<h3 style=\"text-align: center;\"><span style=\"font-weight: 400;\">Entre os dias 23 e 27 de junho de 2025 ir\u00e1 acontecer a XV Semana Acad\u00eamica das Ci\u00eancias Sociais, que tem como tema \u201co papel dos cientistas sociais na contemporaneidade\u201d e contar\u00e1 com GT\u2019s, minicursos e palestras ofertados pelo corpo docente e por convidados.\u00a0<\/span><\/h3>\n<p><a href=\"https:\/\/wp.ufpel.edu.br\/sacsociais\/files\/2025\/05\/IMG_7737.jpg\"><img loading=\"lazy\" decoding=\"async\" class=\"wp-image-609 alignleft\" src=\"https:\/\/wp.ufpel.edu.br\/sacsociais\/files\/2025\/05\/IMG_7737-215x300.jpg\" alt=\"\" width=\"408\" height=\"569\" srcset=\"https:\/\/wp.ufpel.edu.br\/sacsociais\/files\/2025\/05\/IMG_7737-215x300.jpg 215w, https:\/\/wp.ufpel.edu.br\/sacsociais\/files\/2025\/05\/IMG_7737-733x1024.jpg 733w, https:\/\/wp.ufpel.edu.br\/sacsociais\/files\/2025\/05\/IMG_7737-768x1073.jpg 768w, https:\/\/wp.ufpel.edu.br\/sacsociais\/files\/2025\/05\/IMG_7737-1099x1536.jpg 1099w, https:\/\/wp.ufpel.edu.br\/sacsociais\/files\/2025\/05\/IMG_7737.jpg 1169w\" sizes=\"auto, (max-width: 408px) 100vw, 408px\" \/><\/a><\/p>\n<p style=\"text-align: left;\"><span style=\"font-weight: 400;\">As inscri\u00e7\u00f5es para participar do evento ser\u00e3o feitas atrav\u00e9s de formul\u00e1rio para as modalidades ouvinte e apresentador. O per\u00edodo de inscri\u00e7\u00f5es ser\u00e1 do dia 21\/05 \u00a0at\u00e9 07\/06 e para realizar a sua \u00e9 s\u00f3 acessar a aba de inscri\u00e7\u00e3o e a modalidade aqui no menu.<\/span><\/p>\n<p style=\"text-align: left;\"><span style=\"font-weight: 400;\">A submiss\u00e3o de trabalhos ser\u00e1 feita atrav\u00e9s de formul\u00e1rio, o autor deve submeter seu resumo a uma das seguintes \u00e1reas: Ci\u00eancia Pol\u00edtica, Sociologia, Antropologia e Ensino de Ci\u00eancias Sociais. Assim, a comiss\u00e3o organizadora ir\u00e1 encaminhar o resumo para o GT que mais se encaixar com o seu tema! Voc\u00ea pode submeter seu trabalho como autor \u00fanico ou com co-autores (no m\u00e1ximo 5) e junto a um professor orientador (n\u00e3o \u00e9 obrigat\u00f3rio). Todas as orienta\u00e7\u00f5es para a elabora\u00e7\u00e3o de resumos estar\u00e3o dispon\u00edveis em um modelo que ser\u00e1 disponibilizado aqui no site. Se voc\u00ea submeteu seu trabalho para apresenta\u00e7\u00e3o, estar\u00e1 automaticamente inscrito como ouvinte.<\/span><\/p>\n<p style=\"text-align: left;\"><span style=\"font-weight: 400;\">Aqueles que ficarem com d\u00favidas sobre o evento ou sobre o modelo de resumo, podem entrar em contato com a organiza\u00e7\u00e3o do evento atrav\u00e9s das redes sociais do CAFF ou do nosso e-mail:\u00a0<\/span><span style=\"font-weight: 400;\">ufpel.caff@gmail.com<\/span><span style=\"font-weight: 400;\">.\u00a0<\/span><\/p>\n<p style=\"text-align: justify;\"><br style=\"font-weight: 400;\" \/><br style=\"font-weight: 400;\" \/><\/p>\n<p style=\"text-align: justify;\">\n","protected":false},"excerpt":{"rendered":"<p>XV Semana Acad\u00eamica das Ci\u00eancias Sociais: o papel dos cientistas sociais na contemporaneidade Entre os dias 23 e 27 de junho de 2025 ir\u00e1 acontecer a XV Semana Acad\u00eamica das Ci\u00eancias Sociais, que tem como tema \u201co papel dos cientistas &hellip; <a href=\"https:\/\/wp.ufpel.edu.br\/sacsociais\/\">Continue lendo <span class=\"meta-nav\">&rarr;<\/span><\/a><\/p>\n","protected":false},"author":170,"featured_media":0,"parent":0,"menu_order":1,"comment_status":"closed","ping_status":"closed","template":"","meta":{"footnotes":""},"class_list":["post-2","page","type-page","status-publish","hentry"],"_links":{"self":[{"href":"https:\/\/wp.ufpel.edu.br\/sacsociais\/wp-json\/wp\/v2\/pages\/2","targetHints":{"allow":["GET"]}}],"collection":[{"href":"https:\/\/wp.ufpel.edu.br\/sacsociais\/wp-json\/wp\/v2\/pages"}],"about":[{"href":"https:\/\/wp.ufpel.edu.br\/sacsociais\/wp-json\/wp\/v2\/types\/page"}],"author":[{"embeddable":true,"href":"https:\/\/wp.ufpel.edu.br\/sacsociais\/wp-json\/wp\/v2\/users\/170"}],"replies":[{"embeddable":true,"href":"https:\/\/wp.ufpel.edu.br\/sacsociais\/wp-json\/wp\/v2\/comments?post=2"}],"version-history":[{"count":41,"href":"https:\/\/wp.ufpel.edu.br\/sacsociais\/wp-json\/wp\/v2\/pages\/2\/revisions"}],"predecessor-version":[{"id":624,"href":"https:\/\/wp.ufpel.edu.br\/sacsociais\/wp-json\/wp\/v2\/pages\/2\/revisions\/624"}],"wp:attachment":[{"href":"https:\/\/wp.ufpel.edu.br\/sacsociais\/wp-json\/wp\/v2\/media?parent=2"}],"curies":[{"name":"wp","href":"https:\/\/api.w.org\/{rel}","templated":true}]}}