{"id":104,"date":"2018-03-15T20:42:52","date_gmt":"2018-03-15T23:42:52","guid":{"rendered":"https:\/\/wp.ufpel.edu.br\/sacomp\/?page_id=104"},"modified":"2026-04-01T12:57:51","modified_gmt":"2026-04-01T15:57:51","slug":"sobre","status":"publish","type":"page","link":"https:\/\/wp.ufpel.edu.br\/sacomp\/","title":{"rendered":"O que \u00e9 a SACOMP?"},"content":{"rendered":"<p style=\"text-align: justify;\">A SACOMP (Semana Acad\u00eamica da Computa\u00e7\u00e3o) \u00e9 um tradicional evento acad\u00eamico sem fins lucrativos organizado pelos alunos dos cursos de Ci\u00eancia a Computa\u00e7\u00e3o e Engenharia de Computa\u00e7\u00e3o da Universidade Federal de Pelotas (UFPel).<\/p>\n<p style=\"text-align: justify;\">Em edi\u00e7\u00f5es anteriores obteve-se uma grande presen\u00e7a de alunos das principais institui\u00e7\u00f5es de ensino superior da regi\u00e3o sul, bem como UFPel, UCPel, IFSul, FURG e FATEC\/Senac, posicionando a SACOMP como um dos principais eventos acad\u00eamicos de alcance regional na \u00e1rea da Computa\u00e7\u00e3o.<\/p>\n<div class=\"container-botoes\"><a class=\"btn btn-inscreva\" href=\"https:\/\/wp.ufpel.edu.br\/sacomp\/inscricao-em-breve\/\">Inscreva-se<\/a><br \/>\n<a class=\"btn btn-programacao\" href=\"https:\/\/wp.ufpel.edu.br\/sacomp\/programacao\/\">Programa\u00e7\u00e3o<\/a><\/div>\n<div><\/div>\n<div>\n<div><\/div>\n<\/div>\n","protected":false},"excerpt":{"rendered":"<p>A SACOMP (Semana Acad\u00eamica da Computa\u00e7\u00e3o) \u00e9 um tradicional evento acad\u00eamico sem fins lucrativos organizado pelos alunos dos cursos de Ci\u00eancia a Computa\u00e7\u00e3o e Engenharia de Computa\u00e7\u00e3o da Universidade Federal de Pelotas (UFPel). Em edi\u00e7\u00f5es anteriores obteve-se uma grande presen\u00e7a de alunos das principais institui\u00e7\u00f5es de ensino superior da regi\u00e3o sul, bem como UFPel, UCPel,&#8230; <\/p>\n<div class=\"link-more\"><a href=\"https:\/\/wp.ufpel.edu.br\/sacomp\/\">Leia mais<\/a><\/div>\n","protected":false},"author":785,"featured_media":0,"parent":0,"menu_order":0,"comment_status":"closed","ping_status":"closed","template":"","meta":{"footnotes":""},"class_list":["post-104","page","type-page","status-publish","hentry"],"jetpack_sharing_enabled":true,"_links":{"self":[{"href":"https:\/\/wp.ufpel.edu.br\/sacomp\/wp-json\/wp\/v2\/pages\/104","targetHints":{"allow":["GET"]}}],"collection":[{"href":"https:\/\/wp.ufpel.edu.br\/sacomp\/wp-json\/wp\/v2\/pages"}],"about":[{"href":"https:\/\/wp.ufpel.edu.br\/sacomp\/wp-json\/wp\/v2\/types\/page"}],"author":[{"embeddable":true,"href":"https:\/\/wp.ufpel.edu.br\/sacomp\/wp-json\/wp\/v2\/users\/785"}],"replies":[{"embeddable":true,"href":"https:\/\/wp.ufpel.edu.br\/sacomp\/wp-json\/wp\/v2\/comments?post=104"}],"version-history":[{"count":4,"href":"https:\/\/wp.ufpel.edu.br\/sacomp\/wp-json\/wp\/v2\/pages\/104\/revisions"}],"predecessor-version":[{"id":1868,"href":"https:\/\/wp.ufpel.edu.br\/sacomp\/wp-json\/wp\/v2\/pages\/104\/revisions\/1868"}],"wp:attachment":[{"href":"https:\/\/wp.ufpel.edu.br\/sacomp\/wp-json\/wp\/v2\/media?parent=104"}],"curies":[{"name":"wp","href":"https:\/\/api.w.org\/{rel}","templated":true}]}}