{"id":13,"date":"2015-06-16T15:24:57","date_gmt":"2015-06-16T18:24:57","guid":{"rendered":"https:\/\/wp.ufpel.edu.br\/sabsul\/?page_id=13"},"modified":"2016-10-24T12:20:57","modified_gmt":"2016-10-24T14:20:57","slug":"sobre-a-sabsul","status":"publish","type":"page","link":"https:\/\/wp.ufpel.edu.br\/sabsul\/","title":{"rendered":"Sobre o Evento"},"content":{"rendered":"<h3><\/h3>\n<h3><b><\/b>A reuni\u00e3o da Sociedade de Arqueologia Brasileira \u2013 n\u00facleo regional sul \u2013 SAB-Sul, ocorre bienalmente e se encontra em sua d\u00e9cima edi\u00e7\u00e3o. Em 2016, o evento ser\u00e1 sediado na cidade de Pelotas \u2013 Rio Grande do Sul, na Universidade Federal de Pelotas. O objetivo das reuni\u00f5es cient\u00edficas da SAB-Sul \u00e9 congregar pesquisadores, estudantes, profissionais e demais interessados na \u00e1rea da Arqueologia, atuando como espa\u00e7o de divulga\u00e7\u00e3o de resultados, comunica\u00e7\u00e3o de trabalhos em andamento, propostas e discuss\u00f5es te\u00f3ricas e metodol\u00f3gicas.<\/h3>\n<p><span class=\"null\">Na busca pela integra\u00e7\u00e3o de pesquisadores e pela composi\u00e7\u00e3o de redes cient\u00edficas de trabalho, nesse ano, al\u00e9m do tradicional encontro da SAB-Sul, o evento ser\u00e1 realizado em conjunto com a III\u00aa Jornadas de Atualiza\u00e7\u00e3o em Arqueologia Tupi-Guarani, buscando reunir pesquisadores de todo Mercosul. Estas Jornadas vem reunindo crescentemente pesquisadores que trabalham ativamente com arqueologia Guarani, a fim de integrar as novas pesquisas e os conhecimentos produzidos. A primeira reuni\u00e3o foi em 2009 e a segunda em 2011, ambas em Buenos Aires. Nesta oportunidade, pensamos em trabalhar com dois eixos tem\u00e1ticos, a cronologia do registro Guarani na Argentina e Brasil, como tamb\u00e9m focalizarmos na variabilidade de estilo de vida desta unidade arqueol\u00f3gica, incluindo \u00e9 claro, outros campos de investiga\u00e7\u00e3o associados ao mesmo.<\/span><\/p>\n<p>\u201cDesconstruir Assimetrias\u201d foi o tema escolhido para nortear esse evento integrado. \u201cDesconstruir\u201d \u00e9 uma premissa, um horizonte permanente em Ci\u00eancias Humanas. Em um mundo globalizado e repleto de injusti\u00e7as sociais resultantes de rela\u00e7\u00f5es de poder nas mais variadas escalas, desde os espa\u00e7os dom\u00e9sticos at\u00e9 os grandes f\u00f3runs de tomadas de decis\u00f5es de pol\u00edticas globais, v\u00eam sendo detectadas pr\u00e1ticas que sedimentam \u201cassimetrias\u201d como, por exemplo: interesses dicot\u00f4micos entre popula\u00e7\u00f5es tradicionais e pol\u00edticas desenvolvimentistas de Estados e empresas privadas; Descompasso entre a consolida\u00e7\u00e3o de disciplinas cient\u00edficas que deveriam ser mais coesas, como Arqueologia, Hist\u00f3ria, Antropologia, Ci\u00eancias Sociais, etc.; Desconex\u00e3o entre pol\u00edticas de interesses locais e globais; Hierarquiza\u00e7\u00e3o entre conhecimentos populares (ditos <em>senso comum<\/em>) e acad\u00eamicos (ditos <em>senso cient\u00edfico<\/em>); Desagrega\u00e7\u00e3o entre humanos e n\u00e3o-humanos. Enfim, \u201cassimetrias\u201d que reificam a manuten\u00e7\u00e3o do <em>Status Quo<\/em> vigente e que deveriam ser ponto de discuss\u00e3o no meio arqueol\u00f3gico, inclinando essa disciplina a uma abordagem mais contempor\u00e2nea, extra-muros, multivocal, politizada e anti-colonialista. Nesse sentido, o objetivo desse evento, al\u00e9m servir como um espa\u00e7o de apresenta\u00e7\u00e3o de trabalhos acad\u00eamicos e, claro, rever os velhos amigos e fazer novas amizades, \u00e9 construir um ambiente de reflex\u00e3o sobre o futuro da Arqueologia no sul do Brasil e, em uma escala maior, no Mercosul.<\/p>\n<p>&nbsp;<\/p>\n","protected":false},"excerpt":{"rendered":"<p>A reuni\u00e3o da Sociedade de Arqueologia Brasileira \u2013 n\u00facleo regional sul \u2013 SAB-Sul, ocorre bienalmente e se encontra em sua d\u00e9cima edi\u00e7\u00e3o. Em 2016, o evento ser\u00e1 sediado na cidade de Pelotas \u2013 Rio Grande do Sul, na Universidade Federal &hellip; <a href=\"https:\/\/wp.ufpel.edu.br\/sabsul\/\">Continue lendo <span class=\"meta-nav\">&rarr;<\/span><\/a><\/p>\n","protected":false},"author":518,"featured_media":0,"parent":0,"menu_order":0,"comment_status":"closed","ping_status":"closed","template":"","meta":{"jetpack_post_was_ever_published":false,"footnotes":""},"class_list":["post-13","page","type-page","status-publish","hentry"],"jetpack_sharing_enabled":true,"jetpack_shortlink":"https:\/\/wp.me\/P6OpNw-d","_links":{"self":[{"href":"https:\/\/wp.ufpel.edu.br\/sabsul\/index.php?rest_route=\/wp\/v2\/pages\/13","targetHints":{"allow":["GET"]}}],"collection":[{"href":"https:\/\/wp.ufpel.edu.br\/sabsul\/index.php?rest_route=\/wp\/v2\/pages"}],"about":[{"href":"https:\/\/wp.ufpel.edu.br\/sabsul\/index.php?rest_route=\/wp\/v2\/types\/page"}],"author":[{"embeddable":true,"href":"https:\/\/wp.ufpel.edu.br\/sabsul\/index.php?rest_route=\/wp\/v2\/users\/518"}],"replies":[{"embeddable":true,"href":"https:\/\/wp.ufpel.edu.br\/sabsul\/index.php?rest_route=%2Fwp%2Fv2%2Fcomments&post=13"}],"version-history":[{"count":30,"href":"https:\/\/wp.ufpel.edu.br\/sabsul\/index.php?rest_route=\/wp\/v2\/pages\/13\/revisions"}],"predecessor-version":[{"id":365,"href":"https:\/\/wp.ufpel.edu.br\/sabsul\/index.php?rest_route=\/wp\/v2\/pages\/13\/revisions\/365"}],"wp:attachment":[{"href":"https:\/\/wp.ufpel.edu.br\/sabsul\/index.php?rest_route=%2Fwp%2Fv2%2Fmedia&parent=13"}],"curies":[{"name":"wp","href":"https:\/\/api.w.org\/{rel}","templated":true}]}}