{"id":92,"date":"2025-07-15T16:40:07","date_gmt":"2025-07-15T19:40:07","guid":{"rendered":"https:\/\/wp.ufpel.edu.br\/saberesdasmissoes\/?page_id=92"},"modified":"2026-01-28T17:53:51","modified_gmt":"2026-01-28T20:53:51","slug":"representacao","status":"publish","type":"page","link":"https:\/\/wp.ufpel.edu.br\/saberesdasmissoes\/representacao\/","title":{"rendered":"Representa\u00e7\u00e3o"},"content":{"rendered":"<p style=\"text-align: justify;\">As atividades que envolvem a representa\u00e7\u00e3o gr\u00e1fica e digital est\u00e3o dirigidas \u00e0 produ\u00e7\u00e3o de documenta\u00e7\u00e3o sobre os quatro s\u00edtios missioneiros, por meio de t\u00e9cnicas de fotogrametria, escaneamento LiDAR e fabrica\u00e7\u00e3o digital, como suporte t\u00e9cnico e pedag\u00f3gico para o Projeto. Dentre uma das contribui\u00e7\u00f5es deste tipo de representa\u00e7\u00e3o, tem-se a constru\u00e7\u00e3o\/amplia\u00e7\u00e3o de um acervo digital para subsidiar an\u00e1lises comparativas entre os est\u00e1gios pr\u00e9 e p\u00f3s-interven\u00e7\u00e3o relativa a trabalhos de consolida\u00e7\u00e3o e conserva\u00e7\u00e3o dos remanescentes, al\u00e9m de apoiar a comunica\u00e7\u00e3o t\u00e9cnica entre pesquisadores e art\u00edfices locais. Sendo assim, as atividades incluem o investimento na produ\u00e7\u00e3o e organiza\u00e7\u00e3o deste acervo. Estas atividades envolvem um conhecimento espec\u00edfico e interdisciplinar, que aborda saberes do campo da ci\u00eancia da computa\u00e7\u00e3o, arquitetura e conserva\u00e7\u00e3o do patrim\u00f4nio.<\/p>\n<p style=\"text-align: justify;\">A partir de t\u00e9cnicas de fotogrametria e escaneamento a laser foram produzidos modelos de nuvens de pontos para a documenta\u00e7\u00e3o precisa dos remanescentes das ru\u00ednas, relativas aos quatro s\u00edtios. Estes modelos digitais ampliam as possibilidades de monitoramento das transforma\u00e7\u00f5es f\u00edsicas dos s\u00edtios e de constru\u00e7\u00e3o de um reposit\u00f3rio digital missioneiro voltado \u00e0 pesquisa e \u00e0 conserva\u00e7\u00e3o. Al\u00e9m disto, a partir destes modelos, outros produtos foram gerados como apoio aos projetos de consolida\u00e7\u00e3o e conserva\u00e7\u00e3o e como recursos educativos, comunicacionais e l\u00fadicos.<\/p>\n<p><img loading=\"lazy\" decoding=\"async\" class=\"alignnone wp-image-301\" src=\"https:\/\/wp.ufpel.edu.br\/saberesdasmissoes\/files\/2026\/01\/Imagem1-400x81.png\" alt=\"\" width=\"622\" height=\"126\" srcset=\"https:\/\/wp.ufpel.edu.br\/saberesdasmissoes\/files\/2026\/01\/Imagem1-400x81.png 400w, https:\/\/wp.ufpel.edu.br\/saberesdasmissoes\/files\/2026\/01\/Imagem1-1024x206.png 1024w, https:\/\/wp.ufpel.edu.br\/saberesdasmissoes\/files\/2026\/01\/Imagem1-768x155.png 768w, https:\/\/wp.ufpel.edu.br\/saberesdasmissoes\/files\/2026\/01\/Imagem1-1536x310.png 1536w, https:\/\/wp.ufpel.edu.br\/saberesdasmissoes\/files\/2026\/01\/Imagem1.png 1970w\" sizes=\"auto, (max-width: 622px) 100vw, 622px\" \/><\/p>\n<p>&nbsp;<\/p>\n","protected":false},"excerpt":{"rendered":"<p>As atividades que envolvem a representa\u00e7\u00e3o gr\u00e1fica e digital est\u00e3o dirigidas \u00e0 produ\u00e7\u00e3o de documenta\u00e7\u00e3o sobre os quatro s\u00edtios missioneiros, por meio de t\u00e9cnicas de fotogrametria, escaneamento LiDAR e fabrica\u00e7\u00e3o digital, como suporte t\u00e9cnico e pedag\u00f3gico para o Projeto. Dentre uma das contribui\u00e7\u00f5es deste tipo de representa\u00e7\u00e3o, tem-se a constru\u00e7\u00e3o\/amplia\u00e7\u00e3o de um acervo digital para [&hellip;]<\/p>\n","protected":false},"author":1358,"featured_media":0,"parent":0,"menu_order":0,"comment_status":"closed","ping_status":"closed","template":"","meta":{"footnotes":""},"class_list":["post-92","page","type-page","status-publish","hentry","post"],"_links":{"self":[{"href":"https:\/\/wp.ufpel.edu.br\/saberesdasmissoes\/wp-json\/wp\/v2\/pages\/92","targetHints":{"allow":["GET"]}}],"collection":[{"href":"https:\/\/wp.ufpel.edu.br\/saberesdasmissoes\/wp-json\/wp\/v2\/pages"}],"about":[{"href":"https:\/\/wp.ufpel.edu.br\/saberesdasmissoes\/wp-json\/wp\/v2\/types\/page"}],"author":[{"embeddable":true,"href":"https:\/\/wp.ufpel.edu.br\/saberesdasmissoes\/wp-json\/wp\/v2\/users\/1358"}],"replies":[{"embeddable":true,"href":"https:\/\/wp.ufpel.edu.br\/saberesdasmissoes\/wp-json\/wp\/v2\/comments?post=92"}],"version-history":[{"count":3,"href":"https:\/\/wp.ufpel.edu.br\/saberesdasmissoes\/wp-json\/wp\/v2\/pages\/92\/revisions"}],"predecessor-version":[{"id":515,"href":"https:\/\/wp.ufpel.edu.br\/saberesdasmissoes\/wp-json\/wp\/v2\/pages\/92\/revisions\/515"}],"wp:attachment":[{"href":"https:\/\/wp.ufpel.edu.br\/saberesdasmissoes\/wp-json\/wp\/v2\/media?parent=92"}],"curies":[{"name":"wp","href":"https:\/\/api.w.org\/{rel}","templated":true}]}}

Representação

<p style="text-align: justify;">As atividades que envolvem a representação gráfica e digital estão dirigidas à produção de documentação sobre os quatro sítios missioneiros, por meio de técnicas de fotogrametria, escaneamento LiDAR e fabricação digital, como suporte técnico e pedagógico para o Projeto. Dentre uma das contribuições deste tipo de representação, tem-se a construção/ampliação de um acervo digital para subsidiar análises comparativas entre os estágios pré e pós-intervenção relativa a trabalhos de consolidação e conservação dos remanescentes, além de apoiar a comunicação técnica entre pesquisadores e artífices locais. Sendo assim, as atividades incluem o investimento na produção e organização deste acervo. Estas atividades envolvem um conhecimento específico e interdisciplinar, que aborda saberes do campo da ciência da computação, arquitetura e conservação do patrimônio.</p>
<p style="text-align: justify;">A partir de técnicas de fotogrametria e escaneamento a laser foram produzidos modelos de nuvens de pontos para a documentação precisa dos remanescentes das ruínas, relativas aos quatro sítios. Estes modelos digitais ampliam as possibilidades de monitoramento das transformações físicas dos sítios e de construção de um repositório digital missioneiro voltado à pesquisa e à conservação. Além disto, a partir destes modelos, outros produtos foram gerados como apoio aos projetos de consolidação e conservação e como recursos educativos, comunicacionais e lúdicos.</p>
<p><img loading="lazy" decoding="async" class="alignnone wp-image-301" src="https://wp.ufpel.edu.br/saberesdasmissoes/files/2026/01/Imagem1-400x81.png" alt="" width="622" height="126" srcset="https://wp.ufpel.edu.br/saberesdasmissoes/files/2026/01/Imagem1-400x81.png 400w, https://wp.ufpel.edu.br/saberesdasmissoes/files/2026/01/Imagem1-1024x206.png 1024w, https://wp.ufpel.edu.br/saberesdasmissoes/files/2026/01/Imagem1-768x155.png 768w, https://wp.ufpel.edu.br/saberesdasmissoes/files/2026/01/Imagem1-1536x310.png 1536w, https://wp.ufpel.edu.br/saberesdasmissoes/files/2026/01/Imagem1.png 1970w" sizes="auto, (max-width: 622px) 100vw, 622px" /></p>
<p>&nbsp;</p>

<p>As atividades que envolvem a representação gráfica e digital estão dirigidas à produção de documentação sobre os quatro sítios missioneiros, por meio de técnicas de fotogrametria, escaneamento LiDAR e fabricação digital, como suporte técnico e pedagógico para o Projeto. Dentre uma das contribuições deste tipo de representação, tem-se a construção/ampliação de um acervo digital para [&hellip;]</p>
