{"id":766,"date":"2026-02-17T21:27:35","date_gmt":"2026-02-18T00:27:35","guid":{"rendered":"https:\/\/wp.ufpel.edu.br\/saberesdasmissoes\/?page_id=766"},"modified":"2026-03-06T18:08:58","modified_gmt":"2026-03-06T21:08:58","slug":"coruja-buraqueira","status":"publish","type":"page","link":"https:\/\/wp.ufpel.edu.br\/saberesdasmissoes\/material-de-apoio\/coruja-buraqueira\/","title":{"rendered":"Coruja-Buraqueira"},"content":{"rendered":"<div>\n<p>A coruja-buraqueira (<i>Athene<\/i> <i>cunicularia<\/i>) foi escolhida como personagem de media\u00e7\u00e3o do material de apoio das a\u00e7\u00f5es de Educa\u00e7\u00e3o Patrimonial. A ave nativa da regi\u00e3o, comumente encontrada nos arredores das ru\u00ednas missioneiras, foi escolhida para proporcionar a interlocu\u00e7\u00e3o de forma l\u00fadica. A ilustra\u00e7\u00e3o da personagem levou em considera\u00e7\u00e3o aspectos como morfologia, comportamento, habitat, reprodu\u00e7\u00e3o e ecologia da esp\u00e9cie.<\/p>\n<\/div>\n<div>\n<div><\/div>\n<\/div>\n<div><\/div>\n<div>\n<p>Para realizar o download do material elaborado, clique nos \u00edcones abaixo:<\/p>\n<p><a href=\"https:\/\/wp.ufpel.edu.br\/saberesdasmissoes\/educacaopatrimonial\/dinamicas\/\"><img loading=\"lazy\" decoding=\"async\" class=\"wp-image-780 alignleft\" src=\"https:\/\/wp.ufpel.edu.br\/saberesdasmissoes\/files\/2026\/03\/0.impressao-pb.png\" alt=\"\" width=\"200\" height=\"200\" \/><\/a><\/p>\n<p>&nbsp;<\/p>\n<p>Livro-objeto<\/p>\n<p>para impress\u00e3o<\/p>\n<p>em preto e branco<\/p>\n<p>&nbsp;<\/p>\n<\/div>\n<p>&nbsp;<\/p>\n<p>&nbsp;<\/p>\n<div>\n<p><a href=\"https:\/\/wp.ufpel.edu.br\/saberesdasmissoes\/educacaopatrimonial\/dinamicas\/\"><img loading=\"lazy\" decoding=\"async\" class=\" wp-image-781 alignleft\" src=\"https:\/\/wp.ufpel.edu.br\/saberesdasmissoes\/files\/2026\/03\/0.impressao-colorida.png\" alt=\"\" width=\"202\" height=\"202\" \/><\/a><\/p>\n<p>&nbsp;<\/p>\n<\/div>\n<p>&nbsp;<\/p>\n<p>Livro-objeto<\/p>\n<p>para impress\u00e3o<\/p>\n<p>colorida<\/p>\n<p>&nbsp;<\/p>\n<p>&nbsp;<\/p>\n<p><b>Ficha t\u00e9cnica<\/b><\/p>\n<p>Concep\u00e7\u00e3o: Aline Montagna da Silveira, Franciele Fraga Pereira e Maria Alice Rodrigues Cezarino.<\/p>\n<p>Equipe do projeto: Helena Bulloza Trigo Passos, Iara Giroldo, Karine Chalmes Braga, Marcela da Rosa Dias.<\/p>\n<p>Ilustra\u00e7\u00f5es: Maria Alice Rodrigues Cezarino<\/p>\n<p>Consultoria: Giovanni Nachtigall Mauricio e Maria Matilde Villegas Jaramillo<\/p>\n","protected":false},"excerpt":{"rendered":"<p>A coruja-buraqueira (Athene cunicularia) foi escolhida como personagem de media\u00e7\u00e3o do material de apoio das a\u00e7\u00f5es de Educa\u00e7\u00e3o Patrimonial. A ave nativa da regi\u00e3o, comumente encontrada nos arredores das ru\u00ednas missioneiras, foi escolhida para proporcionar a interlocu\u00e7\u00e3o de forma l\u00fadica. A ilustra\u00e7\u00e3o da personagem levou em considera\u00e7\u00e3o aspectos como morfologia, comportamento, habitat, reprodu\u00e7\u00e3o e ecologia [&hellip;]<\/p>\n","protected":false},"author":1548,"featured_media":0,"parent":676,"menu_order":0,"comment_status":"closed","ping_status":"closed","template":"","meta":{"footnotes":""},"class_list":["post-766","page","type-page","status-publish","hentry","post"],"_links":{"self":[{"href":"https:\/\/wp.ufpel.edu.br\/saberesdasmissoes\/wp-json\/wp\/v2\/pages\/766","targetHints":{"allow":["GET"]}}],"collection":[{"href":"https:\/\/wp.ufpel.edu.br\/saberesdasmissoes\/wp-json\/wp\/v2\/pages"}],"about":[{"href":"https:\/\/wp.ufpel.edu.br\/saberesdasmissoes\/wp-json\/wp\/v2\/types\/page"}],"author":[{"embeddable":true,"href":"https:\/\/wp.ufpel.edu.br\/saberesdasmissoes\/wp-json\/wp\/v2\/users\/1548"}],"replies":[{"embeddable":true,"href":"https:\/\/wp.ufpel.edu.br\/saberesdasmissoes\/wp-json\/wp\/v2\/comments?post=766"}],"version-history":[{"count":3,"href":"https:\/\/wp.ufpel.edu.br\/saberesdasmissoes\/wp-json\/wp\/v2\/pages\/766\/revisions"}],"predecessor-version":[{"id":827,"href":"https:\/\/wp.ufpel.edu.br\/saberesdasmissoes\/wp-json\/wp\/v2\/pages\/766\/revisions\/827"}],"up":[{"embeddable":true,"href":"https:\/\/wp.ufpel.edu.br\/saberesdasmissoes\/wp-json\/wp\/v2\/pages\/676"}],"wp:attachment":[{"href":"https:\/\/wp.ufpel.edu.br\/saberesdasmissoes\/wp-json\/wp\/v2\/media?parent=766"}],"curies":[{"name":"wp","href":"https:\/\/api.w.org\/{rel}","templated":true}]}}