{"id":687,"date":"2026-02-17T17:43:54","date_gmt":"2026-02-17T20:43:54","guid":{"rendered":"https:\/\/wp.ufpel.edu.br\/saberesdasmissoes\/?page_id=687"},"modified":"2026-02-17T21:09:42","modified_gmt":"2026-02-18T00:09:42","slug":"professores","status":"publish","type":"page","link":"https:\/\/wp.ufpel.edu.br\/saberesdasmissoes\/professores\/","title":{"rendered":"Professores"},"content":{"rendered":"<p style=\"text-align: justify;\">As a\u00e7\u00f5es <i>Di\u00e1logos sobre o patrim\u00f4nio: pertencimento e pr\u00e1ticas escolares<\/i> envolveram professores das escolas p\u00fablicas municipais de ensino fundamental das quatro cidades do Parque Hist\u00f3rico Nacional das Miss\u00f5es.<\/p>\n<p style=\"text-align: justify;\">As din\u00e2micas ocorreram no per\u00edodo de abril a dezembro de 2025, com a participa\u00e7\u00e3o de 66 professores em 22 oficinas realizadas em formato presencial e remoto.<\/p>\n<p style=\"text-align: justify;\">As media\u00e7\u00f5es contemplaram as <a href=\"https:\/\/wp.ufpel.edu.br\/saberesdasmissoes\/educacaopatrimonial\/dinamicas\/\">din\u00e2micas<\/a>: Para voc\u00ea o que \u00e9 patrim\u00f4nio?; Objetos afetivos; Lugares de refer\u00eancia; Quiz das refer\u00eancias culturais; M\u00fasica e refer\u00eancia cultural; Diagn\u00f3stico FOFA; Hora do conto; Constru\u00e7\u00e3o de <a href=\"https:\/\/wp.ufpel.edu.br\/saberesdasmissoes\/material-de-apoio\/\"><b>material de apoio<\/b><\/a>.<\/p>\n<p><img loading=\"lazy\" decoding=\"async\" class=\"alignnone wp-image-728\" src=\"https:\/\/wp.ufpel.edu.br\/saberesdasmissoes\/files\/2026\/02\/1.-icones-professores-400x65.png\" alt=\"\" width=\"972\" height=\"158\" srcset=\"https:\/\/wp.ufpel.edu.br\/saberesdasmissoes\/files\/2026\/02\/1.-icones-professores-400x65.png 400w, https:\/\/wp.ufpel.edu.br\/saberesdasmissoes\/files\/2026\/02\/1.-icones-professores-1024x167.png 1024w, https:\/\/wp.ufpel.edu.br\/saberesdasmissoes\/files\/2026\/02\/1.-icones-professores-768x125.png 768w, https:\/\/wp.ufpel.edu.br\/saberesdasmissoes\/files\/2026\/02\/1.-icones-professores.png 1350w\" sizes=\"auto, (max-width: 972px) 100vw, 972px\" \/><\/p>\n<div><\/div>\n","protected":false},"excerpt":{"rendered":"<p>As a\u00e7\u00f5es Di\u00e1logos sobre o patrim\u00f4nio: pertencimento e pr\u00e1ticas escolares envolveram professores das escolas p\u00fablicas municipais de ensino fundamental das quatro cidades do Parque Hist\u00f3rico Nacional das Miss\u00f5es. As din\u00e2micas ocorreram no per\u00edodo de abril a dezembro de 2025, com a participa\u00e7\u00e3o de 66 professores em 22 oficinas realizadas em formato presencial e remoto. As [&hellip;]<\/p>\n","protected":false},"author":1548,"featured_media":0,"parent":0,"menu_order":0,"comment_status":"closed","ping_status":"closed","template":"","meta":{"footnotes":""},"class_list":["post-687","page","type-page","status-publish","hentry","post"],"_links":{"self":[{"href":"https:\/\/wp.ufpel.edu.br\/saberesdasmissoes\/wp-json\/wp\/v2\/pages\/687","targetHints":{"allow":["GET"]}}],"collection":[{"href":"https:\/\/wp.ufpel.edu.br\/saberesdasmissoes\/wp-json\/wp\/v2\/pages"}],"about":[{"href":"https:\/\/wp.ufpel.edu.br\/saberesdasmissoes\/wp-json\/wp\/v2\/types\/page"}],"author":[{"embeddable":true,"href":"https:\/\/wp.ufpel.edu.br\/saberesdasmissoes\/wp-json\/wp\/v2\/users\/1548"}],"replies":[{"embeddable":true,"href":"https:\/\/wp.ufpel.edu.br\/saberesdasmissoes\/wp-json\/wp\/v2\/comments?post=687"}],"version-history":[{"count":3,"href":"https:\/\/wp.ufpel.edu.br\/saberesdasmissoes\/wp-json\/wp\/v2\/pages\/687\/revisions"}],"predecessor-version":[{"id":735,"href":"https:\/\/wp.ufpel.edu.br\/saberesdasmissoes\/wp-json\/wp\/v2\/pages\/687\/revisions\/735"}],"wp:attachment":[{"href":"https:\/\/wp.ufpel.edu.br\/saberesdasmissoes\/wp-json\/wp\/v2\/media?parent=687"}],"curies":[{"name":"wp","href":"https:\/\/api.w.org\/{rel}","templated":true}]}}

<p style="text-align: justify;">As ações <i>Diálogos sobre o patrimônio: pertencimento e práticas escolares</i> envolveram professores das escolas públicas municipais de ensino fundamental das quatro cidades do Parque Histórico Nacional das Missões.</p>
<p style="text-align: justify;">As dinâmicas ocorreram no período de abril a dezembro de 2025, com a participação de 66 professores em 22 oficinas realizadas em formato presencial e remoto.</p>
<p style="text-align: justify;">As mediações contemplaram as <a href="https://wp.ufpel.edu.br/saberesdasmissoes/educacaopatrimonial/dinamicas/">dinâmicas</a>: Para você o que é patrimônio?; Objetos afetivos; Lugares de referência; Quiz das referências culturais; Música e referência cultural; Diagnóstico FOFA; Hora do conto; Construção de <a href="https://wp.ufpel.edu.br/saberesdasmissoes/material-de-apoio/"><b>material de apoio</b></a>.</p>
<p><img loading="lazy" decoding="async" class="alignnone wp-image-728" src="https://wp.ufpel.edu.br/saberesdasmissoes/files/2026/02/1.-icones-professores-400x65.png" alt="" width="972" height="158" srcset="https://wp.ufpel.edu.br/saberesdasmissoes/files/2026/02/1.-icones-professores-400x65.png 400w, https://wp.ufpel.edu.br/saberesdasmissoes/files/2026/02/1.-icones-professores-1024x167.png 1024w, https://wp.ufpel.edu.br/saberesdasmissoes/files/2026/02/1.-icones-professores-768x125.png 768w, https://wp.ufpel.edu.br/saberesdasmissoes/files/2026/02/1.-icones-professores.png 1350w" sizes="auto, (max-width: 972px) 100vw, 972px" /></p>
<div></div>

<p>As ações Diálogos sobre o patrimônio: pertencimento e práticas escolares envolveram professores das escolas públicas municipais de ensino fundamental das quatro cidades do Parque Histórico Nacional das Missões. As dinâmicas ocorreram no período de abril a dezembro de 2025, com a participação de 66 professores em 22 oficinas realizadas em formato presencial e remoto. As [&hellip;]</p>
