{"id":683,"date":"2026-02-17T17:43:37","date_gmt":"2026-02-17T20:43:37","guid":{"rendered":"https:\/\/wp.ufpel.edu.br\/saberesdasmissoes\/?page_id=683"},"modified":"2026-02-17T21:00:39","modified_gmt":"2026-02-18T00:00:39","slug":"funcionarios-do-phnm","status":"publish","type":"page","link":"https:\/\/wp.ufpel.edu.br\/saberesdasmissoes\/funcionarios-do-phnm\/","title":{"rendered":"Funcion\u00e1rios do PHNM"},"content":{"rendered":"<p style=\"text-align: justify;\">As a\u00e7\u00f5es envolveram os funcion\u00e1rios que atuam no Parque Hist\u00f3rico Nacional das Miss\u00f5es, exercendo atividades de bilheteria, manuten\u00e7\u00e3o (limpeza, jardinagem e conserva\u00e7\u00e3o das ru\u00ednas) e seguran\u00e7a.<\/p>\n<p style=\"text-align: justify;\">As din\u00e2micas ocorreram em maio de 2025 com a participa\u00e7\u00e3o de 22 funcion\u00e1rios.<\/p>\n<p style=\"text-align: justify;\">As media\u00e7\u00f5es contemplaram as <a href=\"https:\/\/wp.ufpel.edu.br\/saberesdasmissoes\/educacaopatrimonial\/dinamicas\/\">din\u00e2micas<\/a>: Para voc\u00ea o que \u00e9 patrim\u00f4nio?; Quem sou eu?; Objetos afetivos; M\u00fasica e refer\u00eancia cultural; A imagem no espelho.<\/p>\n<p><a href=\"https:\/\/wp.ufpel.edu.br\/saberesdasmissoes\/educacaopatrimonial\/dinamicas\/\"><img loading=\"lazy\" decoding=\"async\" class=\"alignnone  wp-image-709\" src=\"https:\/\/wp.ufpel.edu.br\/saberesdasmissoes\/files\/2026\/02\/1.-iconesfuncionarios-do-PHNM-400x65.png\" alt=\"\" width=\"1255\" height=\"204\" srcset=\"https:\/\/wp.ufpel.edu.br\/saberesdasmissoes\/files\/2026\/02\/1.-iconesfuncionarios-do-PHNM-400x65.png 400w, https:\/\/wp.ufpel.edu.br\/saberesdasmissoes\/files\/2026\/02\/1.-iconesfuncionarios-do-PHNM-1024x167.png 1024w, https:\/\/wp.ufpel.edu.br\/saberesdasmissoes\/files\/2026\/02\/1.-iconesfuncionarios-do-PHNM-768x125.png 768w, https:\/\/wp.ufpel.edu.br\/saberesdasmissoes\/files\/2026\/02\/1.-iconesfuncionarios-do-PHNM.png 1350w\" sizes=\"auto, (max-width: 1255px) 100vw, 1255px\" \/><\/a><\/p>\n<div><\/div>\n","protected":false},"excerpt":{"rendered":"<p>As a\u00e7\u00f5es envolveram os funcion\u00e1rios que atuam no Parque Hist\u00f3rico Nacional das Miss\u00f5es, exercendo atividades de bilheteria, manuten\u00e7\u00e3o (limpeza, jardinagem e conserva\u00e7\u00e3o das ru\u00ednas) e seguran\u00e7a. As din\u00e2micas ocorreram em maio de 2025 com a participa\u00e7\u00e3o de 22 funcion\u00e1rios. As media\u00e7\u00f5es contemplaram as din\u00e2micas: Para voc\u00ea o que \u00e9 patrim\u00f4nio?; Quem sou eu?; Objetos afetivos; [&hellip;]<\/p>\n","protected":false},"author":1548,"featured_media":0,"parent":0,"menu_order":0,"comment_status":"closed","ping_status":"closed","template":"","meta":{"footnotes":""},"class_list":["post-683","page","type-page","status-publish","hentry","post"],"_links":{"self":[{"href":"https:\/\/wp.ufpel.edu.br\/saberesdasmissoes\/wp-json\/wp\/v2\/pages\/683","targetHints":{"allow":["GET"]}}],"collection":[{"href":"https:\/\/wp.ufpel.edu.br\/saberesdasmissoes\/wp-json\/wp\/v2\/pages"}],"about":[{"href":"https:\/\/wp.ufpel.edu.br\/saberesdasmissoes\/wp-json\/wp\/v2\/types\/page"}],"author":[{"embeddable":true,"href":"https:\/\/wp.ufpel.edu.br\/saberesdasmissoes\/wp-json\/wp\/v2\/users\/1548"}],"replies":[{"embeddable":true,"href":"https:\/\/wp.ufpel.edu.br\/saberesdasmissoes\/wp-json\/wp\/v2\/comments?post=683"}],"version-history":[{"count":3,"href":"https:\/\/wp.ufpel.edu.br\/saberesdasmissoes\/wp-json\/wp\/v2\/pages\/683\/revisions"}],"predecessor-version":[{"id":713,"href":"https:\/\/wp.ufpel.edu.br\/saberesdasmissoes\/wp-json\/wp\/v2\/pages\/683\/revisions\/713"}],"wp:attachment":[{"href":"https:\/\/wp.ufpel.edu.br\/saberesdasmissoes\/wp-json\/wp\/v2\/media?parent=683"}],"curies":[{"name":"wp","href":"https:\/\/api.w.org\/{rel}","templated":true}]}}

Funcionários do PHNM

<p style="text-align: justify;">As ações envolveram os funcionários que atuam no Parque Histórico Nacional das Missões, exercendo atividades de bilheteria, manutenção (limpeza, jardinagem e conservação das ruínas) e segurança.</p>
<p style="text-align: justify;">As dinâmicas ocorreram em maio de 2025 com a participação de 22 funcionários.</p>
<p style="text-align: justify;">As mediações contemplaram as <a href="https://wp.ufpel.edu.br/saberesdasmissoes/educacaopatrimonial/dinamicas/">dinâmicas</a>: Para você o que é patrimônio?; Quem sou eu?; Objetos afetivos; Música e referência cultural; A imagem no espelho.</p>
<p><a href="https://wp.ufpel.edu.br/saberesdasmissoes/educacaopatrimonial/dinamicas/"><img loading="lazy" decoding="async" class="alignnone  wp-image-709" src="https://wp.ufpel.edu.br/saberesdasmissoes/files/2026/02/1.-iconesfuncionarios-do-PHNM-400x65.png" alt="" width="1255" height="204" srcset="https://wp.ufpel.edu.br/saberesdasmissoes/files/2026/02/1.-iconesfuncionarios-do-PHNM-400x65.png 400w, https://wp.ufpel.edu.br/saberesdasmissoes/files/2026/02/1.-iconesfuncionarios-do-PHNM-1024x167.png 1024w, https://wp.ufpel.edu.br/saberesdasmissoes/files/2026/02/1.-iconesfuncionarios-do-PHNM-768x125.png 768w, https://wp.ufpel.edu.br/saberesdasmissoes/files/2026/02/1.-iconesfuncionarios-do-PHNM.png 1350w" sizes="auto, (max-width: 1255px) 100vw, 1255px" /></a></p>
<div></div>

<p>As ações envolveram os funcionários que atuam no Parque Histórico Nacional das Missões, exercendo atividades de bilheteria, manutenção (limpeza, jardinagem e conservação das ruínas) e segurança. As dinâmicas ocorreram em maio de 2025 com a participação de 22 funcionários. As mediações contemplaram as dinâmicas: Para você o que é patrimônio?; Quem sou eu?; Objetos afetivos; [&hellip;]</p>
