{"id":681,"date":"2026-02-17T17:43:21","date_gmt":"2026-02-17T20:43:21","guid":{"rendered":"https:\/\/wp.ufpel.edu.br\/saberesdasmissoes\/?page_id=681"},"modified":"2026-02-17T20:49:00","modified_gmt":"2026-02-17T23:49:00","slug":"artifices-em-formacao","status":"publish","type":"page","link":"https:\/\/wp.ufpel.edu.br\/saberesdasmissoes\/artifices-em-formacao\/","title":{"rendered":"Art\u00edfices em Forma\u00e7\u00e3o"},"content":{"rendered":"<p style=\"text-align: justify;\">As a\u00e7\u00f5es envolveram moradores locais das quatro cidades do Parque Hist\u00f3rico Nacional das Miss\u00f5es que se inscreverem previamente para a forma\u00e7\u00e3o de novos art\u00edfices, assim como os art\u00edfices integrantes do quadro de servidores do Iphan. A maior parte dos integrantes t\u00eam seus trabalhos ligados \u00e0 constru\u00e7\u00e3o civil.<\/p>\n<p style=\"text-align: justify;\">As din\u00e2micas ocorreram em setembro de 2025 com a participa\u00e7\u00e3o de 16 integrantes.<\/p>\n<p style=\"text-align: justify;\">As media\u00e7\u00f5es contemplaram as <a href=\"https:\/\/wp.ufpel.edu.br\/saberesdasmissoes\/educacaopatrimonial\/dinamicas\/\">din\u00e2micas<\/a>: Quem sou eu?; Roda de conversa; Objetos afetivos; Lugares de refer\u00eancia; Mandala das refer\u00eancias culturais; Produ\u00e7\u00e3o audiovisual.<\/p>\n<p><a href=\"https:\/\/wp.ufpel.edu.br\/saberesdasmissoes\/educacaopatrimonial\/dinamicas\/\"><img loading=\"lazy\" decoding=\"async\" class=\"alignnone wp-image-698\" src=\"https:\/\/wp.ufpel.edu.br\/saberesdasmissoes\/files\/2026\/02\/Design-sem-nome-400x65.png\" alt=\"\" width=\"1429\" height=\"232\" srcset=\"https:\/\/wp.ufpel.edu.br\/saberesdasmissoes\/files\/2026\/02\/Design-sem-nome-400x65.png 400w, https:\/\/wp.ufpel.edu.br\/saberesdasmissoes\/files\/2026\/02\/Design-sem-nome-1024x167.png 1024w, https:\/\/wp.ufpel.edu.br\/saberesdasmissoes\/files\/2026\/02\/Design-sem-nome-768x125.png 768w, https:\/\/wp.ufpel.edu.br\/saberesdasmissoes\/files\/2026\/02\/Design-sem-nome-1536x250.png 1536w, https:\/\/wp.ufpel.edu.br\/saberesdasmissoes\/files\/2026\/02\/Design-sem-nome-2048x334.png 2048w\" sizes=\"auto, (max-width: 1429px) 100vw, 1429px\" \/><\/a><\/p>\n<div><\/div>\n<p>&nbsp;<\/p>\n","protected":false},"excerpt":{"rendered":"<p>As a\u00e7\u00f5es envolveram moradores locais das quatro cidades do Parque Hist\u00f3rico Nacional das Miss\u00f5es que se inscreverem previamente para a forma\u00e7\u00e3o de novos art\u00edfices, assim como os art\u00edfices integrantes do quadro de servidores do Iphan. A maior parte dos integrantes t\u00eam seus trabalhos ligados \u00e0 constru\u00e7\u00e3o civil. As din\u00e2micas ocorreram em setembro de 2025 com [&hellip;]<\/p>\n","protected":false},"author":1548,"featured_media":0,"parent":0,"menu_order":0,"comment_status":"closed","ping_status":"closed","template":"","meta":{"footnotes":""},"class_list":["post-681","page","type-page","status-publish","hentry","post"],"_links":{"self":[{"href":"https:\/\/wp.ufpel.edu.br\/saberesdasmissoes\/wp-json\/wp\/v2\/pages\/681","targetHints":{"allow":["GET"]}}],"collection":[{"href":"https:\/\/wp.ufpel.edu.br\/saberesdasmissoes\/wp-json\/wp\/v2\/pages"}],"about":[{"href":"https:\/\/wp.ufpel.edu.br\/saberesdasmissoes\/wp-json\/wp\/v2\/types\/page"}],"author":[{"embeddable":true,"href":"https:\/\/wp.ufpel.edu.br\/saberesdasmissoes\/wp-json\/wp\/v2\/users\/1548"}],"replies":[{"embeddable":true,"href":"https:\/\/wp.ufpel.edu.br\/saberesdasmissoes\/wp-json\/wp\/v2\/comments?post=681"}],"version-history":[{"count":4,"href":"https:\/\/wp.ufpel.edu.br\/saberesdasmissoes\/wp-json\/wp\/v2\/pages\/681\/revisions"}],"predecessor-version":[{"id":708,"href":"https:\/\/wp.ufpel.edu.br\/saberesdasmissoes\/wp-json\/wp\/v2\/pages\/681\/revisions\/708"}],"wp:attachment":[{"href":"https:\/\/wp.ufpel.edu.br\/saberesdasmissoes\/wp-json\/wp\/v2\/media?parent=681"}],"curies":[{"name":"wp","href":"https:\/\/api.w.org\/{rel}","templated":true}]}}

Artífices em Formação

<p style="text-align: justify;">As ações envolveram moradores locais das quatro cidades do Parque Histórico Nacional das Missões que se inscreverem previamente para a formação de novos artífices, assim como os artífices integrantes do quadro de servidores do Iphan. A maior parte dos integrantes têm seus trabalhos ligados à construção civil.</p>
<p style="text-align: justify;">As dinâmicas ocorreram em setembro de 2025 com a participação de 16 integrantes.</p>
<p style="text-align: justify;">As mediações contemplaram as <a href="https://wp.ufpel.edu.br/saberesdasmissoes/educacaopatrimonial/dinamicas/">dinâmicas</a>: Quem sou eu?; Roda de conversa; Objetos afetivos; Lugares de referência; Mandala das referências culturais; Produção audiovisual.</p>
<p><a href="https://wp.ufpel.edu.br/saberesdasmissoes/educacaopatrimonial/dinamicas/"><img loading="lazy" decoding="async" class="alignnone wp-image-698" src="https://wp.ufpel.edu.br/saberesdasmissoes/files/2026/02/Design-sem-nome-400x65.png" alt="" width="1429" height="232" srcset="https://wp.ufpel.edu.br/saberesdasmissoes/files/2026/02/Design-sem-nome-400x65.png 400w, https://wp.ufpel.edu.br/saberesdasmissoes/files/2026/02/Design-sem-nome-1024x167.png 1024w, https://wp.ufpel.edu.br/saberesdasmissoes/files/2026/02/Design-sem-nome-768x125.png 768w, https://wp.ufpel.edu.br/saberesdasmissoes/files/2026/02/Design-sem-nome-1536x250.png 1536w, https://wp.ufpel.edu.br/saberesdasmissoes/files/2026/02/Design-sem-nome-2048x334.png 2048w" sizes="auto, (max-width: 1429px) 100vw, 1429px" /></a></p>
<div></div>
<p>&nbsp;</p>

<p>As ações envolveram moradores locais das quatro cidades do Parque Histórico Nacional das Missões que se inscreverem previamente para a formação de novos artífices, assim como os artífices integrantes do quadro de servidores do Iphan. A maior parte dos integrantes têm seus trabalhos ligados à construção civil. As dinâmicas ocorreram em setembro de 2025 com [&hellip;]</p>
