{"id":67,"date":"2025-07-15T16:37:36","date_gmt":"2025-07-15T19:37:36","guid":{"rendered":"https:\/\/wp.ufpel.edu.br\/saberesdasmissoes\/?page_id=67"},"modified":"2026-02-17T21:31:32","modified_gmt":"2026-02-18T00:31:32","slug":"basesconteituais","status":"publish","type":"page","link":"https:\/\/wp.ufpel.edu.br\/saberesdasmissoes\/basesconteituais\/","title":{"rendered":"Bases Conceituais"},"content":{"rendered":"<p style=\"text-align: justify;\">As a\u00e7\u00f5es de educa\u00e7\u00e3o patrimonial realizadas no projeto pautaram-se em processos colaborativos desenvolvidos juntos \u00e0s comunidades das cidades de <a href=\"https:\/\/wp.ufpel.edu.br\/saberesdasmissoes\/material-de-apoio\/sao-miguel-das-missoes\/\"><b>S\u00e3o Miguel das Miss\u00f5es<\/b><\/a>, <a href=\"https:\/\/wp.ufpel.edu.br\/saberesdasmissoes\/material-de-apoio\/sao-nicolau\/\"><b>S\u00e3o Nicolau<\/b><\/a>, <a href=\"https:\/\/wp.ufpel.edu.br\/saberesdasmissoes\/material-de-apoio\/sao-luiz-gonzaga\/\"><b>S\u00e3o Luiz Gonzaga<\/b><\/a> e <b><a href=\"https:\/\/wp.ufpel.edu.br\/saberesdasmissoes\/material-de-apoio\/entre-ijuis\/\">Entre-Iju\u00eds<\/a>, <\/b>detentoras dos s\u00edtios de<b><a href=\"https:\/\/wp.ufpel.edu.br\/saberesdasmissoes\/sao-miguel-arcanjo\/\"> S\u00e3o Miguel Arcanjo<\/a>, <a href=\"https:\/\/wp.ufpel.edu.br\/saberesdasmissoes\/sitios\/sao-nicolau\/\">S\u00e3o Nicolau<\/a>, <a href=\"https:\/\/wp.ufpel.edu.br\/saberesdasmissoes\/sitios\/sao-lourenco-martir\/\">S\u00e3o Louren\u00e7o M\u00e1rtir<\/a> e <a href=\"https:\/\/wp.ufpel.edu.br\/saberesdasmissoes\/sitios\/sao-joao-batista\/\">S\u00e3o Jo\u00e3o Batista<\/a><\/b>. Essas atividades inclu\u00edram diferentes grupos locais, abarcando espa\u00e7os formais e informais de aprendizagem. Participaram <a href=\"https:\/\/wp.ufpel.edu.br\/saberesdasmissoes\/professores\/\"><b>professores<\/b><\/a> da rede de ensino fundamental, <a href=\"https:\/\/wp.ufpel.edu.br\/saberesdasmissoes\/guias-de-turismo\/\"><b>guias de turismo<\/b><\/a>, <a href=\"https:\/\/wp.ufpel.edu.br\/saberesdasmissoes\/funcionarios-do-phnm\/\"><b>funcion\u00e1rios<\/b><\/a> do <a href=\"http:\/\/portal.iphan.gov.br\/pagina\/detalhes\/766\/\"><b>Parque Hist\u00f3rico Nacional das Miss\u00f5es<\/b><\/a> e <a href=\"https:\/\/wp.ufpel.edu.br\/saberesdasmissoes\/formacao-dos-artifices\/\"><b>art\u00edfices em forma\u00e7\u00e3o<\/b><\/a>.<\/p>\n<p style=\"text-align: justify;\">As a\u00e7\u00f5es tiveram o objetivo de dar protagonismo \u00e0 comunidade local, tornando-os sujeitos dos processos colaborativos, valorizando a comunidade como guardi\u00e3 do seu patrim\u00f4nio cultural e fomentando o fortalecimento do senso de pertencimento.<\/p>\n","protected":false},"excerpt":{"rendered":"<p>As a\u00e7\u00f5es de educa\u00e7\u00e3o patrimonial realizadas no projeto pautaram-se em processos colaborativos desenvolvidos juntos \u00e0s comunidades das cidades de S\u00e3o Miguel das Miss\u00f5es, S\u00e3o Nicolau, S\u00e3o Luiz Gonzaga e Entre-Iju\u00eds, detentoras dos s\u00edtios de S\u00e3o Miguel Arcanjo, S\u00e3o Nicolau, S\u00e3o Louren\u00e7o M\u00e1rtir e S\u00e3o Jo\u00e3o Batista. Essas atividades inclu\u00edram diferentes grupos locais, abarcando espa\u00e7os formais [&hellip;]<\/p>\n","protected":false},"author":1358,"featured_media":0,"parent":0,"menu_order":0,"comment_status":"closed","ping_status":"closed","template":"","meta":{"footnotes":""},"class_list":["post-67","page","type-page","status-publish","hentry","post"],"_links":{"self":[{"href":"https:\/\/wp.ufpel.edu.br\/saberesdasmissoes\/wp-json\/wp\/v2\/pages\/67","targetHints":{"allow":["GET"]}}],"collection":[{"href":"https:\/\/wp.ufpel.edu.br\/saberesdasmissoes\/wp-json\/wp\/v2\/pages"}],"about":[{"href":"https:\/\/wp.ufpel.edu.br\/saberesdasmissoes\/wp-json\/wp\/v2\/types\/page"}],"author":[{"embeddable":true,"href":"https:\/\/wp.ufpel.edu.br\/saberesdasmissoes\/wp-json\/wp\/v2\/users\/1358"}],"replies":[{"embeddable":true,"href":"https:\/\/wp.ufpel.edu.br\/saberesdasmissoes\/wp-json\/wp\/v2\/comments?post=67"}],"version-history":[{"count":4,"href":"https:\/\/wp.ufpel.edu.br\/saberesdasmissoes\/wp-json\/wp\/v2\/pages\/67\/revisions"}],"predecessor-version":[{"id":773,"href":"https:\/\/wp.ufpel.edu.br\/saberesdasmissoes\/wp-json\/wp\/v2\/pages\/67\/revisions\/773"}],"wp:attachment":[{"href":"https:\/\/wp.ufpel.edu.br\/saberesdasmissoes\/wp-json\/wp\/v2\/media?parent=67"}],"curies":[{"name":"wp","href":"https:\/\/api.w.org\/{rel}","templated":true}]}}

<p style="text-align: justify;">As ações de educação patrimonial realizadas no projeto pautaram-se em processos colaborativos desenvolvidos juntos às comunidades das cidades de <a href="https://wp.ufpel.edu.br/saberesdasmissoes/material-de-apoio/sao-miguel-das-missoes/"><b>São Miguel das Missões</b></a>, <a href="https://wp.ufpel.edu.br/saberesdasmissoes/material-de-apoio/sao-nicolau/"><b>São Nicolau</b></a>, <a href="https://wp.ufpel.edu.br/saberesdasmissoes/material-de-apoio/sao-luiz-gonzaga/"><b>São Luiz Gonzaga</b></a> e <b><a href="https://wp.ufpel.edu.br/saberesdasmissoes/material-de-apoio/entre-ijuis/">Entre-Ijuís</a>, </b>detentoras dos sítios de<b><a href="https://wp.ufpel.edu.br/saberesdasmissoes/sao-miguel-arcanjo/"> São Miguel Arcanjo</a>, <a href="https://wp.ufpel.edu.br/saberesdasmissoes/sitios/sao-nicolau/">São Nicolau</a>, <a href="https://wp.ufpel.edu.br/saberesdasmissoes/sitios/sao-lourenco-martir/">São Lourenço Mártir</a> e <a href="https://wp.ufpel.edu.br/saberesdasmissoes/sitios/sao-joao-batista/">São João Batista</a></b>. Essas atividades incluíram diferentes grupos locais, abarcando espaços formais e informais de aprendizagem. Participaram <a href="https://wp.ufpel.edu.br/saberesdasmissoes/professores/"><b>professores</b></a> da rede de ensino fundamental, <a href="https://wp.ufpel.edu.br/saberesdasmissoes/guias-de-turismo/"><b>guias de turismo</b></a>, <a href="https://wp.ufpel.edu.br/saberesdasmissoes/funcionarios-do-phnm/"><b>funcionários</b></a> do <a href="http://portal.iphan.gov.br/pagina/detalhes/766/"><b>Parque Histórico Nacional das Missões</b></a> e <a href="https://wp.ufpel.edu.br/saberesdasmissoes/formacao-dos-artifices/"><b>artífices em formação</b></a>.</p>
<p style="text-align: justify;">As ações tiveram o objetivo de dar protagonismo à comunidade local, tornando-os sujeitos dos processos colaborativos, valorizando a comunidade como guardiã do seu patrimônio cultural e fomentando o fortalecimento do senso de pertencimento.</p>

<p>As ações de educação patrimonial realizadas no projeto pautaram-se em processos colaborativos desenvolvidos juntos às comunidades das cidades de São Miguel das Missões, São Nicolau, São Luiz Gonzaga e Entre-Ijuís, detentoras dos sítios de São Miguel Arcanjo, São Nicolau, São Lourenço Mártir e São João Batista. Essas atividades incluíram diferentes grupos locais, abarcando espaços formais [&hellip;]</p>
