{"id":620,"date":"2026-02-02T18:42:28","date_gmt":"2026-02-02T21:42:28","guid":{"rendered":"https:\/\/wp.ufpel.edu.br\/saberesdasmissoes\/?page_id=620"},"modified":"2026-02-02T19:10:42","modified_gmt":"2026-02-02T22:10:42","slug":"politicas-publicas-produtos","status":"publish","type":"page","link":"https:\/\/wp.ufpel.edu.br\/saberesdasmissoes\/politicas-publicas-produtos\/","title":{"rendered":"Produtos"},"content":{"rendered":"<div>\n<table style=\"border-collapse: collapse; width: 100%;\" border=\"1\">\n<tbody>\n<tr style=\"height: 246px;\">\n<td style=\"width: 100%; height: 246px;\">\n<p style=\"text-align: left;\"><a class=\"XqQF9c\" href=\"https:\/\/drive.google.com\/file\/d\/1zbRGKpOFBgC1KMGdTwGTVqLMfcW7kNqS\/view?usp=drive_link\" target=\"_blank\" rel=\"noopener\"><span class=\"C9DxTc aw5Odc \">Download:\u00a0<\/span><span class=\"C9DxTc aw5Odc \">e-book &#8220;<\/span><span class=\"C9DxTc aw5Odc \">Pol\u00edticas de Patrim\u00f4nio nas Miss\u00f5es: Hist\u00f3ria, Mem\u00f3rias e Identidades&#8221;<\/span><\/a><\/p>\n<p><img loading=\"lazy\" decoding=\"async\" class=\"size-thumbnail wp-image-651 alignleft\" src=\"https:\/\/wp.ufpel.edu.br\/saberesdasmissoes\/files\/2026\/02\/livro-darlan-1-200x200.png\" alt=\"\" width=\"200\" height=\"200\" \/><\/td>\n<\/tr>\n<\/tbody>\n<\/table>\n<p>&nbsp;<\/p>\n<\/div>\n<div>\n<table style=\"border-collapse: collapse; width: 100%;\" border=\"1\">\n<tbody>\n<tr>\n<td style=\"width: 100%;\">\n<p style=\"text-align: left;\"><a class=\"XqQF9c\" href=\"https:\/\/drive.google.com\/file\/d\/1HCwgfLvYfbNRS9tiXub-XlomFqdVZLGU\/view?usp=sharing\" target=\"_blank\" rel=\"noopener\"><span class=\"C9DxTc aw5Odc \">Download:\u00a0<\/span><span class=\"C9DxTc aw5Odc \">cartilha\u00a0<\/span><span class=\"C9DxTc aw5Odc \">&#8220;<\/span><span class=\"C9DxTc aw5Odc \">Pol\u00edticas de Patrim\u00f4nio nas Miss\u00f5es: Material de Apoio para Professores&#8221;<\/span><\/a><\/p>\n<p><img loading=\"lazy\" decoding=\"async\" class=\"size-thumbnail wp-image-650 alignleft\" src=\"https:\/\/wp.ufpel.edu.br\/saberesdasmissoes\/files\/2026\/02\/cartilha-1-200x200.png\" alt=\"\" width=\"200\" height=\"200\" srcset=\"https:\/\/wp.ufpel.edu.br\/saberesdasmissoes\/files\/2026\/02\/cartilha-1-200x200.png 200w, https:\/\/wp.ufpel.edu.br\/saberesdasmissoes\/files\/2026\/02\/cartilha-1-398x400.png 398w, https:\/\/wp.ufpel.edu.br\/saberesdasmissoes\/files\/2026\/02\/cartilha-1-768x772.png 768w, https:\/\/wp.ufpel.edu.br\/saberesdasmissoes\/files\/2026\/02\/cartilha-1.png 797w\" sizes=\"auto, (max-width: 200px) 100vw, 200px\" \/><\/td>\n<\/tr>\n<\/tbody>\n<\/table>\n<\/div>\n<div><\/div>\n<div><\/div>\n<div><\/div>\n<div><\/div>\n<div><\/div>\n<div><\/div>\n<div><\/div>\n<p>&nbsp;<\/p>\n<p>&nbsp;<\/p>\n","protected":false},"excerpt":{"rendered":"<p>Download:\u00a0e-book &#8220;Pol\u00edticas de Patrim\u00f4nio nas Miss\u00f5es: Hist\u00f3ria, Mem\u00f3rias e Identidades&#8221; &nbsp; Download:\u00a0cartilha\u00a0&#8220;Pol\u00edticas de Patrim\u00f4nio nas Miss\u00f5es: Material de Apoio para Professores&#8221; &nbsp; &nbsp;<\/p>\n","protected":false},"author":1547,"featured_media":0,"parent":0,"menu_order":0,"comment_status":"closed","ping_status":"closed","template":"","meta":{"footnotes":""},"class_list":["post-620","page","type-page","status-publish","hentry","post"],"_links":{"self":[{"href":"https:\/\/wp.ufpel.edu.br\/saberesdasmissoes\/wp-json\/wp\/v2\/pages\/620","targetHints":{"allow":["GET"]}}],"collection":[{"href":"https:\/\/wp.ufpel.edu.br\/saberesdasmissoes\/wp-json\/wp\/v2\/pages"}],"about":[{"href":"https:\/\/wp.ufpel.edu.br\/saberesdasmissoes\/wp-json\/wp\/v2\/types\/page"}],"author":[{"embeddable":true,"href":"https:\/\/wp.ufpel.edu.br\/saberesdasmissoes\/wp-json\/wp\/v2\/users\/1547"}],"replies":[{"embeddable":true,"href":"https:\/\/wp.ufpel.edu.br\/saberesdasmissoes\/wp-json\/wp\/v2\/comments?post=620"}],"version-history":[{"count":4,"href":"https:\/\/wp.ufpel.edu.br\/saberesdasmissoes\/wp-json\/wp\/v2\/pages\/620\/revisions"}],"predecessor-version":[{"id":653,"href":"https:\/\/wp.ufpel.edu.br\/saberesdasmissoes\/wp-json\/wp\/v2\/pages\/620\/revisions\/653"}],"wp:attachment":[{"href":"https:\/\/wp.ufpel.edu.br\/saberesdasmissoes\/wp-json\/wp\/v2\/media?parent=620"}],"curies":[{"name":"wp","href":"https:\/\/api.w.org\/{rel}","templated":true}]}}

<div>
<table style="border-collapse: collapse; width: 100%;" border="1">
<tbody>
<tr style="height: 246px;">
<td style="width: 100%; height: 246px;">
<p style="text-align: left;"><a class="XqQF9c" href="https://drive.google.com/file/d/1zbRGKpOFBgC1KMGdTwGTVqLMfcW7kNqS/view?usp=drive_link" target="_blank" rel="noopener"><span class="C9DxTc aw5Odc ">Download: </span><span class="C9DxTc aw5Odc ">e-book &#8220;</span><span class="C9DxTc aw5Odc ">Políticas de Patrimônio nas Missões: História, Memórias e Identidades&#8221;</span></a></p>
<p><img loading="lazy" decoding="async" class="size-thumbnail wp-image-651 alignleft" src="https://wp.ufpel.edu.br/saberesdasmissoes/files/2026/02/livro-darlan-1-200x200.png" alt="" width="200" height="200" /></td>
</tr>
</tbody>
</table>
<p>&nbsp;</p>
</div>
<div>
<table style="border-collapse: collapse; width: 100%;" border="1">
<tbody>
<tr>
<td style="width: 100%;">
<p style="text-align: left;"><a class="XqQF9c" href="https://drive.google.com/file/d/1HCwgfLvYfbNRS9tiXub-XlomFqdVZLGU/view?usp=sharing" target="_blank" rel="noopener"><span class="C9DxTc aw5Odc ">Download: </span><span class="C9DxTc aw5Odc ">cartilha </span><span class="C9DxTc aw5Odc ">&#8220;</span><span class="C9DxTc aw5Odc ">Políticas de Patrimônio nas Missões: Material de Apoio para Professores&#8221;</span></a></p>
<p><img loading="lazy" decoding="async" class="size-thumbnail wp-image-650 alignleft" src="https://wp.ufpel.edu.br/saberesdasmissoes/files/2026/02/cartilha-1-200x200.png" alt="" width="200" height="200" srcset="https://wp.ufpel.edu.br/saberesdasmissoes/files/2026/02/cartilha-1-200x200.png 200w, https://wp.ufpel.edu.br/saberesdasmissoes/files/2026/02/cartilha-1-398x400.png 398w, https://wp.ufpel.edu.br/saberesdasmissoes/files/2026/02/cartilha-1-768x772.png 768w, https://wp.ufpel.edu.br/saberesdasmissoes/files/2026/02/cartilha-1.png 797w" sizes="auto, (max-width: 200px) 100vw, 200px" /></td>
</tr>
</tbody>
</table>
</div>
<div></div>
<div></div>
<div></div>
<div></div>
<div></div>
<div></div>
<div></div>
<p>&nbsp;</p>
<p>&nbsp;</p>

<p>Download: e-book &#8220;Políticas de Patrimônio nas Missões: História, Memórias e Identidades&#8221; &nbsp; Download: cartilha &#8220;Políticas de Patrimônio nas Missões: Material de Apoio para Professores&#8221; &nbsp; &nbsp;</p>
