{"id":548,"date":"2026-01-28T18:37:04","date_gmt":"2026-01-28T21:37:04","guid":{"rendered":"https:\/\/wp.ufpel.edu.br\/saberesdasmissoes\/?page_id=548"},"modified":"2026-02-02T19:12:05","modified_gmt":"2026-02-02T22:12:05","slug":"politicapublicas-equipe","status":"publish","type":"page","link":"https:\/\/wp.ufpel.edu.br\/saberesdasmissoes\/politicapublicas-equipe\/","title":{"rendered":"Equipe"},"content":{"rendered":"<p><strong>COORDENA\u00c7\u00c3O DO PROJETO<\/strong><\/p>\n<p><strong>DARLAN DE MAMANN MARCHI<\/strong><\/p>\n<p style=\"text-align: justify;\">Doutor em Mem\u00f3ria Social e Patrim\u00f4nio Cultural pela UFPel, com p\u00f3s-doutorados em Mem\u00f3ria Social, Hist\u00f3ria e atualmente em Arquitetura e Urbanismo (PROGRAU\/UFPel), \u00e9 graduado em Hist\u00f3ria e graduando em Psicologia. Possui ampla atua\u00e7\u00e3o em gest\u00e3o p\u00fablica e conselhos de cultura e patrim\u00f4nio no Rio Grande do Sul, al\u00e9m de experi\u00eancia docente na UFPel. Desenvolve pesquisas nas \u00e1reas de mem\u00f3ria social, patrim\u00f4nio cultural, usos pol\u00edticos do passado e pol\u00edticas p\u00fablicas de preserva\u00e7\u00e3o, com produ\u00e7\u00e3o acad\u00eamica nacional e internacional e participa\u00e7\u00e3o na organiza\u00e7\u00e3o de eventos e publica\u00e7\u00f5es.<\/p>\n<p>Lattes:\u00a0<a href=\"http:\/\/lattes.cnpq.br\/8197594647849111\">http:\/\/lattes.cnpq.br\/8197594647849111<\/a><\/p>\n<p>&nbsp;<\/p>\n<p><strong>COLABORADORES<\/strong><\/p>\n<p><strong>Adriane Borda<\/strong> (docente\/PROGRAU)<\/p>\n<p><strong>Sandro Concei\u00e7\u00e3o<\/strong> (doutorando\/PROGRAU)<\/p>\n<p><strong>M\u00f4nica Veiga<\/strong> (mestranda\/PROGRAU)<\/p>\n","protected":false},"excerpt":{"rendered":"<p>COORDENA\u00c7\u00c3O DO PROJETO DARLAN DE MAMANN MARCHI Doutor em Mem\u00f3ria Social e Patrim\u00f4nio Cultural pela UFPel, com p\u00f3s-doutorados em Mem\u00f3ria Social, Hist\u00f3ria e atualmente em Arquitetura e Urbanismo (PROGRAU\/UFPel), \u00e9 graduado em Hist\u00f3ria e graduando em Psicologia. Possui ampla atua\u00e7\u00e3o em gest\u00e3o p\u00fablica e conselhos de cultura e patrim\u00f4nio no Rio Grande do Sul, al\u00e9m [&hellip;]<\/p>\n","protected":false},"author":1547,"featured_media":0,"parent":0,"menu_order":0,"comment_status":"closed","ping_status":"closed","template":"","meta":{"footnotes":""},"class_list":["post-548","page","type-page","status-publish","hentry","post"],"_links":{"self":[{"href":"https:\/\/wp.ufpel.edu.br\/saberesdasmissoes\/wp-json\/wp\/v2\/pages\/548","targetHints":{"allow":["GET"]}}],"collection":[{"href":"https:\/\/wp.ufpel.edu.br\/saberesdasmissoes\/wp-json\/wp\/v2\/pages"}],"about":[{"href":"https:\/\/wp.ufpel.edu.br\/saberesdasmissoes\/wp-json\/wp\/v2\/types\/page"}],"author":[{"embeddable":true,"href":"https:\/\/wp.ufpel.edu.br\/saberesdasmissoes\/wp-json\/wp\/v2\/users\/1547"}],"replies":[{"embeddable":true,"href":"https:\/\/wp.ufpel.edu.br\/saberesdasmissoes\/wp-json\/wp\/v2\/comments?post=548"}],"version-history":[{"count":3,"href":"https:\/\/wp.ufpel.edu.br\/saberesdasmissoes\/wp-json\/wp\/v2\/pages\/548\/revisions"}],"predecessor-version":[{"id":654,"href":"https:\/\/wp.ufpel.edu.br\/saberesdasmissoes\/wp-json\/wp\/v2\/pages\/548\/revisions\/654"}],"wp:attachment":[{"href":"https:\/\/wp.ufpel.edu.br\/saberesdasmissoes\/wp-json\/wp\/v2\/media?parent=548"}],"curies":[{"name":"wp","href":"https:\/\/api.w.org\/{rel}","templated":true}]}}

<p><strong>COORDENAÇÃO DO PROJETO</strong></p>
<p><strong>DARLAN DE MAMANN MARCHI</strong></p>
<p style="text-align: justify;">Doutor em Memória Social e Patrimônio Cultural pela UFPel, com pós-doutorados em Memória Social, História e atualmente em Arquitetura e Urbanismo (PROGRAU/UFPel), é graduado em História e graduando em Psicologia. Possui ampla atuação em gestão pública e conselhos de cultura e patrimônio no Rio Grande do Sul, além de experiência docente na UFPel. Desenvolve pesquisas nas áreas de memória social, patrimônio cultural, usos políticos do passado e políticas públicas de preservação, com produção acadêmica nacional e internacional e participação na organização de eventos e publicações.</p>
<p>Lattes: <a href="http://lattes.cnpq.br/8197594647849111">http://lattes.cnpq.br/8197594647849111</a></p>
<p>&nbsp;</p>
<p><strong>COLABORADORES</strong></p>
<p><strong>Adriane Borda</strong> (docente/PROGRAU)</p>
<p><strong>Sandro Conceição</strong> (doutorando/PROGRAU)</p>
<p><strong>Mônica Veiga</strong> (mestranda/PROGRAU)</p>

<p>COORDENAÇÃO DO PROJETO DARLAN DE MAMANN MARCHI Doutor em Memória Social e Patrimônio Cultural pela UFPel, com pós-doutorados em Memória Social, História e atualmente em Arquitetura e Urbanismo (PROGRAU/UFPel), é graduado em História e graduando em Psicologia. Possui ampla atuação em gestão pública e conselhos de cultura e patrimônio no Rio Grande do Sul, além [&hellip;]</p>
