{"id":520,"date":"2026-01-28T18:05:57","date_gmt":"2026-01-28T21:05:57","guid":{"rendered":"https:\/\/wp.ufpel.edu.br\/saberesdasmissoes\/?page_id=520"},"modified":"2026-01-28T19:58:55","modified_gmt":"2026-01-28T22:58:55","slug":"consolidacao-publicacoes","status":"publish","type":"page","link":"https:\/\/wp.ufpel.edu.br\/saberesdasmissoes\/consolidacao-publicacoes\/","title":{"rendered":"Publica\u00e7\u00f5es"},"content":{"rendered":"<p style=\"text-align: justify;\"><strong>Participa\u00e7\u00e3o no<\/strong> <strong>Evento Conviver 2025 \u2013 Habita\u00e7\u00e3o Popular: Patrim\u00f4nio Nacional<\/strong><\/p>\n<p style=\"text-align: justify;\">Congresso realizado pelo IPHAN entre 3 e 7 de novembro de 2025, na Cidade de Goi\u00e1s (GO). O evento focou no compartilhamento de experi\u00eancias dos Canteiros-Modelo de Conserva\u00e7\u00e3o, promovendo di\u00e1logo sobre habita\u00e7\u00e3o em \u00e1reas hist\u00f3ricas, assist\u00eancia t\u00e9cnica e a preserva\u00e7\u00e3o do patrim\u00f4nio cultural com participa\u00e7\u00e3o de universidades e comunidades.<\/p>\n<p><a href=\"https:\/\/wp.ufpel.edu.br\/saberesdasmissoes\/files\/2026\/01\/Parte_1_Banner_Missoes.pdf\">Banner (parte 1)<\/a><br \/>\n<a href=\"https:\/\/wp.ufpel.edu.br\/saberesdasmissoes\/files\/2026\/01\/Parte_2_Banner_Missoes.pdf\">Banner (parte 2)<\/a><\/p>\n<p>___________________________________________________________________________________________________________________________________________________<\/p>\n<p><strong><a href=\"https:\/\/wp.ufpel.edu.br\/saberesdasmissoes\/files\/2026\/01\/Plano-de-Comunicacao-do-Projeto-Saberes-das-Missoes-2025-4.pdf\">Plano de Comunicac\u0327a\u0303o do Projeto Saberes das Misso\u0303es<\/a><\/strong><\/p>\n<p><span class=\"fontstyle0\">Uma estrat\u00e9gia criada para processar de forma did\u00e1tica as necessidades, os p\u00fablicos e os caminhos poss\u00edveis para a comunica\u00e7\u00e3o do Saberes das Miss\u00f5es.<\/span><\/p>\n<p>___________________________________________________________________________________________________________________________________________________<\/p>\n<p><strong>Resumo Expandido no XXVII Encontro de P\u00f3s-Gradua\u00e7\u00e3o da UFPel<\/strong><\/p>\n<p>BEBER, L. A. ; BRANDELLI, T. M. ; DUARTE, C. M. ; LOPES, J. C. ; CUNHA, E. G. . Planejamento de Seguran\u00e7a do Trabalho em S\u00edtios Hist\u00f3ricos: Viv\u00eancia em um Canteiro nas Ru\u00ednas Missioneiras. In: XXVII Encontro de P\u00f3s-Gradua\u00e7\u00e3o da UFPel &#8211; XXVII ENP\u00d3S, 2025, PELOTAS. Anais do Encontro de P\u00f3s-Gradua\u00e7\u00e3o da UFPel, 2025.<\/p>\n<p>___________________________________________________________________________________________________________________________________________________<\/p>\n<p><strong>Artigo no VI Encontro Latino-Americano e Europeu sobre Edifica\u00e7\u00f5es e Comunidades Sustent\u00e1veis<\/strong><\/p>\n<p>BEBER, L. A. ; BRANDELLI, T. M. ; DUARTE, C. M. ; LOPES, J. C. ; CUNHA, E. G. . PLANEJAMENTO DE SEGURAN\u00c7A DO TRABALHO EM S\u00cdTIOS HIST\u00d3RICOS: ESTUDO DE CASO EM UM CANTEIRO NAS RU\u00cdNAS MISSIONEIRAS. In: VI Encontro Latino-Americano e Europeu sobre Edifica\u00e7\u00f5es e Comunidades Sustent\u00e1veis, 2025, Rio de Janeiro, RJ. Anais do VI Encontro Latino-Americano e Europeu sobre Edifica\u00e7\u00f5es e Comunidades Sustent\u00e1veis: Desafios locais, reflex\u00f5es globais: Pr\u00e1ticas e inova\u00e7\u00f5es para uma sustentabilidade efetiva, 2025.<\/p>\n<p><a href=\"https:\/\/eventos.antac.org.br\/index.php\/euroelecs\/article\/view\/8057\">https:\/\/eventos.antac.org.br\/index.php\/euroelecs\/article\/view\/8057<\/a><\/p>\n","protected":false},"excerpt":{"rendered":"<p>Participa\u00e7\u00e3o no Evento Conviver 2025 \u2013 Habita\u00e7\u00e3o Popular: Patrim\u00f4nio Nacional Congresso realizado pelo IPHAN entre 3 e 7 de novembro de 2025, na Cidade de Goi\u00e1s (GO). O evento focou no compartilhamento de experi\u00eancias dos Canteiros-Modelo de Conserva\u00e7\u00e3o, promovendo di\u00e1logo sobre habita\u00e7\u00e3o em \u00e1reas hist\u00f3ricas, assist\u00eancia t\u00e9cnica e a preserva\u00e7\u00e3o do patrim\u00f4nio cultural com participa\u00e7\u00e3o [&hellip;]<\/p>\n","protected":false},"author":1547,"featured_media":0,"parent":0,"menu_order":0,"comment_status":"closed","ping_status":"closed","template":"","meta":{"footnotes":""},"class_list":["post-520","page","type-page","status-publish","hentry","post"],"_links":{"self":[{"href":"https:\/\/wp.ufpel.edu.br\/saberesdasmissoes\/wp-json\/wp\/v2\/pages\/520","targetHints":{"allow":["GET"]}}],"collection":[{"href":"https:\/\/wp.ufpel.edu.br\/saberesdasmissoes\/wp-json\/wp\/v2\/pages"}],"about":[{"href":"https:\/\/wp.ufpel.edu.br\/saberesdasmissoes\/wp-json\/wp\/v2\/types\/page"}],"author":[{"embeddable":true,"href":"https:\/\/wp.ufpel.edu.br\/saberesdasmissoes\/wp-json\/wp\/v2\/users\/1547"}],"replies":[{"embeddable":true,"href":"https:\/\/wp.ufpel.edu.br\/saberesdasmissoes\/wp-json\/wp\/v2\/comments?post=520"}],"version-history":[{"count":4,"href":"https:\/\/wp.ufpel.edu.br\/saberesdasmissoes\/wp-json\/wp\/v2\/pages\/520\/revisions"}],"predecessor-version":[{"id":570,"href":"https:\/\/wp.ufpel.edu.br\/saberesdasmissoes\/wp-json\/wp\/v2\/pages\/520\/revisions\/570"}],"wp:attachment":[{"href":"https:\/\/wp.ufpel.edu.br\/saberesdasmissoes\/wp-json\/wp\/v2\/media?parent=520"}],"curies":[{"name":"wp","href":"https:\/\/api.w.org\/{rel}","templated":true}]}}