{"id":33,"date":"2025-07-08T16:49:26","date_gmt":"2025-07-08T19:49:26","guid":{"rendered":"https:\/\/wp.ufpel.edu.br\/saberesdasmissoes\/?page_id=33"},"modified":"2026-04-09T15:58:35","modified_gmt":"2026-04-09T18:58:35","slug":"sobre-o-projeto","status":"publish","type":"page","link":"https:\/\/wp.ufpel.edu.br\/saberesdasmissoes\/identidade\/sobre-o-projeto\/","title":{"rendered":"Sobre o Projeto"},"content":{"rendered":"<p style=\"text-align: justify;\">O canteiro, intitulado \u201cOs Saberes das Miss\u00f5es\u201d, resulta da parceria entre a Universidade Federal de Pelotas (UFPel) e o Instituto do Patrim\u00f4nio Hist\u00f3rico e Art\u00edstico Nacional (Iphan) no \u00e2mbito do Programa Conviver &#8211; Canteiros-Modelo de Conserva\u00e7\u00e3o.<\/p>\n<p style=\"text-align: justify;\">Os canteiros se tratam de n\u00facleos de ensino e aprendizado, onde professores e estudantes de cursos relacionados ao patrim\u00f4nio trocam conhecimentos com a popula\u00e7\u00e3o para a garantia da conserva\u00e7\u00e3o preventiva de im\u00f3veis, priorizando t\u00e9cnicas construtivas tradicionais e tamb\u00e9m para a transmiss\u00e3o e continuidade de saberes e pr\u00e1ticas ligados \u00e0 cultura local.<\/p>\n<p style=\"text-align: justify;\">O programa est\u00e1 implantado em 17 cidades em todo o Pa\u00eds e em processo de amplia\u00e7\u00e3o , sendo mais 8 canteiros em pactua\u00e7\u00e3o e outros 7 em planejamento. At\u00e9 o final do ano de 2025, cerca de 24 milh\u00f5es de reais j\u00e1 haviam sido aplicados desde o in\u00edcio da nacionaliza\u00e7\u00e3o do programa, ocorrida em 2023.<\/p>\n<p style=\"text-align: justify;\">Contratado em \u00a0dezembro de 2023, o projeto que resulta da parceria entre UFPel e Iphan investe, inicialmente, na forma\u00e7\u00e3o de novos art\u00edfices para as obras de conserva\u00e7\u00e3o e consolida\u00e7\u00e3o das ru\u00ednas e na difus\u00e3o do conhecimento sobre o patrim\u00f4nio missioneiro. Busca mobilizar as pessoas do entorno imediato dos quatro s\u00edtios, entendendo a preserva\u00e7\u00e3o como pr\u00e1tica coletiva, unindo saberes tradicionais, conhecimento t\u00e9cnico e participa\u00e7\u00e3o social.<\/p>\n<p style=\"text-align: justify;\">Ao contribuir para a valoriza\u00e7\u00e3o da hist\u00f3ria das Miss\u00f5es e seu papel na constru\u00e7\u00e3o da identidade regional, o projeto busca compreender e problematizar pol\u00edticas de mem\u00f3ria e de prote\u00e7\u00e3o deste patrim\u00f4nio. Com isto, tem buscado ampliar as abordagens e institui\u00e7\u00f5es envolvidas, \u00e0 medida em que reconhece potenciais contribui\u00e7\u00f5es que toda a equipe e a infraestrutura dispon\u00edvel possa oferecer em suas compet\u00eancias, recursos t\u00e9cnicos e financeiros.<\/p>\n<p><iframe loading=\"lazy\" title=\"Os Saberes das Misso\u0303es  - Apresentac\u0327a\u0303o Especial do Projeto\" width=\"720\" height=\"405\" src=\"https:\/\/www.youtube.com\/embed\/dLtVUhvVo4w?feature=oembed\" frameborder=\"0\" allow=\"accelerometer; autoplay; clipboard-write; encrypted-media; gyroscope; picture-in-picture; web-share\" referrerpolicy=\"strict-origin-when-cross-origin\" allowfullscreen><\/iframe><\/p>\n<p>&nbsp;<\/p>\n<p>Venha descobrir mais sobre esse lugar hist\u00f3rico e entender por que \u00e9 t\u00e3o importante preserv\u00e1-lo:\u00a0<strong><a href=\"https:\/\/new.express.adobe.com\/webpage\/4MD2LFnz6vRCt\">Revista Saberes das Miss\u00f5es<\/a><\/strong><\/p>\n<p>&nbsp;<\/p>\n<p><a href=\"https:\/\/wp.ufpel.edu.br\/saberesdasmissoes\/files\/2026\/01\/Parte_1_Banner_Missoes.pdf\">Banner (parte 1)<\/a><\/p>\n<p><a href=\"https:\/\/wp.ufpel.edu.br\/saberesdasmissoes\/files\/2026\/01\/Parte_2_Banner_Missoes.pdf\">Banner (parte 2)<\/a><\/p>\n","protected":false},"excerpt":{"rendered":"<p>O canteiro, intitulado \u201cOs Saberes das Miss\u00f5es\u201d, resulta da parceria entre a Universidade Federal de Pelotas (UFPel) e o Instituto do Patrim\u00f4nio Hist\u00f3rico e Art\u00edstico Nacional (Iphan) no \u00e2mbito do Programa Conviver &#8211; Canteiros-Modelo de Conserva\u00e7\u00e3o. Os canteiros se tratam de n\u00facleos de ensino e aprendizado, onde professores e estudantes de cursos relacionados ao patrim\u00f4nio [&hellip;]<\/p>\n","protected":false},"author":1358,"featured_media":0,"parent":15,"menu_order":0,"comment_status":"closed","ping_status":"closed","template":"","meta":{"footnotes":""},"class_list":["post-33","page","type-page","status-publish","hentry","post"],"_links":{"self":[{"href":"https:\/\/wp.ufpel.edu.br\/saberesdasmissoes\/wp-json\/wp\/v2\/pages\/33","targetHints":{"allow":["GET"]}}],"collection":[{"href":"https:\/\/wp.ufpel.edu.br\/saberesdasmissoes\/wp-json\/wp\/v2\/pages"}],"about":[{"href":"https:\/\/wp.ufpel.edu.br\/saberesdasmissoes\/wp-json\/wp\/v2\/types\/page"}],"author":[{"embeddable":true,"href":"https:\/\/wp.ufpel.edu.br\/saberesdasmissoes\/wp-json\/wp\/v2\/users\/1358"}],"replies":[{"embeddable":true,"href":"https:\/\/wp.ufpel.edu.br\/saberesdasmissoes\/wp-json\/wp\/v2\/comments?post=33"}],"version-history":[{"count":3,"href":"https:\/\/wp.ufpel.edu.br\/saberesdasmissoes\/wp-json\/wp\/v2\/pages\/33\/revisions"}],"predecessor-version":[{"id":923,"href":"https:\/\/wp.ufpel.edu.br\/saberesdasmissoes\/wp-json\/wp\/v2\/pages\/33\/revisions\/923"}],"up":[{"embeddable":true,"href":"https:\/\/wp.ufpel.edu.br\/saberesdasmissoes\/wp-json\/wp\/v2\/pages\/15"}],"wp:attachment":[{"href":"https:\/\/wp.ufpel.edu.br\/saberesdasmissoes\/wp-json\/wp\/v2\/media?parent=33"}],"curies":[{"name":"wp","href":"https:\/\/api.w.org\/{rel}","templated":true}]}}

<p style="text-align: justify;">O canteiro, intitulado “Os Saberes das Missões”, resulta da parceria entre a Universidade Federal de Pelotas (UFPel) e o Instituto do Patrimônio Histórico e Artístico Nacional (Iphan) no âmbito do Programa Conviver &#8211; Canteiros-Modelo de Conservação.</p>
<p style="text-align: justify;">Os canteiros se tratam de núcleos de ensino e aprendizado, onde professores e estudantes de cursos relacionados ao patrimônio trocam conhecimentos com a população para a garantia da conservação preventiva de imóveis, priorizando técnicas construtivas tradicionais e também para a transmissão e continuidade de saberes e práticas ligados à cultura local.</p>
<p style="text-align: justify;">O programa está implantado em 17 cidades em todo o País e em processo de ampliação , sendo mais 8 canteiros em pactuação e outros 7 em planejamento. Até o final do ano de 2025, cerca de 24 milhões de reais já haviam sido aplicados desde o início da nacionalização do programa, ocorrida em 2023.</p>
<p style="text-align: justify;">Contratado em  dezembro de 2023, o projeto que resulta da parceria entre UFPel e Iphan investe, inicialmente, na formação de novos artífices para as obras de conservação e consolidação das ruínas e na difusão do conhecimento sobre o patrimônio missioneiro. Busca mobilizar as pessoas do entorno imediato dos quatro sítios, entendendo a preservação como prática coletiva, unindo saberes tradicionais, conhecimento técnico e participação social.</p>
<p style="text-align: justify;">Ao contribuir para a valorização da história das Missões e seu papel na construção da identidade regional, o projeto busca compreender e problematizar políticas de memória e de proteção deste patrimônio. Com isto, tem buscado ampliar as abordagens e instituições envolvidas, à medida em que reconhece potenciais contribuições que toda a equipe e a infraestrutura disponível possa oferecer em suas competências, recursos técnicos e financeiros.</p>
<p><iframe loading="lazy" title="Os Saberes das Missões  - Apresentação Especial do Projeto" width="720" height="405" src="https://www.youtube.com/embed/dLtVUhvVo4w?feature=oembed" frameborder="0" allow="accelerometer; autoplay; clipboard-write; encrypted-media; gyroscope; picture-in-picture; web-share" referrerpolicy="strict-origin-when-cross-origin" allowfullscreen></iframe></p>
<p>&nbsp;</p>
<p>Venha descobrir mais sobre esse lugar histórico e entender por que é tão importante preservá-lo: <strong><a href="https://new.express.adobe.com/webpage/4MD2LFnz6vRCt">Revista Saberes das Missões</a></strong></p>
<p>&nbsp;</p>
<p><a href="https://wp.ufpel.edu.br/saberesdasmissoes/files/2026/01/Parte_1_Banner_Missoes.pdf">Banner (parte 1)</a></p>
<p><a href="https://wp.ufpel.edu.br/saberesdasmissoes/files/2026/01/Parte_2_Banner_Missoes.pdf">Banner (parte 2)</a></p>

<p>O canteiro, intitulado “Os Saberes das Missões”, resulta da parceria entre a Universidade Federal de Pelotas (UFPel) e o Instituto do Patrimônio Histórico e Artístico Nacional (Iphan) no âmbito do Programa Conviver &#8211; Canteiros-Modelo de Conservação. Os canteiros se tratam de núcleos de ensino e aprendizado, onde professores e estudantes de cursos relacionados ao patrimônio [&hellip;]</p>
