{"id":19,"date":"2015-11-23T14:16:07","date_gmt":"2015-11-23T16:16:07","guid":{"rendered":"https:\/\/wp.ufpel.edu.br\/rrt\/?page_id=19"},"modified":"2026-03-13T08:15:21","modified_gmt":"2026-03-13T11:15:21","slug":"corpo-docente","status":"publish","type":"page","link":"https:\/\/wp.ufpel.edu.br\/rrt\/corpo-docente\/","title":{"rendered":"Corpo Docente"},"content":{"rendered":"<p>Coordena\u00e7\u00e3o titular &#8211; <a href=\"https:\/\/institucional.ufpel.edu.br\/servidores\/id\/9360\">Jael S\u00e2nera Sigales Gon\u00e7alves<\/a><\/p>\n<p>Coordena\u00e7\u00e3o adjunta\u00a0 \u00a0&#8211; <a href=\"https:\/\/institucional.ufpel.edu.br\/servidores\/id\/211187\">Thiago Santos<\/a><\/p>\n<p>Acesse o Portal Institucional da UFPel para conhecer os servidores docentes e t\u00e9cnicos-administrativos do curso: https:\/\/institucional.ufpel.edu.br\/cursos\/cod\/3680<\/p>\n<p><em><strong>Professores tempor\u00e1rios e substitutos: <\/strong>ver ao final da p\u00e1gina <a href=\"https:\/\/wp.ufpel.edu.br\/clc\/docentes\/\">https:\/\/wp.ufpel.edu.br\/clc\/docentes\/<\/a><\/em><\/p>\n","protected":false},"excerpt":{"rendered":"<p>Coordena\u00e7\u00e3o titular &#8211; Jael S\u00e2nera Sigales Gon\u00e7alves Coordena\u00e7\u00e3o adjunta\u00a0 \u00a0&#8211; Thiago Santos Acesse o Portal Institucional da UFPel para conhecer os servidores docentes e t\u00e9cnicos-administrativos do curso: https:\/\/institucional.ufpel.edu.br\/cursos\/cod\/3680 Professores tempor\u00e1rios e substitutos: ver ao final da p\u00e1gina https:\/\/wp.ufpel.edu.br\/clc\/docentes\/<\/p>\n","protected":false},"author":50,"featured_media":0,"parent":0,"menu_order":0,"comment_status":"closed","ping_status":"closed","template":"","meta":{"jetpack_post_was_ever_published":false,"footnotes":""},"class_list":["post-19","page","type-page","status-publish","hentry","nodate","item-wrap"],"jetpack_sharing_enabled":true,"jetpack_shortlink":"https:\/\/wp.me\/P8FzgV-j","jetpack-related-posts":[],"_links":{"self":[{"href":"https:\/\/wp.ufpel.edu.br\/rrt\/wp-json\/wp\/v2\/pages\/19","targetHints":{"allow":["GET"]}}],"collection":[{"href":"https:\/\/wp.ufpel.edu.br\/rrt\/wp-json\/wp\/v2\/pages"}],"about":[{"href":"https:\/\/wp.ufpel.edu.br\/rrt\/wp-json\/wp\/v2\/types\/page"}],"author":[{"embeddable":true,"href":"https:\/\/wp.ufpel.edu.br\/rrt\/wp-json\/wp\/v2\/users\/50"}],"replies":[{"embeddable":true,"href":"https:\/\/wp.ufpel.edu.br\/rrt\/wp-json\/wp\/v2\/comments?post=19"}],"version-history":[{"count":4,"href":"https:\/\/wp.ufpel.edu.br\/rrt\/wp-json\/wp\/v2\/pages\/19\/revisions"}],"predecessor-version":[{"id":529,"href":"https:\/\/wp.ufpel.edu.br\/rrt\/wp-json\/wp\/v2\/pages\/19\/revisions\/529"}],"wp:attachment":[{"href":"https:\/\/wp.ufpel.edu.br\/rrt\/wp-json\/wp\/v2\/media?parent=19"}],"curies":[{"name":"wp","href":"https:\/\/api.w.org\/{rel}","templated":true}]}}