{"id":2,"date":"2021-10-14T15:42:39","date_gmt":"2021-10-14T18:42:39","guid":{"rendered":"https:\/\/wp.ufpel.edu.br\/rpfisica\/?page_id=2"},"modified":"2021-12-16T14:26:22","modified_gmt":"2021-12-16T17:26:22","slug":"pagina-exemplo","status":"publish","type":"page","link":"https:\/\/wp.ufpel.edu.br\/rpfisica\/pagina-exemplo\/","title":{"rendered":"Apresenta\u00e7\u00e3o"},"content":{"rendered":"\r\n<p><img class=\"wp-image-55 alignleft\" src=\"https:\/\/wp.ufpel.edu.br\/rpfisica\/files\/2021\/12\/Logo-Rp-Ufpel-400x400.png\" alt=\"\" width=\"253\" height=\"253\" srcset=\"https:\/\/wp.ufpel.edu.br\/rpfisica\/files\/2021\/12\/Logo-Rp-Ufpel.png 400w, https:\/\/wp.ufpel.edu.br\/rpfisica\/files\/2021\/12\/Logo-Rp-Ufpel-200x200.png 200w\" sizes=\"(max-width: 253px) 100vw, 253px\" \/><\/p>\r\n<p><strong>Quem Somos ?<\/strong><\/p>\r\n<blockquote>\r\n<p style=\"text-align: justify\">O programa resid\u00eancia pedag\u00f3gica \u00e9 uma das a\u00e7\u00f5es que integram a Pol\u00edtica Nacional de Forma\u00e7\u00e3o de Professores e tem como objetivo induzir o aperfei\u00e7oamento da forma\u00e7\u00e3o pr\u00e1tica nos cursos de Licenciatura, promovendo a imers\u00e3o do licenciando na escola de educa\u00e7\u00e3o b\u00e1sica, a partir da segunda metade de seu curso.<\/p>\r\n<p style=\"text-align: justify\">Essa imers\u00e3o deve comtemplar, dentre outras atividades, reg\u00eancia de sala de aula e interven\u00e7\u00e3o pedag\u00f3gica, acompanhadas por um professor da escola com experi\u00eancia na \u00e1rea de f\u00edsica e orientada por um docente de sua institui\u00e7\u00e3o formadora.<\/p>\r\n<p>&nbsp;<\/p>\r\n<\/blockquote>\r\n<p style=\"text-align: justify\"><strong>Objetivos<\/strong><\/p>\r\n<p style=\"text-align: justify\">Dentre um dos objetivos do resid\u00eancia pedag\u00f3gica est\u00e1 o aperfei\u00e7oamento e a forma\u00e7\u00e3o dos discentes por meio do desenvolvimento de projetos que fortale\u00e7am o campo da pr\u00e1tica e conduzam o licenciando a exercitar de forma ativa a rela\u00e7\u00e3o entre teoria e pr\u00e1tica docente.\u00a0<\/p>\r\n<p style=\"text-align: justify\">Na UFPel a f\u00edsica comp\u00f5em um subprojeto em conjunto com o curso de qu\u00edmica, e nele queremos colocar em pr\u00e1tica nas escolas o que chamamos de &#8220;Alfabetiza\u00e7\u00e3o cient\u00edfica&#8221;, cujo principal objetivo \u00e9 contribuir para que a sociedade possa minimamente entender as necessidades, as possibilidades e as implica\u00e7\u00f5es do desenvolvimento tecnol\u00f3gico decorrente do crescimento do conhecimento cient\u00edfico ou gerado por ele. Para isso desenvolvemos situa\u00e7\u00f5es de ensino de forma contextualizada para que os estudantes possam identificar a contribui\u00e7\u00e3o dessas \u00e1reas em sua vida di\u00e1ria. Com isso esperamos que as decis\u00f5es sobre as rela\u00e7\u00f5es entre ci\u00eancia, tecnologia e sociedade sejam acompanhadas e entendidas por todos, e que o pensamento cient\u00edfico possa ser valorizado e diferenciado do pseudocient\u00edfico.<\/p>\r\n","protected":false},"excerpt":{"rendered":"<p>Quem Somos ? O programa resid\u00eancia pedag\u00f3gica \u00e9 uma das a\u00e7\u00f5es que integram a Pol\u00edtica Nacional de Forma\u00e7\u00e3o de Professores e tem como objetivo induzir o aperfei\u00e7oamento da forma\u00e7\u00e3o pr\u00e1tica nos cursos de Licenciatura, promovendo a imers\u00e3o do licenciando na escola de educa\u00e7\u00e3o b\u00e1sica, a partir da segunda metade de seu curso. Essa imers\u00e3o deve [&hellip;]<\/p>\n","protected":false},"author":1189,"featured_media":0,"parent":0,"menu_order":0,"comment_status":"closed","ping_status":"closed","template":"","meta":{"footnotes":""},"class_list":["post-2","page","type-page","status-publish","hentry"],"jetpack_sharing_enabled":true,"_links":{"self":[{"href":"https:\/\/wp.ufpel.edu.br\/rpfisica\/wp-json\/wp\/v2\/pages\/2","targetHints":{"allow":["GET"]}}],"collection":[{"href":"https:\/\/wp.ufpel.edu.br\/rpfisica\/wp-json\/wp\/v2\/pages"}],"about":[{"href":"https:\/\/wp.ufpel.edu.br\/rpfisica\/wp-json\/wp\/v2\/types\/page"}],"author":[{"embeddable":true,"href":"https:\/\/wp.ufpel.edu.br\/rpfisica\/wp-json\/wp\/v2\/users\/1189"}],"replies":[{"embeddable":true,"href":"https:\/\/wp.ufpel.edu.br\/rpfisica\/wp-json\/wp\/v2\/comments?post=2"}],"version-history":[{"count":11,"href":"https:\/\/wp.ufpel.edu.br\/rpfisica\/wp-json\/wp\/v2\/pages\/2\/revisions"}],"predecessor-version":[{"id":14,"href":"https:\/\/wp.ufpel.edu.br\/rpfisica\/wp-json\/wp\/v2\/pages\/2\/revisions\/14"}],"wp:attachment":[{"href":"https:\/\/wp.ufpel.edu.br\/rpfisica\/wp-json\/wp\/v2\/media?parent=2"}],"curies":[{"name":"wp","href":"https:\/\/api.w.org\/{rel}","templated":true}]}}

Apresentação

<p><img class="wp-image-55 alignleft" src="https://wp.ufpel.edu.br/rpfisica/files/2021/12/Logo-Rp-Ufpel-400x400.png" alt="" width="253" height="253" srcset="https://wp.ufpel.edu.br/rpfisica/files/2021/12/Logo-Rp-Ufpel.png 400w, https://wp.ufpel.edu.br/rpfisica/files/2021/12/Logo-Rp-Ufpel-200x200.png 200w" sizes="(max-width: 253px) 100vw, 253px" /></p>
<p><strong>Quem Somos ?</strong></p>
<blockquote>
<p style="text-align: justify">O programa residência pedagógica é uma das ações que integram a Política Nacional de Formação de Professores e tem como objetivo induzir o aperfeiçoamento da formação prática nos cursos de Licenciatura, promovendo a imersão do licenciando na escola de educação básica, a partir da segunda metade de seu curso.</p>
<p style="text-align: justify">Essa imersão deve comtemplar, dentre outras atividades, regência de sala de aula e intervenção pedagógica, acompanhadas por um professor da escola com experiência na área de física e orientada por um docente de sua instituição formadora.</p>
<p>&nbsp;</p>
</blockquote>
<p style="text-align: justify"><strong>Objetivos</strong></p>
<p style="text-align: justify">Dentre um dos objetivos do residência pedagógica está o aperfeiçoamento e a formação dos discentes por meio do desenvolvimento de projetos que fortaleçam o campo da prática e conduzam o licenciando a exercitar de forma ativa a relação entre teoria e prática docente. </p>
<p style="text-align: justify">Na UFPel a física compõem um subprojeto em conjunto com o curso de química, e nele queremos colocar em prática nas escolas o que chamamos de &#8220;Alfabetização científica&#8221;, cujo principal objetivo é contribuir para que a sociedade possa minimamente entender as necessidades, as possibilidades e as implicações do desenvolvimento tecnológico decorrente do crescimento do conhecimento científico ou gerado por ele. Para isso desenvolvemos situações de ensino de forma contextualizada para que os estudantes possam identificar a contribuição dessas áreas em sua vida diária. Com isso esperamos que as decisões sobre as relações entre ciência, tecnologia e sociedade sejam acompanhadas e entendidas por todos, e que o pensamento científico possa ser valorizado e diferenciado do pseudocientífico.</p>

<p>Quem Somos ? O programa residência pedagógica é uma das ações que integram a Política Nacional de Formação de Professores e tem como objetivo induzir o aperfeiçoamento da formação prática nos cursos de Licenciatura, promovendo a imersão do licenciando na escola de educação básica, a partir da segunda metade de seu curso. Essa imersão deve [&hellip;]</p>
