{"id":711,"date":"2024-09-09T07:44:49","date_gmt":"2024-09-09T10:44:49","guid":{"rendered":"https:\/\/wp.ufpel.edu.br\/roquettepinto\/?page_id=711"},"modified":"2024-09-09T19:01:30","modified_gmt":"2024-09-09T22:01:30","slug":"participe-da-revista-roquette-pinto-compartilhe-suas-experiencias-com-a-producao-de-video-estudantil","status":"publish","type":"page","link":"https:\/\/wp.ufpel.edu.br\/roquettepinto\/","title":{"rendered":"Participe da Revista Roquette Pinto: Compartilhe Suas Experi\u00eancias com a Produ\u00e7\u00e3o de V\u00eddeo Estudantil!"},"content":{"rendered":"<p>Voc\u00ea j\u00e1 trabalhou com a Produ\u00e7\u00e3o de V\u00eddeo E<a href=\"https:\/\/wp.ufpel.edu.br\/roquettepinto\/files\/2024\/09\/foto1criancas.jpg\"><img loading=\"lazy\" decoding=\"async\" class=\"wp-image-713 alignleft\" src=\"https:\/\/wp.ufpel.edu.br\/roquettepinto\/files\/2024\/09\/foto1criancas.jpg\" alt=\"\" width=\"630\" height=\"630\" srcset=\"https:\/\/wp.ufpel.edu.br\/roquettepinto\/files\/2024\/09\/foto1criancas.jpg 1024w, https:\/\/wp.ufpel.edu.br\/roquettepinto\/files\/2024\/09\/foto1criancas-400x400.jpg 400w, https:\/\/wp.ufpel.edu.br\/roquettepinto\/files\/2024\/09\/foto1criancas-200x200.jpg 200w, https:\/\/wp.ufpel.edu.br\/roquettepinto\/files\/2024\/09\/foto1criancas-768x768.jpg 768w, https:\/\/wp.ufpel.edu.br\/roquettepinto\/files\/2024\/09\/foto1criancas-32x32.jpg 32w, https:\/\/wp.ufpel.edu.br\/roquettepinto\/files\/2024\/09\/foto1criancas-300x300.jpg 300w\" sizes=\"auto, (max-width: 630px) 100vw, 630px\" \/><\/a>studantil (PVE) em sala de aula?<\/p>\n<p>A Revista Roquette Pinto quer conhecer a sua experi\u00eancia! Estamos buscando relatos simples e diretos, de 2 a 5 p\u00e1ginas, onde voc\u00ea possa contar como essa pr\u00e1tica impactou sua turma e o processo de ensino-aprendizagem.<\/p>\n<p>Se voc\u00ea j\u00e1 criou v\u00eddeos com seus alunos, aproveite esta oportunidade para compartilhar como foi essa viv\u00eancia. Escreva sobre desafios, conquistas e como a PVE ajudou a desenvolver novas habilidades nos estudantes. Algumas ideias que voc\u00ea pode explorar:<\/p>\n<ul>\n<li><strong>Como a PVE contribuiu para o desenvolvimento de compet\u00eancias dos alunos?<\/strong><\/li>\n<li><strong>Quais foram os maiores desafios e aprendizados ao usar v\u00eddeos nas suas aulas?<\/strong><\/li>\n<li><strong>Como essa pr\u00e1tica deu voz aos alunos e ampliou suas formas de express\u00e3o?<\/strong><\/li>\n<\/ul>\n<p>Envie seu relato e ajude a enriquecer a discuss\u00e3o sobre o uso da PVE na educa\u00e7\u00e3o!<\/p>\n<p>Link para envio do artigo &#8211; <a href=\"https:\/\/forms.gle\/c4aGen371x1Qo9VJ9\" target=\"_blank\" rel=\"noopener\">https:\/\/forms.gle\/c4aGen371x1Qo9VJ9<\/a><\/p>\n<p>&nbsp;<\/p>\n","protected":false},"excerpt":{"rendered":"<p>Voc\u00ea j\u00e1 trabalhou com a Produ\u00e7\u00e3o de V\u00eddeo Estudantil (PVE) em sala de aula? A Revista Roquette Pinto quer conhecer a sua experi\u00eancia! Estamos buscando relatos simples e diretos, de 2 a 5 p\u00e1ginas, onde voc\u00ea possa contar como essa pr\u00e1tica impactou sua turma e o processo de ensino-aprendizagem. Se voc\u00ea j\u00e1 criou v\u00eddeos com&#8230; <\/p>\n<div class=\"link-more\"><a href=\"https:\/\/wp.ufpel.edu.br\/roquettepinto\/\">Leia mais<\/a><\/div>\n","protected":false},"author":578,"featured_media":713,"parent":0,"menu_order":0,"comment_status":"closed","ping_status":"closed","template":"","meta":{"footnotes":""},"class_list":["post-711","page","type-page","status-publish","has-post-thumbnail","hentry"],"yoast_head":"<!-- This site is optimized with the Yoast SEO plugin v26.7 - https:\/\/yoast.com\/wordpress\/plugins\/seo\/ -->\n<title>Participe da Revista Roquette Pinto: Compartilhe Suas Experi\u00eancias com a Produ\u00e7\u00e3o de V\u00eddeo Estudantil! - Roquette-Pinto<\/title>\n<meta name=\"robots\" content=\"index, follow, max-snippet:-1, max-image-preview:large, max-video-preview:-1\" \/>\n<link rel=\"canonical\" href=\"https:\/\/wp.ufpel.edu.br\/roquettepinto\/\" \/>\n<meta property=\"og:locale\" content=\"pt_BR\" \/>\n<meta property=\"og:type\" content=\"article\" \/>\n<meta property=\"og:title\" content=\"Participe da Revista Roquette Pinto: Compartilhe Suas Experi\u00eancias com a Produ\u00e7\u00e3o de V\u00eddeo Estudantil! - Roquette-Pinto\" \/>\n<meta property=\"og:description\" content=\"Voc\u00ea j\u00e1 trabalhou com a Produ\u00e7\u00e3o de V\u00eddeo Estudantil (PVE) em sala de aula? A Revista Roquette Pinto quer conhecer a sua experi\u00eancia! Estamos buscando relatos simples e diretos, de 2 a 5 p\u00e1ginas, onde voc\u00ea possa contar como essa pr\u00e1tica impactou sua turma e o processo de ensino-aprendizagem. Se voc\u00ea j\u00e1 criou v\u00eddeos com... Leia mais\" \/>\n<meta property=\"og:url\" content=\"https:\/\/wp.ufpel.edu.br\/roquettepinto\/\" \/>\n<meta property=\"og:site_name\" content=\"Roquette-Pinto\" \/>\n<meta property=\"article:modified_time\" content=\"2024-09-09T22:01:30+00:00\" \/>\n<meta property=\"og:image\" content=\"https:\/\/wp.ufpel.edu.br\/roquettepinto\/files\/2024\/09\/foto1criancas.jpg\" \/>\n\t<meta property=\"og:image:width\" content=\"1024\" \/>\n\t<meta property=\"og:image:height\" content=\"1024\" \/>\n\t<meta property=\"og:image:type\" content=\"image\/jpeg\" \/>\n<meta name=\"twitter:card\" content=\"summary_large_image\" \/>\n<meta name=\"twitter:label1\" content=\"Est. tempo de leitura\" \/>\n\t<meta name=\"twitter:data1\" content=\"2 minutos\" \/>\n<script type=\"application\/ld+json\" class=\"yoast-schema-graph\">{\"@context\":\"https:\/\/schema.org\",\"@graph\":[{\"@type\":\"WebPage\",\"@id\":\"https:\/\/wp.ufpel.edu.br\/roquettepinto\/\",\"url\":\"https:\/\/wp.ufpel.edu.br\/roquettepinto\/\",\"name\":\"Participe da Revista Roquette Pinto: Compartilhe Suas Experi\u00eancias com a Produ\u00e7\u00e3o de V\u00eddeo Estudantil! - Roquette-Pinto\",\"isPartOf\":{\"@id\":\"https:\/\/wp.ufpel.edu.br\/roquettepinto\/#website\"},\"primaryImageOfPage\":{\"@id\":\"https:\/\/wp.ufpel.edu.br\/roquettepinto\/#primaryimage\"},\"image\":{\"@id\":\"https:\/\/wp.ufpel.edu.br\/roquettepinto\/#primaryimage\"},\"thumbnailUrl\":\"https:\/\/wp.ufpel.edu.br\/roquettepinto\/files\/2024\/09\/foto1criancas.jpg\",\"datePublished\":\"2024-09-09T10:44:49+00:00\",\"dateModified\":\"2024-09-09T22:01:30+00:00\",\"breadcrumb\":{\"@id\":\"https:\/\/wp.ufpel.edu.br\/roquettepinto\/#breadcrumb\"},\"inLanguage\":\"pt-BR\",\"potentialAction\":[{\"@type\":\"ReadAction\",\"target\":[\"https:\/\/wp.ufpel.edu.br\/roquettepinto\/\"]}]},{\"@type\":\"ImageObject\",\"inLanguage\":\"pt-BR\",\"@id\":\"https:\/\/wp.ufpel.edu.br\/roquettepinto\/#primaryimage\",\"url\":\"https:\/\/wp.ufpel.edu.br\/roquettepinto\/files\/2024\/09\/foto1criancas.jpg\",\"contentUrl\":\"https:\/\/wp.ufpel.edu.br\/roquettepinto\/files\/2024\/09\/foto1criancas.jpg\",\"width\":1024,\"height\":1024},{\"@type\":\"BreadcrumbList\",\"@id\":\"https:\/\/wp.ufpel.edu.br\/roquettepinto\/#breadcrumb\",\"itemListElement\":[{\"@type\":\"ListItem\",\"position\":1,\"name\":\"In\u00edcio\",\"item\":\"https:\/\/wp.ufpel.edu.br\/roquettepinto\/\"},{\"@type\":\"ListItem\",\"position\":2,\"name\":\"Participe da Revista Roquette Pinto: Compartilhe Suas Experi\u00eancias com a Produ\u00e7\u00e3o de V\u00eddeo Estudantil!\"}]},{\"@type\":\"WebSite\",\"@id\":\"https:\/\/wp.ufpel.edu.br\/roquettepinto\/#website\",\"url\":\"https:\/\/wp.ufpel.edu.br\/roquettepinto\/\",\"name\":\"Roquette-Pinto\",\"description\":\"A Revista do V\u00eddeo Estudantil\",\"potentialAction\":[{\"@type\":\"SearchAction\",\"target\":{\"@type\":\"EntryPoint\",\"urlTemplate\":\"https:\/\/wp.ufpel.edu.br\/roquettepinto\/?s={search_term_string}\"},\"query-input\":{\"@type\":\"PropertyValueSpecification\",\"valueRequired\":true,\"valueName\":\"search_term_string\"}}],\"inLanguage\":\"pt-BR\"}]}<\/script>\n<!-- \/ Yoast SEO plugin. -->","yoast_head_json":{"title":"Participe da Revista Roquette Pinto: Compartilhe Suas Experi\u00eancias com a Produ\u00e7\u00e3o de V\u00eddeo Estudantil! - Roquette-Pinto","robots":{"index":"index","follow":"follow","max-snippet":"max-snippet:-1","max-image-preview":"max-image-preview:large","max-video-preview":"max-video-preview:-1"},"canonical":"https:\/\/wp.ufpel.edu.br\/roquettepinto\/","og_locale":"pt_BR","og_type":"article","og_title":"Participe da Revista Roquette Pinto: Compartilhe Suas Experi\u00eancias com a Produ\u00e7\u00e3o de V\u00eddeo Estudantil! - Roquette-Pinto","og_description":"Voc\u00ea j\u00e1 trabalhou com a Produ\u00e7\u00e3o de V\u00eddeo Estudantil (PVE) em sala de aula? A Revista Roquette Pinto quer conhecer a sua experi\u00eancia! Estamos buscando relatos simples e diretos, de 2 a 5 p\u00e1ginas, onde voc\u00ea possa contar como essa pr\u00e1tica impactou sua turma e o processo de ensino-aprendizagem. Se voc\u00ea j\u00e1 criou v\u00eddeos com... Leia mais","og_url":"https:\/\/wp.ufpel.edu.br\/roquettepinto\/","og_site_name":"Roquette-Pinto","article_modified_time":"2024-09-09T22:01:30+00:00","og_image":[{"width":1024,"height":1024,"url":"https:\/\/wp.ufpel.edu.br\/roquettepinto\/files\/2024\/09\/foto1criancas.jpg","type":"image\/jpeg"}],"twitter_card":"summary_large_image","twitter_misc":{"Est. tempo de leitura":"2 minutos"},"schema":{"@context":"https:\/\/schema.org","@graph":[{"@type":"WebPage","@id":"https:\/\/wp.ufpel.edu.br\/roquettepinto\/","url":"https:\/\/wp.ufpel.edu.br\/roquettepinto\/","name":"Participe da Revista Roquette Pinto: Compartilhe Suas Experi\u00eancias com a Produ\u00e7\u00e3o de V\u00eddeo Estudantil! - Roquette-Pinto","isPartOf":{"@id":"https:\/\/wp.ufpel.edu.br\/roquettepinto\/#website"},"primaryImageOfPage":{"@id":"https:\/\/wp.ufpel.edu.br\/roquettepinto\/#primaryimage"},"image":{"@id":"https:\/\/wp.ufpel.edu.br\/roquettepinto\/#primaryimage"},"thumbnailUrl":"https:\/\/wp.ufpel.edu.br\/roquettepinto\/files\/2024\/09\/foto1criancas.jpg","datePublished":"2024-09-09T10:44:49+00:00","dateModified":"2024-09-09T22:01:30+00:00","breadcrumb":{"@id":"https:\/\/wp.ufpel.edu.br\/roquettepinto\/#breadcrumb"},"inLanguage":"pt-BR","potentialAction":[{"@type":"ReadAction","target":["https:\/\/wp.ufpel.edu.br\/roquettepinto\/"]}]},{"@type":"ImageObject","inLanguage":"pt-BR","@id":"https:\/\/wp.ufpel.edu.br\/roquettepinto\/#primaryimage","url":"https:\/\/wp.ufpel.edu.br\/roquettepinto\/files\/2024\/09\/foto1criancas.jpg","contentUrl":"https:\/\/wp.ufpel.edu.br\/roquettepinto\/files\/2024\/09\/foto1criancas.jpg","width":1024,"height":1024},{"@type":"BreadcrumbList","@id":"https:\/\/wp.ufpel.edu.br\/roquettepinto\/#breadcrumb","itemListElement":[{"@type":"ListItem","position":1,"name":"In\u00edcio","item":"https:\/\/wp.ufpel.edu.br\/roquettepinto\/"},{"@type":"ListItem","position":2,"name":"Participe da Revista Roquette Pinto: Compartilhe Suas Experi\u00eancias com a Produ\u00e7\u00e3o de V\u00eddeo Estudantil!"}]},{"@type":"WebSite","@id":"https:\/\/wp.ufpel.edu.br\/roquettepinto\/#website","url":"https:\/\/wp.ufpel.edu.br\/roquettepinto\/","name":"Roquette-Pinto","description":"A Revista do V\u00eddeo Estudantil","potentialAction":[{"@type":"SearchAction","target":{"@type":"EntryPoint","urlTemplate":"https:\/\/wp.ufpel.edu.br\/roquettepinto\/?s={search_term_string}"},"query-input":{"@type":"PropertyValueSpecification","valueRequired":true,"valueName":"search_term_string"}}],"inLanguage":"pt-BR"}]}},"jetpack_sharing_enabled":true,"_links":{"self":[{"href":"https:\/\/wp.ufpel.edu.br\/roquettepinto\/wp-json\/wp\/v2\/pages\/711","targetHints":{"allow":["GET"]}}],"collection":[{"href":"https:\/\/wp.ufpel.edu.br\/roquettepinto\/wp-json\/wp\/v2\/pages"}],"about":[{"href":"https:\/\/wp.ufpel.edu.br\/roquettepinto\/wp-json\/wp\/v2\/types\/page"}],"author":[{"embeddable":true,"href":"https:\/\/wp.ufpel.edu.br\/roquettepinto\/wp-json\/wp\/v2\/users\/578"}],"replies":[{"embeddable":true,"href":"https:\/\/wp.ufpel.edu.br\/roquettepinto\/wp-json\/wp\/v2\/comments?post=711"}],"version-history":[{"count":3,"href":"https:\/\/wp.ufpel.edu.br\/roquettepinto\/wp-json\/wp\/v2\/pages\/711\/revisions"}],"predecessor-version":[{"id":717,"href":"https:\/\/wp.ufpel.edu.br\/roquettepinto\/wp-json\/wp\/v2\/pages\/711\/revisions\/717"}],"wp:featuredmedia":[{"embeddable":true,"href":"https:\/\/wp.ufpel.edu.br\/roquettepinto\/wp-json\/wp\/v2\/media\/713"}],"wp:attachment":[{"href":"https:\/\/wp.ufpel.edu.br\/roquettepinto\/wp-json\/wp\/v2\/media?parent=711"}],"curies":[{"name":"wp","href":"https:\/\/api.w.org\/{rel}","templated":true}]}}