{"id":93,"date":"2018-09-14T09:44:06","date_gmt":"2018-09-14T12:44:06","guid":{"rendered":"https:\/\/wp.ufpel.edu.br\/rodrigofernandez\/?page_id=93"},"modified":"2025-11-10T07:19:59","modified_gmt":"2025-11-10T10:19:59","slug":"material","status":"publish","type":"page","link":"https:\/\/wp.ufpel.edu.br\/rodrigofernandez\/material\/","title":{"rendered":"Material"},"content":{"rendered":"<p><b>Econometria Aplicada<\/b><\/p>\n<ul>\n<li><a href=\"https:\/\/wp.ufpel.edu.br\/cdshikida\/apostilarstudio\/\" target=\"_blank\" rel=\"noopener noreferrer\">Apostila de Econometria Aplicada no R &#8211; Com Claudio Shikida<\/a><\/li>\n<li><a href=\"https:\/\/wp.ufpel.edu.br\/economia\/files\/2016\/04\/textodidatico1.pdf\" target=\"_blank\" rel=\"noopener noreferrer\">Guia R\u00e1pido no EViews &#8211; com Andr\u00e9 Carraro e Gabrielito Menezes<\/a><\/li>\n<li><a href=\"https:\/\/wp.ufpel.edu.br\/rodrigofernandez\/files\/2025\/06\/loures_fernandez_2023.pdf\" target=\"_blank\" rel=\"noopener noreferrer\">Uma introdu\u00e7\u00e3o ao uso do Gretl &#8211; Com Alexandre Loures<\/a><\/li>\n<\/ul>\n","protected":false},"excerpt":{"rendered":"<p>Econometria Aplicada Apostila de Econometria Aplicada no R &#8211; Com Claudio Shikida Guia R\u00e1pido no EViews &#8211; com Andr\u00e9 Carraro e Gabrielito Menezes Uma introdu\u00e7\u00e3o ao uso do Gretl &#8211; Com Alexandre Loures<\/p>\n","protected":false},"author":602,"featured_media":0,"parent":0,"menu_order":0,"comment_status":"closed","ping_status":"closed","template":"","meta":{"footnotes":""},"class_list":["post-93","page","type-page","status-publish","hentry"],"_links":{"self":[{"href":"https:\/\/wp.ufpel.edu.br\/rodrigofernandez\/wp-json\/wp\/v2\/pages\/93","targetHints":{"allow":["GET"]}}],"collection":[{"href":"https:\/\/wp.ufpel.edu.br\/rodrigofernandez\/wp-json\/wp\/v2\/pages"}],"about":[{"href":"https:\/\/wp.ufpel.edu.br\/rodrigofernandez\/wp-json\/wp\/v2\/types\/page"}],"author":[{"embeddable":true,"href":"https:\/\/wp.ufpel.edu.br\/rodrigofernandez\/wp-json\/wp\/v2\/users\/602"}],"replies":[{"embeddable":true,"href":"https:\/\/wp.ufpel.edu.br\/rodrigofernandez\/wp-json\/wp\/v2\/comments?post=93"}],"version-history":[{"count":4,"href":"https:\/\/wp.ufpel.edu.br\/rodrigofernandez\/wp-json\/wp\/v2\/pages\/93\/revisions"}],"predecessor-version":[{"id":251,"href":"https:\/\/wp.ufpel.edu.br\/rodrigofernandez\/wp-json\/wp\/v2\/pages\/93\/revisions\/251"}],"wp:attachment":[{"href":"https:\/\/wp.ufpel.edu.br\/rodrigofernandez\/wp-json\/wp\/v2\/media?parent=93"}],"curies":[{"name":"wp","href":"https:\/\/api.w.org\/{rel}","templated":true}]}}