{"id":65,"date":"2022-02-07T18:11:53","date_gmt":"2022-02-07T21:11:53","guid":{"rendered":"https:\/\/wp.ufpel.edu.br\/rodrigocantu\/?page_id=65"},"modified":"2022-02-14T19:54:52","modified_gmt":"2022-02-14T22:54:52","slug":"videos","status":"publish","type":"page","link":"https:\/\/wp.ufpel.edu.br\/rodrigocantu\/videos\/","title":{"rendered":"V\u00eddeos"},"content":{"rendered":"<p>Neste espa\u00e7o, voc\u00ea encontra links para alguns v\u00eddeos de aulas, debates e palestras do Prof. Rodrigo Cantu.<\/p>\n<p>&nbsp;<\/p>\n<p>&#8211; <em>Oficina de An\u00e1lise de Correspond\u00eancias M\u00faltiplas<\/em> (VII Jornada Brasileira de Sociologia, UFPel, 11\/11\/2021)<\/p>\n<p><iframe title=\"Oficina de An\u00e1lise de Correspond\u00eancias M\u00faltiplas (ACM)\" width=\"500\" height=\"281\" src=\"https:\/\/www.youtube.com\/embed\/IQDaLrn-Lpg?feature=oembed\" frameborder=\"0\" allow=\"accelerometer; autoplay; clipboard-write; encrypted-media; gyroscope; picture-in-picture; web-share\" referrerpolicy=\"strict-origin-when-cross-origin\" allowfullscreen><\/iframe><\/p>\n<p>&nbsp;<\/p>\n<p>&#8211; <em>Bruno Latour, a teoria do ator rede e a constitui\u00e7\u00e3o do mercado<\/em> (Jornadas do Sociofilo &#8211; Di\u00e1logos entre teoria e empiria: tend\u00eancias da Sociologia contempor\u00e2nea &#8211; 24\/11\/2016 &#8211; IESP-UERJ):<\/p>\n<p><iframe title=\"Rodrigo Cantu video 1\" width=\"500\" height=\"281\" src=\"https:\/\/www.youtube.com\/embed\/HV2PlVF9pw0?feature=oembed\" frameborder=\"0\" allow=\"accelerometer; autoplay; clipboard-write; encrypted-media; gyroscope; picture-in-picture; web-share\" referrerpolicy=\"strict-origin-when-cross-origin\" allowfullscreen><\/iframe><\/p>\n<p><iframe title=\"Rodrigo Cantu video 2\" width=\"500\" height=\"281\" src=\"https:\/\/www.youtube.com\/embed\/ttD0u8nUbH0?feature=oembed\" frameborder=\"0\" allow=\"accelerometer; autoplay; clipboard-write; encrypted-media; gyroscope; picture-in-picture; web-share\" referrerpolicy=\"strict-origin-when-cross-origin\" allowfullscreen><\/iframe><\/p>\n<p><iframe title=\"Rodrigo Cantu video 3\" width=\"500\" height=\"281\" src=\"https:\/\/www.youtube.com\/embed\/b_yNrxOvCNw?feature=oembed\" frameborder=\"0\" allow=\"accelerometer; autoplay; clipboard-write; encrypted-media; gyroscope; picture-in-picture; web-share\" referrerpolicy=\"strict-origin-when-cross-origin\" allowfullscreen><\/iframe><\/p>\n<p>&nbsp;<\/p>\n<p>&#8211; <em>Blockchain e as Criptomoedas<\/em> (Fator Ci\u00eancia, UNILA, 2018)<\/p>\n<p><iframe title=\"Blockchain e as Criptomoedas | UNILA\" width=\"500\" height=\"281\" src=\"https:\/\/www.youtube.com\/embed\/J1xmdfF5KEA?feature=oembed\" frameborder=\"0\" allow=\"accelerometer; autoplay; clipboard-write; encrypted-media; gyroscope; picture-in-picture; web-share\" referrerpolicy=\"strict-origin-when-cross-origin\" allowfullscreen><\/iframe><\/p>\n<p>&nbsp;<\/p>\n<p>&#8211; <em>O capitalismo e as novas tend\u00eancias da mudan\u00e7a social<\/em> (Ciclo de apresenta\u00e7\u00e3o do Labemus, 2021)<\/p>\n<p><a href=\"https:\/\/youtu.be\/sTSBjiWS58A\">https:\/\/youtu.be\/sTSBjiWS58A<\/a><\/p>\n<p>&nbsp;<\/p>\n<p>&#8211; <em>Sociologia: a pandemia e o mundo p\u00f3s-pandemia<\/em> (UFPel Talks, 25\/06\/2020)<\/p>\n<p><a href=\"https:\/\/fb.watch\/b1h0dLN5Qk\/\">https:\/\/fb.watch\/b1h0dLN5Qk\/<\/a><\/p>\n","protected":false},"excerpt":{"rendered":"<p>Neste espa\u00e7o, voc\u00ea encontra links para alguns v\u00eddeos de aulas, debates e palestras do Prof. Rodrigo Cantu. &nbsp; &#8211; Oficina de An\u00e1lise de Correspond\u00eancias M\u00faltiplas (VII Jornada Brasileira de Sociologia, UFPel, 11\/11\/2021) &nbsp; &#8211; Bruno Latour, a teoria do ator rede e a constitui\u00e7\u00e3o do mercado (Jornadas do Sociofilo &#8211; Di\u00e1logos entre teoria e empiria: [&hellip;]<\/p>\n","protected":false},"author":1216,"featured_media":0,"parent":0,"menu_order":0,"comment_status":"closed","ping_status":"closed","template":"","meta":{"footnotes":""},"class_list":["post-65","page","type-page","status-publish","hentry"],"_links":{"self":[{"href":"https:\/\/wp.ufpel.edu.br\/rodrigocantu\/wp-json\/wp\/v2\/pages\/65","targetHints":{"allow":["GET"]}}],"collection":[{"href":"https:\/\/wp.ufpel.edu.br\/rodrigocantu\/wp-json\/wp\/v2\/pages"}],"about":[{"href":"https:\/\/wp.ufpel.edu.br\/rodrigocantu\/wp-json\/wp\/v2\/types\/page"}],"author":[{"embeddable":true,"href":"https:\/\/wp.ufpel.edu.br\/rodrigocantu\/wp-json\/wp\/v2\/users\/1216"}],"replies":[{"embeddable":true,"href":"https:\/\/wp.ufpel.edu.br\/rodrigocantu\/wp-json\/wp\/v2\/comments?post=65"}],"version-history":[{"count":7,"href":"https:\/\/wp.ufpel.edu.br\/rodrigocantu\/wp-json\/wp\/v2\/pages\/65\/revisions"}],"predecessor-version":[{"id":84,"href":"https:\/\/wp.ufpel.edu.br\/rodrigocantu\/wp-json\/wp\/v2\/pages\/65\/revisions\/84"}],"wp:attachment":[{"href":"https:\/\/wp.ufpel.edu.br\/rodrigocantu\/wp-json\/wp\/v2\/media?parent=65"}],"curies":[{"name":"wp","href":"https:\/\/api.w.org\/{rel}","templated":true}]}}

Vídeos

<p>Neste espaço, você encontra links para alguns vídeos de aulas, debates e palestras do Prof. Rodrigo Cantu.</p>
<p>&nbsp;</p>
<p>&#8211; <em>Oficina de Análise de Correspondências Múltiplas</em> (VII Jornada Brasileira de Sociologia, UFPel, 11/11/2021)</p>
<p><iframe title="Oficina de Análise de Correspondências Múltiplas (ACM)" width="500" height="281" src="https://www.youtube.com/embed/IQDaLrn-Lpg?feature=oembed" frameborder="0" allow="accelerometer; autoplay; clipboard-write; encrypted-media; gyroscope; picture-in-picture; web-share" referrerpolicy="strict-origin-when-cross-origin" allowfullscreen></iframe></p>
<p>&nbsp;</p>
<p>&#8211; <em>Bruno Latour, a teoria do ator rede e a constituição do mercado</em> (Jornadas do Sociofilo &#8211; Diálogos entre teoria e empiria: tendências da Sociologia contemporânea &#8211; 24/11/2016 &#8211; IESP-UERJ):</p>
<p><iframe title="Rodrigo Cantu video 1" width="500" height="281" src="https://www.youtube.com/embed/HV2PlVF9pw0?feature=oembed" frameborder="0" allow="accelerometer; autoplay; clipboard-write; encrypted-media; gyroscope; picture-in-picture; web-share" referrerpolicy="strict-origin-when-cross-origin" allowfullscreen></iframe></p>
<p><iframe title="Rodrigo Cantu video 2" width="500" height="281" src="https://www.youtube.com/embed/ttD0u8nUbH0?feature=oembed" frameborder="0" allow="accelerometer; autoplay; clipboard-write; encrypted-media; gyroscope; picture-in-picture; web-share" referrerpolicy="strict-origin-when-cross-origin" allowfullscreen></iframe></p>
<p><iframe title="Rodrigo Cantu video 3" width="500" height="281" src="https://www.youtube.com/embed/b_yNrxOvCNw?feature=oembed" frameborder="0" allow="accelerometer; autoplay; clipboard-write; encrypted-media; gyroscope; picture-in-picture; web-share" referrerpolicy="strict-origin-when-cross-origin" allowfullscreen></iframe></p>
<p>&nbsp;</p>
<p>&#8211; <em>Blockchain e as Criptomoedas</em> (Fator Ciência, UNILA, 2018)</p>
<p><iframe title="Blockchain e as Criptomoedas | UNILA" width="500" height="281" src="https://www.youtube.com/embed/J1xmdfF5KEA?feature=oembed" frameborder="0" allow="accelerometer; autoplay; clipboard-write; encrypted-media; gyroscope; picture-in-picture; web-share" referrerpolicy="strict-origin-when-cross-origin" allowfullscreen></iframe></p>
<p>&nbsp;</p>
<p>&#8211; <em>O capitalismo e as novas tendências da mudança social</em> (Ciclo de apresentação do Labemus, 2021)</p>
<p><a href="https://youtu.be/sTSBjiWS58A">https://youtu.be/sTSBjiWS58A</a></p>
<p>&nbsp;</p>
<p>&#8211; <em>Sociologia: a pandemia e o mundo pós-pandemia</em> (UFPel Talks, 25/06/2020)</p>
<p><a href="https://fb.watch/b1h0dLN5Qk/">https://fb.watch/b1h0dLN5Qk/</a></p>

<p>Neste espaço, você encontra links para alguns vídeos de aulas, debates e palestras do Prof. Rodrigo Cantu. &nbsp; &#8211; Oficina de Análise de Correspondências Múltiplas (VII Jornada Brasileira de Sociologia, UFPel, 11/11/2021) &nbsp; &#8211; Bruno Latour, a teoria do ator rede e a constituição do mercado (Jornadas do Sociofilo &#8211; Diálogos entre teoria e empiria: [&hellip;]</p>
