{"id":6,"date":"2022-02-07T15:31:38","date_gmt":"2022-02-07T18:31:38","guid":{"rendered":"https:\/\/wp.ufpel.edu.br\/rodrigocantu\/?page_id=6"},"modified":"2025-06-18T10:01:55","modified_gmt":"2025-06-18T13:01:55","slug":"textos","status":"publish","type":"page","link":"https:\/\/wp.ufpel.edu.br\/rodrigocantu\/textos\/","title":{"rendered":"Textos"},"content":{"rendered":"<p>Nesta p\u00e1gina, voc\u00ea encontra os textos p\u00fablicados em peri\u00f3dicos e apresentados em eventos pelo Prof. Rodrigo Cantu. Esse material tamb\u00e9m pode ser encontrado nas p\u00e1ginas do docente no <a href=\"https:\/\/ufpel.academia.edu\/RodrigoCantu\">academia.edu<\/a> e <a href=\"https:\/\/scholar.google.com\/citations?user=eT4sgbIAAAAJ&amp;hl=pt-BR&amp;oi=ao\">googlescholar.<\/a><\/p>\n<p>&nbsp;<\/p>\n<p><strong>ARTIGOS:<\/strong><\/p>\n<p><a href=\"https:\/\/www.scielo.br\/j\/ts\/a\/xmzF6ZY9wjTVxRjsbzmd8rH\/?format=pdf&amp;lang=pt\">CANTU, Rodrigo. Clivagens emergentes no mundo empresarial brasileiro: Apoiadores e cr\u00edticos da extrema direita. <em>Tempo Social<\/em>, v. 36, n. 3, p. 47-75, 2024<\/a>.<\/p>\n<p><a href=\"https:\/\/econsoc.mpifg.de\/49483\/04_Cantu_Econsoc_25-3_July2024.pdf\">CANTU, Rodrigo. Fiscal crises in the developing world: Zooming out and zooming. <em>economic sociology. perspectives and conversations<\/em>, v.25, n. 3, p. 22-29, 2024<\/a>.<\/p>\n<p>GOMES, Simone; CANTU, Rodrigo. The Conservative Wave and Corporate Practices in Brazil: The Controversy over LGBTQ in Marketing. <em>Journal of Latin American Studies<\/em>, v. 55, p. 1-26, 2023.<\/p>\n<p><a href=\"http:\/\/periodicoseletronicos.ufma.br\/index.php\/rpcsoc\/article\/view\/20931\/11675\">CANTU, R.. Teoria do ator-rede e sociologia econ\u00f4mica: li\u00e7\u00f5es e perplexidades de um encontro. <em>Revista P\u00f3s Ci\u00eancias Sociais<\/em>, v. 20, n. 1, p. 29-54, 2023<\/a>.<\/p>\n<p><a href=\"https:\/\/rbs.sbsociologia.com.br\/index.php\/rbs\/article\/view\/861\/415\">CANTU, R.; HONORIO, K.; CUEVAS, B. Crises, ciclos de acumula\u00e7\u00e3o e fortalecimento fiscal dos estados na Am\u00e9rica do Sul (1914-1950). <em>Revista Brasileira de Sociologia<\/em>, v. 10, n. 24, p. 8-34, 2022<\/a>.<\/p>\n<p><a href=\"https:\/\/periodicos.ufpel.edu.br\/ojs2\/index.php\/NORUS\/article\/viewFile\/21940\/13984\">CANTU, Rodrigo. Os valores da intransig\u00eancia: premissas normativas e controv\u00e9rsias econ\u00f4micas no Brasil. <em>NORUS &#8211; Novos Rumos Sociol\u00f3gicos<\/em>, v. 9, p. 12-51, 2021<\/a>.<\/p>\n<p><a href=\"https:\/\/periodicos.ufes.br\/simbiotica\/article\/view\/36813\/24079\">CANTU, Rodrigo. A crise da Covid-19 e o sistema mundo: perspectivas sobre epidemias na hist\u00f3ria e desigualdades globais. <em>Simbi\u00f3tica<\/em>, v. 8, p. 81-102, 2021<\/a>.<\/p>\n<p><a href=\"https:\/\/www.scielo.br\/j\/se\/a\/LGZcbrMtHFTnfjBY99bWcTg\/?format=pdf\">SALES, S.; CANTU, R. . Committed capitalism. <em>Revista Sociedade e Estado<\/em>, v. 36, p. 433-459, 2021<\/a>. (<a href=\"https:\/\/www.academia.edu\/70147209\/Capitalismo_Comprometido\">vers\u00e3o em portugu\u00eas<\/a>)<\/p>\n<p><a href=\"https:\/\/periodicos.itp.ifsp.edu.br\/index.php\/IC\/article\/download\/1729\/1215\">CANTU, R.; CUEVAS, B. Crises fiscais e constru\u00e7\u00e3o do estado: Argentina e Brasil. <em>Revista Brasileira De Inicia\u00e7\u00e3o Cient\u00edfica<\/em>, v. 7, p. 95-106, 2020<\/a>.<\/p>\n<p><a href=\"https:\/\/www.scielo.br\/j\/rsocp\/a\/8Pc5mYsCcQjWtTnnzMzGZRQ\/\">CANTU, Rodrigo. Depois das reformas: os regimes de prote\u00e7\u00e3o social latino-americanos na d\u00e9cada de 2000. <em>Revista de Sociologia e Pol\u00edtica<\/em>, v. 23, p. 45-73, 2015<\/a>.<\/p>\n<p><a href=\"https:\/\/revistas.uepg.br\/index.php\/rlagg\/article\/download\/5594\/pdf_124\">RESENDE, R. C.; CANTU, Rodrigo. Elei\u00e7\u00f5es e Perfis: An\u00e1lise das Assembleias Legislativas da Regi\u00e3o Sul do Brasil (1998-2006). <em>Revista Latino-americana de Geografia e G\u00eanero<\/em>, v. 5, p. 189-208, 2014<\/a>.<\/p>\n<p><a href=\"http:\/\/www.scielo.edu.uy\/scielo.php?pid=S1688-499X2013000200005&amp;script=sci_arttext&amp;tlng=en\">LANZARA, A. P.; CANTU, R. As encruzilhadas do Estado Social no Brasil. <em>Revista Uruguaya de Ciencia Pol\u00edtica<\/em>, v. 22, p. 101-122, 2013<\/a>.<\/p>\n<p><a href=\"https:\/\/wp.ufpel.edu.br\/rodrigocantu\/files\/2022\/02\/Rodrigo_Cantu_Sociologia_da_critica_as_financas_em_tempos_de_crise2.pdf\">CANTU, Rodrigo. &#8220;Coloque no contexto humano&#8221;: sociologia da cr\u00edtica \u00e0s finan\u00e7as em tempos de crise. <em>Cadernos do Sociofilo<\/em>, v. 2, p. 79-130, 2012<\/a>.<\/p>\n<p><a href=\"https:\/\/www.academia.edu\/5787692\/A_tecnologia_econ%C3%B4mica_e_a_crise_das_ferramentas\">CANTU, Rodrigo. A Tecnologia Econ\u00f4mica e a Crise das Ferramentas. <em>Insight Intelig\u00eancia (Rio de Janeiro)<\/em>, v. 45, p. 70-94, 2009<\/a>.<\/p>\n<p>&nbsp;<\/p>\n<p><strong>LIVROS ORGANIZADOS:<\/strong><\/p>\n<p><a href=\"https:\/\/wp.ufpel.edu.br\/rodrigocantu\/files\/2022\/02\/Sociologia-critica-e-pragmatismo_apresentacao.pdf\">CANTU, R.; LEAL, S.; CORREA, C.; CHARTAIN, L. (Orgs.) . <em>Sociologia, cr\u00edtica e pragmatismo: di\u00e1logos entre Brasil e Fran\u00e7a<\/em>. Campinas: Pontes, 2019<\/a>.<\/p>\n<p><a href=\"https:\/\/wp.ufpel.edu.br\/rodrigocantu\/files\/2022\/02\/MIOLO-Final_apresentacao.pdf\">CORREA, C.; CHARTAIN, L.; CANTU, R.; LEAL, S. (Orgs.) . <em>Cr\u00edtica e pragmatismo na sociologia: di\u00e1logos entre Brasil e Fran\u00e7a<\/em>. S\u00e3o Paulo: Annablume, 2018<\/a>.<\/p>\n<p>&nbsp;<\/p>\n<p><strong>CAP\u00cdTULOS DE LIVRO:<\/strong><\/p>\n<p><a href=\"https:\/\/www.academia.edu\/43587072\/Negociando_o_contrato_fiscal_para_uma_sociologia_da_controv%C3%A9rsia_tribut%C3%A1ria_no_Brasil_1990_1995_\">CANTU, Rodrigo. Negociando o contrato fiscal: para uma sociologia da controv\u00e9rsia tribut\u00e1ria no Brasil (1990-1995). In: Corr\u00eaa, D.; Chartain, L.; Cantu, R.; Leal, S.. (Org.).<em> Cr\u00edtica e pragmatismo na sociologia : di\u00e1logos entre Brasil e Fran\u00e7a<\/em>. 1ed.S\u00e3o Paulo: Annablume, 2018, v. , p. 357-395<\/a>.<\/p>\n<p><a href=\"https:\/\/wp.ufpel.edu.br\/rodrigocantu\/files\/2022\/02\/3.2-\u2013-Capitulo-de-livro-em-outras-areas-de-conhecimento-publicado-por-editora-universitaria-ou-com-conselho-editorial.pdf\">LANZARA, A. P. ; CANTU, Rodrigo . Dilemas e desafios do Estados social brasileiro no s\u00e9culo XXI. In: Eli Diniz; Flavio Gait\u00e1n. (Org.). <em>Repensando o desenvolvimentismo: Estado, institui\u00e7\u00f5es e a constru\u00e7\u00e3o de uma agenda de desenvolvimento<\/em>. S\u00e3o Paulo: Hucitec, 2016, p. 273-299<\/a>.<\/p>\n<p><a href=\"https:\/\/wp.ufpel.edu.br\/rodrigocantu\/files\/2022\/02\/Ch-4-Brazil.pdf\">MOUR\u00c3O, Victor; CANTU, Rodrigo . Brazil &#8211; Public Procurement and Innovation in Brazil: A Changing Course of Public Procurement Policy? In: Lember, V.; Kattel, R.; Kalvet, T.. (Org.). <em>Public Procurement, Innovation and Policy<\/em>. 1ed.: Springer Berlin Heidelberg, 2014, v. , p. 65-92<\/a>.<\/p>\n<p>&nbsp;<\/p>\n<p><strong>OUTROS TEXTOS:<\/strong><\/p>\n<p><a href=\"https:\/\/www.horizontesaosul.com\/single-post\/2020\/08\/06\/o-coronavirus-na-historia-das-epidemias-e-das-mudancas-sociais\">CANTU, Rodrigo. O coronav\u00edrus na hist\u00f3ria das epidemias e das mudan\u00e7as sociais. <em>Horizontes ao Sul<\/em>, 13 agosto 2020<\/a>.<\/p>\n<p><a href=\"https:\/\/www.reflexpandemia.org\/texto-10\">CANTU, Rodrigo. A pandemia, os economistas e o fim do neoliberalismo no Brasil. <em>Dilemas &#8211; Reflex\u00f5es na Pandemia<\/em>, 29 abril 2020<\/a>.<\/p>\n<p>&nbsp;<\/p>\n<p><strong>TRABALHOS PUBLICADOS EM ANAIS DE CONGRESSOS:<\/strong><\/p>\n<p><a href=\"https:\/\/wp.ufpel.edu.br\/rodrigocantu\/files\/2022\/02\/Gomes_Cantu_ativismo-conservador.pdf\">CANTU, R.; GOMES, S. Ativismo conservador e pr\u00e1ticas corporativas: o caso da ind\u00fastria de cosm\u00e9ticos no Brasil. In: 11\u00ba Semin\u00e1rio Nacional Sociologia &amp; Pol\u00edtica, 2020, Curitiba. Anais do 11\u00ba Semin\u00e1rio Nacional Sociologia &amp; Pol\u00edtica, 2020<\/a>.<\/p>\n<p><a href=\"https:\/\/www.anpocs.com\/index.php\/papers-40-encontro\/st-10\/st31-3\/10475-da-revolucao-financeira-a-crise-da-divida-as-origens-do-regime-fiscal-financeirizado\/file\">CANTU, Rodrigo. Da Revolu\u00e7\u00e3o Financeira \u00e0 Crise da D\u00edvida: as origens do regime fiscal financeirizado. In: 40\u00ba Encontro da ANPOCS, 2016, Caxambu. Anais do 40\u00ba Encontro da ANPOCS, 2016<\/a>.<\/p>\n<p><a href=\"https:\/\/anpocs.com\/index.php\/papers-39-encontro\/spg\/spg01\/9869-metamorfoses-do-estado-fiscal-no-brasil\/file\">CANTU, Rodrigo. Metamorfoses do Estado fiscal no Brasil. In: 39\u00ba Econtro Anual da Associa\u00e7\u00e3o Nacional de P\u00f3s-Gradua\u00e7\u00e3o e Pesquisa em Ci\u00eancias Sociais, 2015, Caxambu. Anais do 39\u00ba Encontro Anual da Anpocs, 2015<\/a>.<\/p>\n<p>&nbsp;<\/p>\n","protected":false},"excerpt":{"rendered":"<p>Nesta p\u00e1gina, voc\u00ea encontra os textos p\u00fablicados em peri\u00f3dicos e apresentados em eventos pelo Prof. Rodrigo Cantu. Esse material tamb\u00e9m pode ser encontrado nas p\u00e1ginas do docente no academia.edu e googlescholar. &nbsp; ARTIGOS: CANTU, Rodrigo. Clivagens emergentes no mundo empresarial brasileiro: Apoiadores e cr\u00edticos da extrema direita. Tempo Social, v. 36, n. 3, p. 47-75, [&hellip;]<\/p>\n","protected":false},"author":1216,"featured_media":0,"parent":0,"menu_order":0,"comment_status":"closed","ping_status":"closed","template":"","meta":{"footnotes":""},"class_list":["post-6","page","type-page","status-publish","hentry"],"_links":{"self":[{"href":"https:\/\/wp.ufpel.edu.br\/rodrigocantu\/wp-json\/wp\/v2\/pages\/6","targetHints":{"allow":["GET"]}}],"collection":[{"href":"https:\/\/wp.ufpel.edu.br\/rodrigocantu\/wp-json\/wp\/v2\/pages"}],"about":[{"href":"https:\/\/wp.ufpel.edu.br\/rodrigocantu\/wp-json\/wp\/v2\/types\/page"}],"author":[{"embeddable":true,"href":"https:\/\/wp.ufpel.edu.br\/rodrigocantu\/wp-json\/wp\/v2\/users\/1216"}],"replies":[{"embeddable":true,"href":"https:\/\/wp.ufpel.edu.br\/rodrigocantu\/wp-json\/wp\/v2\/comments?post=6"}],"version-history":[{"count":14,"href":"https:\/\/wp.ufpel.edu.br\/rodrigocantu\/wp-json\/wp\/v2\/pages\/6\/revisions"}],"predecessor-version":[{"id":133,"href":"https:\/\/wp.ufpel.edu.br\/rodrigocantu\/wp-json\/wp\/v2\/pages\/6\/revisions\/133"}],"wp:attachment":[{"href":"https:\/\/wp.ufpel.edu.br\/rodrigocantu\/wp-json\/wp\/v2\/media?parent=6"}],"curies":[{"name":"wp","href":"https:\/\/api.w.org\/{rel}","templated":true}]}}

<p>Nesta página, você encontra os textos públicados em periódicos e apresentados em eventos pelo Prof. Rodrigo Cantu. Esse material também pode ser encontrado nas páginas do docente no <a href="https://ufpel.academia.edu/RodrigoCantu">academia.edu</a> e <a href="https://scholar.google.com/citations?user=eT4sgbIAAAAJ&amp;hl=pt-BR&amp;oi=ao">googlescholar.</a></p>
<p>&nbsp;</p>
<p><strong>ARTIGOS:</strong></p>
<p><a href="https://www.scielo.br/j/ts/a/xmzF6ZY9wjTVxRjsbzmd8rH/?format=pdf&amp;lang=pt">CANTU, Rodrigo. Clivagens emergentes no mundo empresarial brasileiro: Apoiadores e críticos da extrema direita. <em>Tempo Social</em>, v. 36, n. 3, p. 47-75, 2024</a>.</p>
<p><a href="https://econsoc.mpifg.de/49483/04_Cantu_Econsoc_25-3_July2024.pdf">CANTU, Rodrigo. Fiscal crises in the developing world: Zooming out and zooming. <em>economic sociology. perspectives and conversations</em>, v.25, n. 3, p. 22-29, 2024</a>.</p>
<p>GOMES, Simone; CANTU, Rodrigo. The Conservative Wave and Corporate Practices in Brazil: The Controversy over LGBTQ in Marketing. <em>Journal of Latin American Studies</em>, v. 55, p. 1-26, 2023.</p>
<p><a href="http://periodicoseletronicos.ufma.br/index.php/rpcsoc/article/view/20931/11675">CANTU, R.. Teoria do ator-rede e sociologia econômica: lições e perplexidades de um encontro. <em>Revista Pós Ciências Sociais</em>, v. 20, n. 1, p. 29-54, 2023</a>.</p>
<p><a href="https://rbs.sbsociologia.com.br/index.php/rbs/article/view/861/415">CANTU, R.; HONORIO, K.; CUEVAS, B. Crises, ciclos de acumulação e fortalecimento fiscal dos estados na América do Sul (1914-1950). <em>Revista Brasileira de Sociologia</em>, v. 10, n. 24, p. 8-34, 2022</a>.</p>
<p><a href="https://periodicos.ufpel.edu.br/ojs2/index.php/NORUS/article/viewFile/21940/13984">CANTU, Rodrigo. Os valores da intransigência: premissas normativas e controvérsias econômicas no Brasil. <em>NORUS &#8211; Novos Rumos Sociológicos</em>, v. 9, p. 12-51, 2021</a>.</p>
<p><a href="https://periodicos.ufes.br/simbiotica/article/view/36813/24079">CANTU, Rodrigo. A crise da Covid-19 e o sistema mundo: perspectivas sobre epidemias na história e desigualdades globais. <em>Simbiótica</em>, v. 8, p. 81-102, 2021</a>.</p>
<p><a href="https://www.scielo.br/j/se/a/LGZcbrMtHFTnfjBY99bWcTg/?format=pdf">SALES, S.; CANTU, R. . Committed capitalism. <em>Revista Sociedade e Estado</em>, v. 36, p. 433-459, 2021</a>. (<a href="https://www.academia.edu/70147209/Capitalismo_Comprometido">versão em português</a>)</p>
<p><a href="https://periodicos.itp.ifsp.edu.br/index.php/IC/article/download/1729/1215">CANTU, R.; CUEVAS, B. Crises fiscais e construção do estado: Argentina e Brasil. <em>Revista Brasileira De Iniciação Científica</em>, v. 7, p. 95-106, 2020</a>.</p>
<p><a href="https://www.scielo.br/j/rsocp/a/8Pc5mYsCcQjWtTnnzMzGZRQ/">CANTU, Rodrigo. Depois das reformas: os regimes de proteção social latino-americanos na década de 2000. <em>Revista de Sociologia e Política</em>, v. 23, p. 45-73, 2015</a>.</p>
<p><a href="https://revistas.uepg.br/index.php/rlagg/article/download/5594/pdf_124">RESENDE, R. C.; CANTU, Rodrigo. Eleições e Perfis: Análise das Assembleias Legislativas da Região Sul do Brasil (1998-2006). <em>Revista Latino-americana de Geografia e Gênero</em>, v. 5, p. 189-208, 2014</a>.</p>
<p><a href="http://www.scielo.edu.uy/scielo.php?pid=S1688-499X2013000200005&amp;script=sci_arttext&amp;tlng=en">LANZARA, A. P.; CANTU, R. As encruzilhadas do Estado Social no Brasil. <em>Revista Uruguaya de Ciencia Política</em>, v. 22, p. 101-122, 2013</a>.</p>
<p><a href="https://wp.ufpel.edu.br/rodrigocantu/files/2022/02/Rodrigo_Cantu_Sociologia_da_critica_as_financas_em_tempos_de_crise2.pdf">CANTU, Rodrigo. &#8220;Coloque no contexto humano&#8221;: sociologia da crítica às finanças em tempos de crise. <em>Cadernos do Sociofilo</em>, v. 2, p. 79-130, 2012</a>.</p>
<p><a href="https://www.academia.edu/5787692/A_tecnologia_econ%C3%B4mica_e_a_crise_das_ferramentas">CANTU, Rodrigo. A Tecnologia Econômica e a Crise das Ferramentas. <em>Insight Inteligência (Rio de Janeiro)</em>, v. 45, p. 70-94, 2009</a>.</p>
<p>&nbsp;</p>
<p><strong>LIVROS ORGANIZADOS:</strong></p>
<p><a href="https://wp.ufpel.edu.br/rodrigocantu/files/2022/02/Sociologia-critica-e-pragmatismo_apresentacao.pdf">CANTU, R.; LEAL, S.; CORREA, C.; CHARTAIN, L. (Orgs.) . <em>Sociologia, crítica e pragmatismo: diálogos entre Brasil e França</em>. Campinas: Pontes, 2019</a>.</p>
<p><a href="https://wp.ufpel.edu.br/rodrigocantu/files/2022/02/MIOLO-Final_apresentacao.pdf">CORREA, C.; CHARTAIN, L.; CANTU, R.; LEAL, S. (Orgs.) . <em>Crítica e pragmatismo na sociologia: diálogos entre Brasil e França</em>. São Paulo: Annablume, 2018</a>.</p>
<p>&nbsp;</p>
<p><strong>CAPÍTULOS DE LIVRO:</strong></p>
<p><a href="https://www.academia.edu/43587072/Negociando_o_contrato_fiscal_para_uma_sociologia_da_controv%C3%A9rsia_tribut%C3%A1ria_no_Brasil_1990_1995_">CANTU, Rodrigo. Negociando o contrato fiscal: para uma sociologia da controvérsia tributária no Brasil (1990-1995). In: Corrêa, D.; Chartain, L.; Cantu, R.; Leal, S.. (Org.).<em> Crítica e pragmatismo na sociologia : diálogos entre Brasil e França</em>. 1ed.São Paulo: Annablume, 2018, v. , p. 357-395</a>.</p>
<p><a href="https://wp.ufpel.edu.br/rodrigocantu/files/2022/02/3.2-–-Capitulo-de-livro-em-outras-areas-de-conhecimento-publicado-por-editora-universitaria-ou-com-conselho-editorial.pdf">LANZARA, A. P. ; CANTU, Rodrigo . Dilemas e desafios do Estados social brasileiro no século XXI. In: Eli Diniz; Flavio Gaitán. (Org.). <em>Repensando o desenvolvimentismo: Estado, instituições e a construção de uma agenda de desenvolvimento</em>. São Paulo: Hucitec, 2016, p. 273-299</a>.</p>
<p><a href="https://wp.ufpel.edu.br/rodrigocantu/files/2022/02/Ch-4-Brazil.pdf">MOURÃO, Victor; CANTU, Rodrigo . Brazil &#8211; Public Procurement and Innovation in Brazil: A Changing Course of Public Procurement Policy? In: Lember, V.; Kattel, R.; Kalvet, T.. (Org.). <em>Public Procurement, Innovation and Policy</em>. 1ed.: Springer Berlin Heidelberg, 2014, v. , p. 65-92</a>.</p>
<p>&nbsp;</p>
<p><strong>OUTROS TEXTOS:</strong></p>
<p><a href="https://www.horizontesaosul.com/single-post/2020/08/06/o-coronavirus-na-historia-das-epidemias-e-das-mudancas-sociais">CANTU, Rodrigo. O coronavírus na história das epidemias e das mudanças sociais. <em>Horizontes ao Sul</em>, 13 agosto 2020</a>.</p>
<p><a href="https://www.reflexpandemia.org/texto-10">CANTU, Rodrigo. A pandemia, os economistas e o fim do neoliberalismo no Brasil. <em>Dilemas &#8211; Reflexões na Pandemia</em>, 29 abril 2020</a>.</p>
<p>&nbsp;</p>
<p><strong>TRABALHOS PUBLICADOS EM ANAIS DE CONGRESSOS:</strong></p>
<p><a href="https://wp.ufpel.edu.br/rodrigocantu/files/2022/02/Gomes_Cantu_ativismo-conservador.pdf">CANTU, R.; GOMES, S. Ativismo conservador e práticas corporativas: o caso da indústria de cosméticos no Brasil. In: 11º Seminário Nacional Sociologia &amp; Política, 2020, Curitiba. Anais do 11º Seminário Nacional Sociologia &amp; Política, 2020</a>.</p>
<p><a href="https://www.anpocs.com/index.php/papers-40-encontro/st-10/st31-3/10475-da-revolucao-financeira-a-crise-da-divida-as-origens-do-regime-fiscal-financeirizado/file">CANTU, Rodrigo. Da Revolução Financeira à Crise da Dívida: as origens do regime fiscal financeirizado. In: 40º Encontro da ANPOCS, 2016, Caxambu. Anais do 40º Encontro da ANPOCS, 2016</a>.</p>
<p><a href="https://anpocs.com/index.php/papers-39-encontro/spg/spg01/9869-metamorfoses-do-estado-fiscal-no-brasil/file">CANTU, Rodrigo. Metamorfoses do Estado fiscal no Brasil. In: 39º Econtro Anual da Associação Nacional de Pós-Graduação e Pesquisa em Ciências Sociais, 2015, Caxambu. Anais do 39º Encontro Anual da Anpocs, 2015</a>.</p>
<p>&nbsp;</p>

<p>Nesta página, você encontra os textos públicados em periódicos e apresentados em eventos pelo Prof. Rodrigo Cantu. Esse material também pode ser encontrado nas páginas do docente no academia.edu e googlescholar. &nbsp; ARTIGOS: CANTU, Rodrigo. Clivagens emergentes no mundo empresarial brasileiro: Apoiadores e críticos da extrema direita. Tempo Social, v. 36, n. 3, p. 47-75, [&hellip;]</p>
