{"id":16,"date":"2022-02-07T15:16:23","date_gmt":"2022-02-07T18:16:23","guid":{"rendered":"https:\/\/wp.ufpel.edu.br\/rodrigocantu\/?page_id=16"},"modified":"2022-02-07T18:17:31","modified_gmt":"2022-02-07T21:17:31","slug":"formacao-e-curriculo","status":"publish","type":"page","link":"https:\/\/wp.ufpel.edu.br\/rodrigocantu\/formacao-e-curriculo\/","title":{"rendered":"Forma\u00e7\u00e3o e curr\u00edculo"},"content":{"rendered":"<p><img class=\" wp-image-49 alignleft\" src=\"https:\/\/wp.ufpel.edu.br\/rodrigocantu\/files\/2022\/02\/IMG-4993b-303x400.jpg\" alt=\"\" width=\"130\" height=\"172\" srcset=\"https:\/\/wp.ufpel.edu.br\/rodrigocantu\/files\/2022\/02\/IMG-4993b-303x400.jpg 303w, https:\/\/wp.ufpel.edu.br\/rodrigocantu\/files\/2022\/02\/IMG-4993b-774x1024.jpg 774w, https:\/\/wp.ufpel.edu.br\/rodrigocantu\/files\/2022\/02\/IMG-4993b-768x1016.jpg 768w, https:\/\/wp.ufpel.edu.br\/rodrigocantu\/files\/2022\/02\/IMG-4993b-1162x1536.jpg 1162w, https:\/\/wp.ufpel.edu.br\/rodrigocantu\/files\/2022\/02\/IMG-4993b-1549x2048.jpg 1549w, https:\/\/wp.ufpel.edu.br\/rodrigocantu\/files\/2022\/02\/IMG-4993b.jpg 1570w\" sizes=\"(max-width: 130px) 100vw, 130px\" \/><\/p>\n<p>Rodrigo Cantu possui gradua\u00e7\u00e3o em Ci\u00eancias Econ\u00f4micas pela UFPR (2006), mestrado em Sociologia pelo IUPERJ (2009) e doutorado em Sociologia pelo IESP-UERJ (2016). \u00c9 professor adjunto do Departamento de Sociologia e Pol\u00edtica da UFPEL. Em seu mestrado, trabalhou na <a href=\"https:\/\/www.academia.edu\/43974190\/A_ci%C3%AAncia_dos_economistas_entre_dissensos_cient%C3%ADficos_e_clivagens_morais\">pesquisa de disserta\u00e7\u00e3o sobre a sociologia dos economistas brasileiros<\/a>. No doutorado, <a href=\"https:\/\/www.academia.edu\/39816035\/Ensaios_sobre_as_transforma%C3%A7%C3%B5es_das_finan%C3%A7as_p%C3%BAblicas_brasileiras\">pesquisou sobre hist\u00f3ria e sociologia fiscal do Brasil<\/a>. Atualmente, desenvolve pesquisas nas \u00e1reas de Teoria Social, Sociologia Econ\u00f4mica, Pol\u00edtica Social e Desenvolvimento. Informa\u00e7\u00f5es detalhadas podem ser encontradas em seu curr\u00edculo Lattes: <a href=\"http:\/\/lattes.cnpq.br\/0535501830903598\">http:\/\/lattes.cnpq.br\/0535501830903598 <\/a><\/p>\n","protected":false},"excerpt":{"rendered":"<p>Rodrigo Cantu possui gradua\u00e7\u00e3o em Ci\u00eancias Econ\u00f4micas pela UFPR (2006), mestrado em Sociologia pelo IUPERJ (2009) e doutorado em Sociologia pelo IESP-UERJ (2016). \u00c9 professor adjunto do Departamento de Sociologia e Pol\u00edtica da UFPEL. Em seu mestrado, trabalhou na pesquisa de disserta\u00e7\u00e3o sobre a sociologia dos economistas brasileiros. No doutorado, pesquisou sobre hist\u00f3ria e sociologia [&hellip;]<\/p>\n","protected":false},"author":1216,"featured_media":0,"parent":0,"menu_order":0,"comment_status":"closed","ping_status":"closed","template":"","meta":{"footnotes":""},"class_list":["post-16","page","type-page","status-publish","hentry"],"_links":{"self":[{"href":"https:\/\/wp.ufpel.edu.br\/rodrigocantu\/wp-json\/wp\/v2\/pages\/16","targetHints":{"allow":["GET"]}}],"collection":[{"href":"https:\/\/wp.ufpel.edu.br\/rodrigocantu\/wp-json\/wp\/v2\/pages"}],"about":[{"href":"https:\/\/wp.ufpel.edu.br\/rodrigocantu\/wp-json\/wp\/v2\/types\/page"}],"author":[{"embeddable":true,"href":"https:\/\/wp.ufpel.edu.br\/rodrigocantu\/wp-json\/wp\/v2\/users\/1216"}],"replies":[{"embeddable":true,"href":"https:\/\/wp.ufpel.edu.br\/rodrigocantu\/wp-json\/wp\/v2\/comments?post=16"}],"version-history":[{"count":6,"href":"https:\/\/wp.ufpel.edu.br\/rodrigocantu\/wp-json\/wp\/v2\/pages\/16\/revisions"}],"predecessor-version":[{"id":73,"href":"https:\/\/wp.ufpel.edu.br\/rodrigocantu\/wp-json\/wp\/v2\/pages\/16\/revisions\/73"}],"wp:attachment":[{"href":"https:\/\/wp.ufpel.edu.br\/rodrigocantu\/wp-json\/wp\/v2\/media?parent=16"}],"curies":[{"name":"wp","href":"https:\/\/api.w.org\/{rel}","templated":true}]}}

Formação e currículo

<p><img class=" wp-image-49 alignleft" src="https://wp.ufpel.edu.br/rodrigocantu/files/2022/02/IMG-4993b-303x400.jpg" alt="" width="130" height="172" srcset="https://wp.ufpel.edu.br/rodrigocantu/files/2022/02/IMG-4993b-303x400.jpg 303w, https://wp.ufpel.edu.br/rodrigocantu/files/2022/02/IMG-4993b-774x1024.jpg 774w, https://wp.ufpel.edu.br/rodrigocantu/files/2022/02/IMG-4993b-768x1016.jpg 768w, https://wp.ufpel.edu.br/rodrigocantu/files/2022/02/IMG-4993b-1162x1536.jpg 1162w, https://wp.ufpel.edu.br/rodrigocantu/files/2022/02/IMG-4993b-1549x2048.jpg 1549w, https://wp.ufpel.edu.br/rodrigocantu/files/2022/02/IMG-4993b.jpg 1570w" sizes="(max-width: 130px) 100vw, 130px" /></p>
<p>Rodrigo Cantu possui graduação em Ciências Econômicas pela UFPR (2006), mestrado em Sociologia pelo IUPERJ (2009) e doutorado em Sociologia pelo IESP-UERJ (2016). É professor adjunto do Departamento de Sociologia e Política da UFPEL. Em seu mestrado, trabalhou na <a href="https://www.academia.edu/43974190/A_ci%C3%AAncia_dos_economistas_entre_dissensos_cient%C3%ADficos_e_clivagens_morais">pesquisa de dissertação sobre a sociologia dos economistas brasileiros</a>. No doutorado, <a href="https://www.academia.edu/39816035/Ensaios_sobre_as_transforma%C3%A7%C3%B5es_das_finan%C3%A7as_p%C3%BAblicas_brasileiras">pesquisou sobre história e sociologia fiscal do Brasil</a>. Atualmente, desenvolve pesquisas nas áreas de Teoria Social, Sociologia Econômica, Política Social e Desenvolvimento. Informações detalhadas podem ser encontradas em seu currículo Lattes: <a href="http://lattes.cnpq.br/0535501830903598">http://lattes.cnpq.br/0535501830903598 </a></p>

<p>Rodrigo Cantu possui graduação em Ciências Econômicas pela UFPR (2006), mestrado em Sociologia pelo IUPERJ (2009) e doutorado em Sociologia pelo IESP-UERJ (2016). É professor adjunto do Departamento de Sociologia e Política da UFPEL. Em seu mestrado, trabalhou na pesquisa de dissertação sobre a sociologia dos economistas brasileiros. No doutorado, pesquisou sobre história e sociologia [&hellip;]</p>
