{"id":23,"date":"2025-04-27T13:41:01","date_gmt":"2025-04-27T16:41:01","guid":{"rendered":"https:\/\/wp.ufpel.edu.br\/revistamosaico\/?page_id=23"},"modified":"2025-04-27T13:58:27","modified_gmt":"2025-04-27T16:58:27","slug":"avaliacao","status":"publish","type":"page","link":"https:\/\/wp.ufpel.edu.br\/revistamosaico\/avaliacao\/","title":{"rendered":"Avalia\u00e7\u00e3o"},"content":{"rendered":"<p>O processo de avalia\u00e7\u00e3o dos trabalhos prev\u00ea uma verifica\u00e7\u00e3o preliminar pelo Conselho Editorial, que pondera a respeito de sua adequa\u00e7\u00e3o \u00e0 linha editorial da\u00a0<i>Revista\u00a0Mosaico: processos criativos em m\u00fasica e em artes do som<\/i>\u00a0. Em seguida, cada produ\u00e7\u00e3o \u00e9 avaliada por dois(duas) pareceristas\u00a0<i>ad\u00a0hoc,\u00a0<\/i>\u00e0s cegas, onde se suprimem informa\u00e7\u00f5es da autoria e de avalia\u00e7\u00e3o. Em caso de empate, \u00e9 solicitada nova avalia\u00e7\u00e3o, por um(a) terceiro(a) parecerista.<\/p>\n","protected":false},"excerpt":{"rendered":"<p>O processo de avalia\u00e7\u00e3o dos trabalhos prev\u00ea uma verifica\u00e7\u00e3o preliminar pelo Conselho Editorial, que pondera a respeito de sua adequa\u00e7\u00e3o \u00e0 linha editorial da\u00a0Revista\u00a0Mosaico: processos criativos em m\u00fasica e em artes do som\u00a0. Em seguida, cada produ\u00e7\u00e3o \u00e9 avaliada por dois(duas) pareceristas\u00a0ad\u00a0hoc,\u00a0\u00e0s cegas, onde se suprimem informa\u00e7\u00f5es da autoria e de avalia\u00e7\u00e3o. Em caso de&#8230; <\/p>\n<div class=\"link-more\"><a href=\"https:\/\/wp.ufpel.edu.br\/revistamosaico\/avaliacao\/\">Leia mais<\/a><\/div>\n","protected":false},"author":1447,"featured_media":0,"parent":0,"menu_order":0,"comment_status":"closed","ping_status":"closed","template":"","meta":{"footnotes":""},"class_list":["post-23","page","type-page","status-publish","hentry"],"_links":{"self":[{"href":"https:\/\/wp.ufpel.edu.br\/revistamosaico\/wp-json\/wp\/v2\/pages\/23","targetHints":{"allow":["GET"]}}],"collection":[{"href":"https:\/\/wp.ufpel.edu.br\/revistamosaico\/wp-json\/wp\/v2\/pages"}],"about":[{"href":"https:\/\/wp.ufpel.edu.br\/revistamosaico\/wp-json\/wp\/v2\/types\/page"}],"author":[{"embeddable":true,"href":"https:\/\/wp.ufpel.edu.br\/revistamosaico\/wp-json\/wp\/v2\/users\/1447"}],"replies":[{"embeddable":true,"href":"https:\/\/wp.ufpel.edu.br\/revistamosaico\/wp-json\/wp\/v2\/comments?post=23"}],"version-history":[{"count":2,"href":"https:\/\/wp.ufpel.edu.br\/revistamosaico\/wp-json\/wp\/v2\/pages\/23\/revisions"}],"predecessor-version":[{"id":88,"href":"https:\/\/wp.ufpel.edu.br\/revistamosaico\/wp-json\/wp\/v2\/pages\/23\/revisions\/88"}],"wp:attachment":[{"href":"https:\/\/wp.ufpel.edu.br\/revistamosaico\/wp-json\/wp\/v2\/media?parent=23"}],"curies":[{"name":"wp","href":"https:\/\/api.w.org\/{rel}","templated":true}]}}