{"id":78,"date":"2015-03-30T01:52:22","date_gmt":"2015-03-30T04:52:22","guid":{"rendered":"https:\/\/wp.ufpel.edu.br\/residenciavet\/?page_id=78"},"modified":"2016-03-15T00:58:02","modified_gmt":"2016-03-15T03:58:02","slug":"coordenacao-de-area","status":"publish","type":"page","link":"https:\/\/wp.ufpel.edu.br\/residenciavet\/downloads-documentos\/coordenacao-de-area\/","title":{"rendered":"Coordena\u00e7\u00e3o de \u00c1rea"},"content":{"rendered":"<h2>Envio Semestral<\/h2>\n<p>Semana padr\u00e3o:<span style=\"color: #0000ff\"><strong> <a style=\"color: #0000ff\" href=\"https:\/\/wp.ufpel.edu.br\/residenciavet\/files\/2015\/03\/Coord-Semana_Padr\u00e3o_1\u00basemMODELO.doc\" rel=\"\">1\u00ba SEMESTRE<\/a><\/strong> \u00a0<span style=\"color: #000000\"> &#8211; \u00a0<\/span> \u00a02\u00ba SEMESTRE<\/span><\/p>\n<p><span style=\"color: #0000ff\"><a style=\"color: #0000ff\" href=\"https:\/\/wp.ufpel.edu.br\/residenciavet\/files\/2015\/03\/Avalia\u00e7\u00e3o_Programa_Residente-semestral-MODELO.docx\" rel=\"\">Avalia\u00e7\u00e3o e notas dos Residentes<\/a><\/span><\/p>\n<p><span style=\"color: #0000ff\"><a style=\"color: #0000ff\" href=\"https:\/\/wp.ufpel.edu.br\/residenciavet\/files\/2015\/03\/Coord-Rela\u00e7\u00e3o_Preceptores_tutores_Docentes_MODELO.docx\" rel=\"\">Rela\u00e7\u00e3o de Preceptores\/Tutores\/Docentes<\/a><\/span><\/p>\n<p><span style=\"color: #0000ff\">E<a style=\"color: #0000ff\" href=\"https:\/\/wp.ufpel.edu.br\/residenciavet\/files\/2015\/03\/F\u00e9rias_Informativo-residentes_MODELO.docx\" rel=\"\">scala de F\u00e9rias dos Residentes<\/a><\/span><\/p>\n<p><span style=\"color: #0000ff\"><a style=\"color: #0000ff\" href=\"https:\/\/wp.ufpel.edu.br\/residenciavet\/files\/2015\/03\/F\u00e9rias_Escala-Preceptores_MODELO.docx\" rel=\"\">Escala de Preceptores no Per\u00edodo de F\u00e9rias <\/a><\/span><\/p>\n<p>&nbsp;<\/p>\n<hr \/>\n<p>&nbsp;<\/p>\n<h2>TCC<\/h2>\n<p><a href=\"https:\/\/wp.ufpel.edu.br\/residenciavet\/files\/2015\/03\/TCC-encaminhamento_de_banca-resid\u00cancia2014.doc\" rel=\"\">Encaminhamento de defesa TCC-Banca e calend\u00e1rio<\/a><\/p>\n<p><span style=\"color: #0000ff\"><a style=\"color: #0000ff\" href=\"https:\/\/wp.ufpel.edu.br\/residenciavet\/files\/2015\/03\/TCC_Defesa-Ata_MODELO.docx\">Ata de Defesa TCC<\/a><\/span><\/p>\n<p><span style=\"color: #0000ff\"><a style=\"color: #0000ff\" href=\"https:\/\/wp.ufpel.edu.br\/residenciavet\/files\/2015\/03\/TCC_Residencia-vet-Modelo.doc\">Modelo TCC &#8211; Resid\u00eancia em Veterin\u00e1ria<\/a><\/span><\/p>\n<p><span style=\"color: #0000ff\"><a style=\"color: #0000ff\" href=\"https:\/\/wp.ufpel.edu.br\/residenciavet\/files\/2015\/03\/TCC_Manual_Normas_UFPel_trabalhos_academicos.pdf\">Modelo Trabalhos Acad\u00eamicos da UFPel<\/a><\/span><\/p>\n<hr \/>\n<p>&nbsp;<\/p>\n<p>&nbsp;<\/p>\n","protected":false},"excerpt":{"rendered":"<p>Envio Semestral Semana padr\u00e3o: 1\u00ba SEMESTRE \u00a0 &#8211; \u00a0 \u00a02\u00ba SEMESTRE Avalia\u00e7\u00e3o e notas dos Residentes Rela\u00e7\u00e3o de Preceptores\/Tutores\/Docentes Escala de F\u00e9rias dos Residentes Escala de Preceptores no Per\u00edodo de F\u00e9rias &nbsp; &nbsp; TCC Encaminhamento de defesa TCC-Banca e calend\u00e1rio Ata de Defesa TCC Modelo TCC &#8211; Resid\u00eancia em Veterin\u00e1ria Modelo Trabalhos Acad\u00eamicos da UFPel [&hellip;]<\/p>\n","protected":false},"author":500,"featured_media":0,"parent":7,"menu_order":0,"comment_status":"closed","ping_status":"closed","template":"","meta":{"footnotes":""},"class_list":["post-78","page","type-page","status-publish","hentry"],"jetpack_sharing_enabled":true,"_links":{"self":[{"href":"https:\/\/wp.ufpel.edu.br\/residenciavet\/wp-json\/wp\/v2\/pages\/78","targetHints":{"allow":["GET"]}}],"collection":[{"href":"https:\/\/wp.ufpel.edu.br\/residenciavet\/wp-json\/wp\/v2\/pages"}],"about":[{"href":"https:\/\/wp.ufpel.edu.br\/residenciavet\/wp-json\/wp\/v2\/types\/page"}],"author":[{"embeddable":true,"href":"https:\/\/wp.ufpel.edu.br\/residenciavet\/wp-json\/wp\/v2\/users\/500"}],"replies":[{"embeddable":true,"href":"https:\/\/wp.ufpel.edu.br\/residenciavet\/wp-json\/wp\/v2\/comments?post=78"}],"version-history":[{"count":19,"href":"https:\/\/wp.ufpel.edu.br\/residenciavet\/wp-json\/wp\/v2\/pages\/78\/revisions"}],"predecessor-version":[{"id":406,"href":"https:\/\/wp.ufpel.edu.br\/residenciavet\/wp-json\/wp\/v2\/pages\/78\/revisions\/406"}],"up":[{"embeddable":true,"href":"https:\/\/wp.ufpel.edu.br\/residenciavet\/wp-json\/wp\/v2\/pages\/7"}],"wp:attachment":[{"href":"https:\/\/wp.ufpel.edu.br\/residenciavet\/wp-json\/wp\/v2\/media?parent=78"}],"curies":[{"name":"wp","href":"https:\/\/api.w.org\/{rel}","templated":true}]}}