{"id":45,"date":"2015-03-29T23:21:54","date_gmt":"2015-03-30T02:21:54","guid":{"rendered":"https:\/\/wp.ufpel.edu.br\/residenciavet\/?page_id=45"},"modified":"2016-03-18T19:47:58","modified_gmt":"2016-03-18T22:47:58","slug":"r1-2015","status":"publish","type":"page","link":"https:\/\/wp.ufpel.edu.br\/residenciavet\/residentes\/r1-2015\/","title":{"rendered":"Turma   2015 &#8211; 2017"},"content":{"rendered":"<h2>Cl\u00ednica M\u00e9dica\u00a0de Animais de Companhia<\/h2>\n<p>Felipe Rosa Cunha<\/p>\n<p>J\u00e9ssica Hellen Bastos Lavadouro<\/p>\n<hr \/>\n<p>&nbsp;<\/p>\n<h2>Cl\u00ednica M\u00e9dica de Equinos<\/h2>\n<p>Amanda Bragato Pereira<\/p>\n<p>Mariana Andrade Mousquer<\/p>\n<hr \/>\n<p>&nbsp;<\/p>\n<h2>Cl\u00ednica M\u00e9dica em Ruminantes<\/h2>\n<p>Ot\u00e1vio de Carvalho Madruga<\/p>\n<hr \/>\n<h2>Doen\u00e7as e Zoonoses Parasit\u00e1rias<\/h2>\n<p>Bruno Cabral Chagas<\/p>\n<p>Jaqueline Freitas Motta<\/p>\n<hr \/>\n<h2>\u00a0Imagenologia<\/h2>\n<p>Roberto Belloli<\/p>\n<hr \/>\n<h2>Med Vet Preventiva: Inspe\u00e7\u00e3o de Leite e Derivados<\/h2>\n<p>Alana Borges Tavares<\/p>\n<hr \/>\n<h2>Med Vet Preventiva:\u00a0Sa\u00fade Coletiva<\/h2>\n<p>Alessandra Jacomelli Teles<\/p>\n<p>Cristina Mendes\u00a0 Peter<\/p>\n<hr \/>\n<h2>Patologia Animal<\/h2>\n<p>Sara Patron da Mota<\/p>\n<p>Haide Valeska Scheid<\/p>\n<hr \/>\n<p>&nbsp;<\/p>\n<h2>Patologia\u00a0Cl\u00ednica<\/h2>\n<p>Helen Cabaldi Franz<\/p>\n<p>&nbsp;<\/p>\n<p>&nbsp;<\/p>\n<p>&nbsp;<\/p>\n<p>&nbsp;<\/p>\n","protected":false},"excerpt":{"rendered":"<p>Cl\u00ednica M\u00e9dica\u00a0de Animais de Companhia Felipe Rosa Cunha J\u00e9ssica Hellen Bastos Lavadouro &nbsp; Cl\u00ednica M\u00e9dica de Equinos Amanda Bragato Pereira Mariana Andrade Mousquer &nbsp; Cl\u00ednica M\u00e9dica em Ruminantes Ot\u00e1vio de Carvalho Madruga Doen\u00e7as e Zoonoses Parasit\u00e1rias Bruno Cabral Chagas Jaqueline Freitas Motta \u00a0Imagenologia Roberto Belloli Med Vet Preventiva: Inspe\u00e7\u00e3o de Leite e Derivados Alana Borges [&hellip;]<\/p>\n","protected":false},"author":500,"featured_media":0,"parent":35,"menu_order":0,"comment_status":"closed","ping_status":"closed","template":"","meta":{"footnotes":""},"class_list":["post-45","page","type-page","status-publish","hentry"],"jetpack_sharing_enabled":true,"_links":{"self":[{"href":"https:\/\/wp.ufpel.edu.br\/residenciavet\/wp-json\/wp\/v2\/pages\/45","targetHints":{"allow":["GET"]}}],"collection":[{"href":"https:\/\/wp.ufpel.edu.br\/residenciavet\/wp-json\/wp\/v2\/pages"}],"about":[{"href":"https:\/\/wp.ufpel.edu.br\/residenciavet\/wp-json\/wp\/v2\/types\/page"}],"author":[{"embeddable":true,"href":"https:\/\/wp.ufpel.edu.br\/residenciavet\/wp-json\/wp\/v2\/users\/500"}],"replies":[{"embeddable":true,"href":"https:\/\/wp.ufpel.edu.br\/residenciavet\/wp-json\/wp\/v2\/comments?post=45"}],"version-history":[{"count":4,"href":"https:\/\/wp.ufpel.edu.br\/residenciavet\/wp-json\/wp\/v2\/pages\/45\/revisions"}],"predecessor-version":[{"id":448,"href":"https:\/\/wp.ufpel.edu.br\/residenciavet\/wp-json\/wp\/v2\/pages\/45\/revisions\/448"}],"up":[{"embeddable":true,"href":"https:\/\/wp.ufpel.edu.br\/residenciavet\/wp-json\/wp\/v2\/pages\/35"}],"wp:attachment":[{"href":"https:\/\/wp.ufpel.edu.br\/residenciavet\/wp-json\/wp\/v2\/media?parent=45"}],"curies":[{"name":"wp","href":"https:\/\/api.w.org\/{rel}","templated":true}]}}

<h2>Clínica Médica de Animais de Companhia</h2>
<p>Felipe Rosa Cunha</p>
<p>Jéssica Hellen Bastos Lavadouro</p>
<hr />
<p>&nbsp;</p>
<h2>Clínica Médica de Equinos</h2>
<p>Amanda Bragato Pereira</p>
<p>Mariana Andrade Mousquer</p>
<hr />
<p>&nbsp;</p>
<h2>Clínica Médica em Ruminantes</h2>
<p>Otávio de Carvalho Madruga</p>
<hr />
<h2>Doenças e Zoonoses Parasitárias</h2>
<p>Bruno Cabral Chagas</p>
<p>Jaqueline Freitas Motta</p>
<hr />
<h2> Imagenologia</h2>
<p>Roberto Belloli</p>
<hr />
<h2>Med Vet Preventiva: Inspeção de Leite e Derivados</h2>
<p>Alana Borges Tavares</p>
<hr />
<h2>Med Vet Preventiva: Saúde Coletiva</h2>
<p>Alessandra Jacomelli Teles</p>
<p>Cristina Mendes  Peter</p>
<hr />
<h2>Patologia Animal</h2>
<p>Sara Patron da Mota</p>
<p>Haide Valeska Scheid</p>
<hr />
<p>&nbsp;</p>
<h2>Patologia Clínica</h2>
<p>Helen Cabaldi Franz</p>
<p>&nbsp;</p>
<p>&nbsp;</p>
<p>&nbsp;</p>
<p>&nbsp;</p>

<p>Clínica Médica de Animais de Companhia Felipe Rosa Cunha Jéssica Hellen Bastos Lavadouro &nbsp; Clínica Médica de Equinos Amanda Bragato Pereira Mariana Andrade Mousquer &nbsp; Clínica Médica em Ruminantes Otávio de Carvalho Madruga Doenças e Zoonoses Parasitárias Bruno Cabral Chagas Jaqueline Freitas Motta  Imagenologia Roberto Belloli Med Vet Preventiva: Inspeção de Leite e Derivados Alana Borges [&hellip;]</p>
