{"id":381,"date":"2016-03-04T02:36:23","date_gmt":"2016-03-04T05:36:23","guid":{"rendered":"https:\/\/wp.ufpel.edu.br\/residenciavet\/?page_id=381"},"modified":"2016-03-15T01:16:33","modified_gmt":"2016-03-15T04:16:33","slug":"calendario-2016","status":"publish","type":"page","link":"https:\/\/wp.ufpel.edu.br\/residenciavet\/calendario-2016\/","title":{"rendered":"Calend\u00e1rio 2016"},"content":{"rendered":"<p>Datas Fixas:<\/p>\n<p>Dia 1\u00ba de cada m\u00eas: entrega da folha de frequ\u00eancia<\/p>\n<p>1\u00aa sexta-feira de cada m\u00eas: Reuni\u00e3o do NDAE &#8211;\u00a01\u00ba ter\u00e7a-feira de cada m\u00eas: Reuni\u00e3o COREMU<\/p>\n<p>Download\u00a0<strong><span style=\"color: #0000ff\"><a style=\"color: #0000ff\" href=\"https:\/\/wp.ufpel.edu.br\/residenciavet\/files\/2015\/03\/Calend\u00e1rio-Resid\u00eancia-2016.pdf\" rel=\"\">Calend\u00e1rio Resid\u00eancia Veterin\u00e1ria 2016<\/a><\/span><\/strong><\/p>\n<p>Download\u00a0<strong><span style=\"color: #0000ff\"><a style=\"color: #0000ff\" href=\"https:\/\/wp.ufpel.edu.br\/residenciavet\/files\/2015\/03\/Calend\u00e1rioATs-Qualif-2016.pdf\" rel=\"\">Calend\u00e1rio ATs-Previs\u00f5es de Qualifica\u00e7\u00f5es e Defesas de Projetos-2016<\/a><\/span><\/strong><\/p>\n<table style=\"height: 1761px\" width=\"547\">\n<tbody>\n<tr>\n<td width=\"94\">Data<\/td>\n<td width=\"362\">Atividade<\/td>\n<\/tr>\n<tr style=\"background-color: #bfd9bf\">\n<td width=\"94\"><\/td>\n<td width=\"362\"><strong>2016-1<\/strong><\/td>\n<\/tr>\n<tr>\n<td width=\"94\">mar\u00e7o<\/td>\n<td width=\"362\">T\u00e9rmino do prazo de entrega\u00a0 TCC corrigido\u00a0 c\/ submiss\u00e3o artigo (30 dias p\u00f3s defesa)<\/td>\n<\/tr>\n<tr>\n<td rowspan=\"4\" width=\"94\">22\/3<\/td>\n<td width=\"362\">T\u00e9rmino do prazo de envio da <strong>semana padr\u00e3o 2016-1 <\/strong><\/td>\n<\/tr>\n<tr>\n<td width=\"362\">T\u00e9rmino do prazo para informar<strong> nomes das equipes<\/strong> de preceptores, tutores e docente da \u00e1rea<\/td>\n<\/tr>\n<tr>\n<td width=\"362\">Prazo final para entrega das<strong> avalia\u00e7\u00f5es e notas<\/strong> 2015-2<\/td>\n<\/tr>\n<tr>\n<td width=\"362\">Prazo final para entrega das <strong>avalia\u00e7\u00f5es e auto-avalia\u00e7\u00f5es<\/strong> 2015-2<\/td>\n<\/tr>\n<tr>\n<td width=\"94\">30\/5<\/td>\n<td width=\"362\">Fim do prazo de entrega <strong>projeto R2<\/strong> (com aceite CEEA, registro no cobalto, aprova\u00e7\u00e3o COCEPE)<\/td>\n<\/tr>\n<tr>\n<td rowspan=\"3\" width=\"94\">6\/6<\/td>\n<td width=\"362\">T\u00e9rmino do prazo para informe de <strong>f\u00e9rias de inverno <\/strong>R1-2 da \u00e1rea<\/td>\n<\/tr>\n<tr>\n<td width=\"362\">Fim do prazo para informar<strong> escala de preceptore<\/strong>s durante f\u00e9rias acad\u00eamicas<\/td>\n<\/tr>\n<tr>\n<td width=\"362\"><strong>Fim do prazo para defini\u00e7\u00e3o dos orientadores de TCC (R1) <\/strong><\/td>\n<\/tr>\n<tr>\n<td width=\"94\">11\/07 a 7\/8<\/td>\n<td width=\"362\">Per\u00edodo destinado \u00e0s f\u00e9rias (15 dias, <strong>SEM<\/strong> possibilidade de fracionar ou estender)<\/td>\n<\/tr>\n<tr style=\"background-color: #bfd9bf\">\n<td width=\"94\"><\/td>\n<td width=\"362\"><strong>2016-2<\/strong><\/td>\n<\/tr>\n<tr>\n<td rowspan=\"3\" width=\"94\">22\/8<\/td>\n<td width=\"362\">Prazo final para entrega das<strong> avalia\u00e7\u00f5es e notas<\/strong> 2016-1<\/td>\n<\/tr>\n<tr>\n<td width=\"362\">Prazo final para entrega das <strong>avalia\u00e7\u00e3oes e auto-avalia\u00e7\u00f5es<\/strong> 2016-1<\/td>\n<\/tr>\n<tr>\n<td width=\"362\">T\u00e9rmino do prazo de envio da <strong>semana padr\u00e3o<\/strong> 2016-2<\/td>\n<\/tr>\n<tr>\n<td width=\"94\">21\/9<\/td>\n<td width=\"362\">Fim do per\u00edodo para entrega da<strong> vers\u00e3o escrita<\/strong> dos projetos R1 <strong>(3 c\u00f3pias) &#8211; na secretaria<\/strong><\/td>\n<\/tr>\n<tr>\n<td width=\"94\">7\/10 a 11\/11<\/td>\n<td width=\"362\">Per\u00edodo de defesas <strong>projeto R1 <\/strong><\/td>\n<\/tr>\n<tr>\n<td width=\"94\">3\/11<\/td>\n<td width=\"362\">Fim do per\u00edodo para entrega da<strong> vers\u00e3o escrita da qualifica\u00e7\u00e3o<\/strong> R2 (3 c\u00f3pias)<\/td>\n<\/tr>\n<tr>\n<td width=\"94\">18\/11 a 9\/12<\/td>\n<td width=\"362\">Per\u00edodo de<strong> qualifica\u00e7\u00e3o dos R2<\/strong><\/td>\n<\/tr>\n<tr>\n<td rowspan=\"3\" width=\"94\">28\/11<\/td>\n<td width=\"362\">T\u00e9rmino do prazo para<strong> informe de f\u00e9rias de ver\u00e3o<\/strong> R1-2 da \u00e1rea<\/td>\n<\/tr>\n<tr>\n<td width=\"362\">Fim do prazo para informar <strong>escala de preceptore<\/strong>s durante\u00a0 f\u00e9rias\u00a0 acad\u00eamicas<\/td>\n<\/tr>\n<tr>\n<td width=\"362\">Indica\u00e7\u00e3o de bancas e datas <strong>defesas TCC R2<\/strong><\/td>\n<\/tr>\n<tr>\n<td width=\"94\">1\u00ba\/12-26\/fev<\/td>\n<td width=\"362\">Per\u00edodo de defesas TCC<\/td>\n<\/tr>\n<tr>\n<td width=\"94\"><strong>15 dias pr\u00e9-defesa<\/strong><\/td>\n<td width=\"362\">Fim do per\u00edodo para entrega da vers\u00e3o escrita dos TCCs (3 c\u00f3pias)<\/td>\n<\/tr>\n<tr>\n<td width=\"94\">19\/12\/16 a 1\u00ba\/03\/17<\/td>\n<td width=\"362\">Per\u00edodo destinado \u00e0s f\u00e9rias (15 dias, SEM fracionar ou estender)<\/td>\n<\/tr>\n<tr>\n<td width=\"94\">1\u00ba-15\/12<\/td>\n<td width=\"362\">Per\u00edodo prov\u00e1vel para Sele\u00e7\u00e3o 2016<\/td>\n<\/tr>\n<tr>\n<td width=\"94\"><strong>Mar\u00e7o 2017<\/strong><\/td>\n<td width=\"362\">T\u00e9rmino do prazo de\u00a0 entrega\u00a0 TCC corrigido\u00a0 c\/ submiss\u00e3o artigo (30 dias p\u00f3s defesa)<\/td>\n<\/tr>\n<\/tbody>\n<\/table>\n<p>&nbsp;<\/p>\n","protected":false},"excerpt":{"rendered":"<p>Datas Fixas: Dia 1\u00ba de cada m\u00eas: entrega da folha de frequ\u00eancia 1\u00aa sexta-feira de cada m\u00eas: Reuni\u00e3o do NDAE &#8211;\u00a01\u00ba ter\u00e7a-feira de cada m\u00eas: Reuni\u00e3o COREMU Download\u00a0Calend\u00e1rio Resid\u00eancia Veterin\u00e1ria 2016 Download\u00a0Calend\u00e1rio ATs-Previs\u00f5es de Qualifica\u00e7\u00f5es e Defesas de Projetos-2016 Data Atividade 2016-1 mar\u00e7o T\u00e9rmino do prazo de entrega\u00a0 TCC corrigido\u00a0 c\/ submiss\u00e3o artigo (30 dias [&hellip;]<\/p>\n","protected":false},"author":500,"featured_media":0,"parent":0,"menu_order":0,"comment_status":"closed","ping_status":"closed","template":"","meta":{"footnotes":""},"class_list":["post-381","page","type-page","status-publish","hentry"],"jetpack_sharing_enabled":true,"_links":{"self":[{"href":"https:\/\/wp.ufpel.edu.br\/residenciavet\/wp-json\/wp\/v2\/pages\/381","targetHints":{"allow":["GET"]}}],"collection":[{"href":"https:\/\/wp.ufpel.edu.br\/residenciavet\/wp-json\/wp\/v2\/pages"}],"about":[{"href":"https:\/\/wp.ufpel.edu.br\/residenciavet\/wp-json\/wp\/v2\/types\/page"}],"author":[{"embeddable":true,"href":"https:\/\/wp.ufpel.edu.br\/residenciavet\/wp-json\/wp\/v2\/users\/500"}],"replies":[{"embeddable":true,"href":"https:\/\/wp.ufpel.edu.br\/residenciavet\/wp-json\/wp\/v2\/comments?post=381"}],"version-history":[{"count":8,"href":"https:\/\/wp.ufpel.edu.br\/residenciavet\/wp-json\/wp\/v2\/pages\/381\/revisions"}],"predecessor-version":[{"id":411,"href":"https:\/\/wp.ufpel.edu.br\/residenciavet\/wp-json\/wp\/v2\/pages\/381\/revisions\/411"}],"wp:attachment":[{"href":"https:\/\/wp.ufpel.edu.br\/residenciavet\/wp-json\/wp\/v2\/media?parent=381"}],"curies":[{"name":"wp","href":"https:\/\/api.w.org\/{rel}","templated":true}]}}