{"id":192,"date":"2015-04-12T03:32:15","date_gmt":"2015-04-12T06:32:15","guid":{"rendered":"https:\/\/wp.ufpel.edu.br\/residenciavet\/?page_id=192"},"modified":"2015-04-20T00:13:57","modified_gmt":"2015-04-20T03:13:57","slug":"tutorespreceptores","status":"publish","type":"page","link":"https:\/\/wp.ufpel.edu.br\/residenciavet\/tutorespreceptores\/","title":{"rendered":"Corpo T\u00e9cnico"},"content":{"rendered":"<h2>Cl\u00ednica M\u00e9dica\u00a0de Animais de Companhia<\/h2>\n<h5>Coordena\u00e7\u00e3o: Luzia Cristina Lencioni Sampaio<\/h5>\n<table width=\"647\">\n<tbody>\n<tr>\n<td width=\"217\">Preceptores<\/td>\n<td width=\"215\">Tutores<\/td>\n<td width=\"215\">Docentes<\/td>\n<\/tr>\n<tr>\n<td>Cristine Cioato Silva<\/td>\n<td>Cristiano Rosa<\/td>\n<td>Cristiano Rosa<\/td>\n<\/tr>\n<tr>\n<td>Eduardo Fontoura<\/td>\n<td>F\u00e1bio Silva da Silva<\/td>\n<td>Jos\u00e9 Carlos Padilha Pinto<\/td>\n<\/tr>\n<tr>\n<td>F\u00e1bio Silva da Silva<\/td>\n<td>Jos\u00e9 Carlos Padilha Pinto<\/td>\n<td>Luis Fernando Jatzen Gaspar<\/td>\n<\/tr>\n<tr>\n<td>Jos\u00e9 Carlos Padilha Pinto<\/td>\n<td>Luis Fernando Jatzen Gaspar<\/td>\n<td>Luzia Cristina Lencioni Sampaio<\/td>\n<\/tr>\n<tr>\n<td>Karina Guterres<\/td>\n<td>Luzia Cristina Lencioni Sampaio<\/td>\n<td>M\u00e1rcia Oliveira Nobre<\/td>\n<\/tr>\n<tr>\n<td>Luis Fernando Jatzen Gaspar<\/td>\n<td>M\u00e1rcia Oliveira Nobre<\/td>\n<td>Marlete Brum Cleff<\/td>\n<\/tr>\n<tr>\n<td>Luzia Cristina Lencioni Sampaio<\/td>\n<td>Marlete Brum Cleff<\/td>\n<td><\/td>\n<\/tr>\n<tr>\n<td>M\u00e1rcia Oliveira Nobre<\/td>\n<td><\/td>\n<td><\/td>\n<\/tr>\n<tr>\n<td>Marlete Brum Cleff<\/td>\n<td><\/td>\n<td><\/td>\n<\/tr>\n<\/tbody>\n<\/table>\n<p>&nbsp;<\/p>\n<hr \/>\n<h2>Cl\u00ednica M\u00e9dica\u00a0de Animais de Companhia<\/h2>\n<h5>Coordena\u00e7\u00e3o:\u00a0Eduardo Santiago Ventura Aguiar<\/h5>\n<table width=\"647\">\n<tbody>\n<tr>\n<td width=\"217\">Preceptores<\/td>\n<td width=\"215\">Tutores<\/td>\n<td width=\"215\">Docentes<\/td>\n<\/tr>\n<tr>\n<td>Eduardo Santiago Ventura Aguiar<\/td>\n<td>Eduardo Santiago Ventura Aguiar<\/td>\n<td>Eduardo Santiago Ventura Aguiar<\/td>\n<\/tr>\n<tr>\n<td>Josaine Cristina da Silva Rapetti<\/td>\n<td>Fabricio Arigony Braga<\/td>\n<td>Fabricio Arigony Braga<\/td>\n<\/tr>\n<tr>\n<td>ThomasNormanton Guim<\/td>\n<td>Josaine Cristina da Silva Rapetti<\/td>\n<td>Josaine Cristina da Silva Rapetti<\/td>\n<\/tr>\n<tr>\n<td><\/td>\n<td>ThomasNormanton Guim<\/td>\n<td>ThomasNormanton Guim<\/td>\n<\/tr>\n<\/tbody>\n<\/table>\n<h2><\/h2>\n<hr \/>\n<h2>Cl\u00ednica M\u00e9dica de Equinos<\/h2>\n<h5>\u00a0Coordena\u00e7\u00e3o: Bruna da Rosa Curcio<\/h5>\n<table width=\"647\">\n<tbody>\n<tr>\n<td width=\"217\">Preceptores<\/td>\n<td width=\"215\">Tutores<\/td>\n<td width=\"215\">Docentes<\/td>\n<\/tr>\n<tr>\n<td>Alice<\/td>\n<td>Bruna da Rosa Curcio<\/td>\n<td>Bruna da Rosa Curcio<\/td>\n<\/tr>\n<tr>\n<td>Bruna da Rosa Curcio<\/td>\n<td>Carlos Eduardo Wayne Nogueira<\/td>\n<td>Carlos Eduardo Wayne Nogueira<\/td>\n<\/tr>\n<tr>\n<td>Carlos Eduardo Wayne Nogueira<\/td>\n<td>Charles Ferreira Martins<\/td>\n<td>Charles Ferreira Martins<\/td>\n<\/tr>\n<tr>\n<td>Charles Ferreira Martins<\/td>\n<td><\/td>\n<td><\/td>\n<\/tr>\n<tr>\n<td>Fernanda Maria Pazzinato<\/td>\n<td><\/td>\n<td><\/td>\n<\/tr>\n<tr>\n<td>Patr\u00edcia<\/td>\n<td><\/td>\n<td><\/td>\n<\/tr>\n<\/tbody>\n<\/table>\n<hr \/>\n<h2>\u00a0Cl\u00ednica M\u00e9dica em Ruminantes<\/h2>\n<h5>Coordena\u00e7\u00e3o: Viviane R\u00f6hrig Rabassa<\/h5>\n<table width=\"647\">\n<tbody>\n<tr>\n<td width=\"217\">Preceptores<\/td>\n<td width=\"215\">Tutores<\/td>\n<td width=\"215\">Docentes<\/td>\n<\/tr>\n<tr>\n<td>Eduardo Schmitt<\/td>\n<td>Eduardo Schmitt<\/td>\n<td>Eduardo Schmitt<\/td>\n<\/tr>\n<tr>\n<td>Marcio Nunes Correa<\/td>\n<td>Marcio Nunes Correa<\/td>\n<td>Marcio Nunes Correa<\/td>\n<\/tr>\n<tr>\n<td>Maria Am\u00e9lia Agnes Weiller<\/td>\n<td>Viviane Rohrig Rabassa<\/td>\n<td>Viviane Rohrig Rabassa<\/td>\n<\/tr>\n<tr>\n<td>Paula Montagner<\/td>\n<td><\/td>\n<td><\/td>\n<\/tr>\n<tr>\n<td>Viviane Rohrig Rabassa<\/td>\n<td><\/td>\n<td><\/td>\n<\/tr>\n<\/tbody>\n<\/table>\n<hr \/>\n<h2>Doen\u00e7as e Zoonoses Parasit\u00e1rias<\/h2>\n<h5>\u00a0Coordena\u00e7\u00e3o:\u00a0Diego Moscarelli Pinto<\/h5>\n<table width=\"647\">\n<tbody>\n<tr>\n<td width=\"217\">Preceptores<\/td>\n<td width=\"215\">Tutores<\/td>\n<td width=\"215\">Docentes<\/td>\n<\/tr>\n<tr>\n<td>Alceu Gon\u00e7alves dos Santos J\u00fanior<\/td>\n<td>Diego Moscarelli Pinto<\/td>\n<td>Claudiomar Soares Brod<\/td>\n<\/tr>\n<tr>\n<td>Diego Moscarelli Pinto<\/td>\n<td>Leandro Quintana Nizoli<\/td>\n<td>Diego Moscarelli Pinto<\/td>\n<\/tr>\n<tr>\n<td>Iuri Vladimir Pioly Marmitt<\/td>\n<td>Sergio Silva da Silva<\/td>\n<td>Everton Fagonde Silva<\/td>\n<\/tr>\n<tr>\n<td>Leandro Quintana Nizoli<\/td>\n<td>T\u00e2nia Regina Bettin dos Santos<\/td>\n<td>Leandro Quintana Nizoli<\/td>\n<\/tr>\n<tr>\n<td>Samuel Rodrigues F\u00e9lix<\/td>\n<td><\/td>\n<td>Sergio Silva da Silva<\/td>\n<\/tr>\n<tr>\n<td>Sergio Silva da Silva<\/td>\n<td><\/td>\n<td>T\u00e2nia Regina Bettin dos Santos<\/td>\n<\/tr>\n<tr>\n<td>T\u00e2nia Regina Bettin dos Santos<\/td>\n<td><\/td>\n<td><\/td>\n<\/tr>\n<\/tbody>\n<\/table>\n<hr \/>\n<h2>Imagenologia<\/h2>\n<h5>Coordena\u00e7\u00e3o:\u00a0Guilherme Albuquerque de Oliveira Cavalcanti<\/h5>\n<table width=\"647\">\n<tbody>\n<tr>\n<td width=\"217\">Preceptores<\/td>\n<td width=\"215\">Tutores<\/td>\n<td width=\"215\">Docentes<\/td>\n<\/tr>\n<tr>\n<td>Guilherme A. Oliveira Cavalcanti<\/td>\n<td>Guilherme A. Oliveira Cavalcanti<\/td>\n<td>Guilherme A. Oliveira Cavalcanti<\/td>\n<\/tr>\n<tr>\n<td>Luiz Paiva Carapeto<\/td>\n<td>Luiz Paiva Carapeto<\/td>\n<td>Luiz Paiva Carapeto<\/td>\n<\/tr>\n<tr>\n<td>Claudia Giordani<\/td>\n<td><\/td>\n<td><\/td>\n<\/tr>\n<\/tbody>\n<\/table>\n<hr \/>\n<h2>Med Veterin\u00e1ria Preventiva: Inspe\u00e7\u00e3o de Leite e Derivados<\/h2>\n<h5>\u00a0Coordena\u00e7\u00e3o:\u00a0Cl\u00e1udio Dias Timm<\/h5>\n<table width=\"647\">\n<tbody>\n<tr>\n<td width=\"217\">Preceptores<\/td>\n<td width=\"215\">Tutores<\/td>\n<td width=\"215\">Docentes<\/td>\n<\/tr>\n<tr>\n<td>Cl\u00e1udio Dias Timm<\/td>\n<td>Camile Milan<\/td>\n<td>Cl\u00e1udio Dias Timm<\/td>\n<\/tr>\n<tr>\n<td>Helenice Gonzales de Lima<\/td>\n<td>Cl\u00e1udio Dias Timm<\/td>\n<td>Helenice Gonzales de Lima<\/td>\n<\/tr>\n<tr>\n<td>Mirela anselmo<\/td>\n<td>Helenice Gonzales de Lima<\/td>\n<td>Natacha Deboni Cereser<\/td>\n<\/tr>\n<tr>\n<td>Natacha Deboni Cereser<\/td>\n<td>Lauren Machado Moreira<\/td>\n<td><\/td>\n<\/tr>\n<tr>\n<td>Talita Schneid Tejada<\/td>\n<td>Natacha Deboni Cereser<\/td>\n<td><\/td>\n<\/tr>\n<tr>\n<td>Valmor Lansini<\/td>\n<td><\/td>\n<td><\/td>\n<\/tr>\n<\/tbody>\n<\/table>\n<hr \/>\n<h2>Medicina Veterin\u00e1ria Preventiva:\u00a0Sa\u00fade Coletiva<\/h2>\n<h5>Coordena\u00e7\u00e3o: Fernanda Rezende Pinto<\/h5>\n<table width=\"647\">\n<tbody>\n<tr>\n<td width=\"217\">Preceptores<\/td>\n<td width=\"215\">Tutores<\/td>\n<td width=\"215\">Docentes<\/td>\n<\/tr>\n<tr>\n<td>Ana Beatriz Schaffe (SMS)<\/td>\n<td>Fernanda Rezende Pinto<\/td>\n<td>Fernanda Rezende Pinto<\/td>\n<\/tr>\n<tr>\n<td>Fernanda Rezende Pinto<\/td>\n<td>Fernando da Silva Bandeira<\/td>\n<td>Fernando da Silva Bandeira<\/td>\n<\/tr>\n<tr>\n<td>Fernando da Silva Bandeira<\/td>\n<td>Jo\u00e3o Luiz Zani<\/td>\n<td>Jo\u00e3o Luiz Zani<\/td>\n<\/tr>\n<tr>\n<td>Giovani Girolometto<\/td>\n<td>Luiz Filipe Dam\u00e9 Schuch<\/td>\n<td>Luiz Filipe Dam\u00e9 Schuch<\/td>\n<\/tr>\n<tr>\n<td>Jo\u00e3o Luiz Zani<\/td>\n<td><\/td>\n<td><\/td>\n<\/tr>\n<tr>\n<td>Luiz Filipe Dam\u00e9 Schuch<\/td>\n<td><\/td>\n<td><\/td>\n<\/tr>\n<tr>\n<td>Marta Fernanda Fehlberg<\/td>\n<td><\/td>\n<td><\/td>\n<\/tr>\n<tr>\n<td>Roberta Motta da Silva<\/td>\n<td><\/td>\n<td><\/td>\n<\/tr>\n<tr>\n<td>T\u00e1ssia Gomes Guimar\u00e3es<\/td>\n<td><\/td>\n<td><\/td>\n<\/tr>\n<\/tbody>\n<\/table>\n<hr \/>\n<h2>Patologia Animal<\/h2>\n<h5>Coordena\u00e7\u00e3o: Margarida Buss Raffi<\/h5>\n<table width=\"647\">\n<tbody>\n<tr>\n<td width=\"217\">Preceptores<\/td>\n<td width=\"215\">Tutores<\/td>\n<td width=\"215\">Docentes<\/td>\n<\/tr>\n<tr>\n<td>Ana Lucia Schild<\/td>\n<td>Ana Lucia Schild<\/td>\n<td>Eliza Simone Vi\u00e9gas Sallis<\/td>\n<\/tr>\n<tr>\n<td>Eliza Simone Vi\u00e9gas Sallis<\/td>\n<td>Eliza Simone Vi\u00e9gas Sallis<\/td>\n<td>Fabiane Borelli Grecco<\/td>\n<\/tr>\n<tr>\n<td>Fabiane Borelli Grecco<\/td>\n<td>Fabiane Borelli Grecco<\/td>\n<td>Josiane Bonel<\/td>\n<\/tr>\n<tr>\n<td>Josiane Bonel<\/td>\n<td>Josiane Bonel<\/td>\n<td>Margarida Buss Raffi<\/td>\n<\/tr>\n<tr>\n<td>Margarida Buss Raffi<\/td>\n<td>Margarida Buss Raffi<\/td>\n<td>Mariana Tillmann<\/td>\n<\/tr>\n<tr>\n<td>Mariana Tillmann<\/td>\n<td>Mariana Tillmann<\/td>\n<td><\/td>\n<\/tr>\n<tr>\n<td>Mauro Pereira Soares<\/td>\n<td>Mauro Pereira Soares<\/td>\n<td><\/td>\n<\/tr>\n<\/tbody>\n<\/table>\n<p>&nbsp;<\/p>\n<hr \/>\n<h2>Patologia\u00a0Cl\u00ednica<\/h2>\n<h5>Coordena\u00e7\u00e3o: Carmem Lucia Garcez Ribeiro<\/h5>\n<table width=\"647\">\n<tbody>\n<tr>\n<td width=\"217\">Preceptores<\/td>\n<td width=\"215\">Tutores<\/td>\n<td width=\"215\">Docentes<\/td>\n<\/tr>\n<tr>\n<td>Carmem Lucia Garcez Ribeiro<\/td>\n<td>Carmem Lucia Garcez Ribeiro<\/td>\n<td>Carmem Lucia Garcez Ribeiro<\/td>\n<\/tr>\n<tr>\n<td>Ana Raquel Mano Meinerz<\/td>\n<td>Ana Raquel Mano Meinerz<\/td>\n<td>Ana Raquel Mano Meinerz<\/td>\n<\/tr>\n<tr>\n<td>Luis Fernando Jantzen Gaspar<\/td>\n<td>Luis Fernando Jantzen Gaspar<\/td>\n<td>Luis Fernando Jantzen Gaspar<\/td>\n<\/tr>\n<tr>\n<td>Luis Eduardo Barcelos Krause<\/td>\n<td>Luis Eduardo Barcelos Krause<\/td>\n<td>Luzia Cristina Lencione Sampaio<\/td>\n<\/tr>\n<\/tbody>\n<\/table>\n<p>&nbsp;<\/p>\n","protected":false},"excerpt":{"rendered":"<p>Cl\u00ednica M\u00e9dica\u00a0de Animais de Companhia Coordena\u00e7\u00e3o: Luzia Cristina Lencioni Sampaio Preceptores Tutores Docentes Cristine Cioato Silva Cristiano Rosa Cristiano Rosa Eduardo Fontoura F\u00e1bio Silva da Silva Jos\u00e9 Carlos Padilha Pinto F\u00e1bio Silva da Silva Jos\u00e9 Carlos Padilha Pinto Luis Fernando Jatzen Gaspar Jos\u00e9 Carlos Padilha Pinto Luis Fernando Jatzen Gaspar Luzia Cristina Lencioni Sampaio Karina [&hellip;]<\/p>\n","protected":false},"author":500,"featured_media":0,"parent":0,"menu_order":0,"comment_status":"closed","ping_status":"closed","template":"page-without-sidebar.php","meta":{"footnotes":""},"class_list":["post-192","page","type-page","status-publish","hentry"],"jetpack_sharing_enabled":true,"_links":{"self":[{"href":"https:\/\/wp.ufpel.edu.br\/residenciavet\/wp-json\/wp\/v2\/pages\/192","targetHints":{"allow":["GET"]}}],"collection":[{"href":"https:\/\/wp.ufpel.edu.br\/residenciavet\/wp-json\/wp\/v2\/pages"}],"about":[{"href":"https:\/\/wp.ufpel.edu.br\/residenciavet\/wp-json\/wp\/v2\/types\/page"}],"author":[{"embeddable":true,"href":"https:\/\/wp.ufpel.edu.br\/residenciavet\/wp-json\/wp\/v2\/users\/500"}],"replies":[{"embeddable":true,"href":"https:\/\/wp.ufpel.edu.br\/residenciavet\/wp-json\/wp\/v2\/comments?post=192"}],"version-history":[{"count":10,"href":"https:\/\/wp.ufpel.edu.br\/residenciavet\/wp-json\/wp\/v2\/pages\/192\/revisions"}],"predecessor-version":[{"id":218,"href":"https:\/\/wp.ufpel.edu.br\/residenciavet\/wp-json\/wp\/v2\/pages\/192\/revisions\/218"}],"wp:attachment":[{"href":"https:\/\/wp.ufpel.edu.br\/residenciavet\/wp-json\/wp\/v2\/media?parent=192"}],"curies":[{"name":"wp","href":"https:\/\/api.w.org\/{rel}","templated":true}]}}